芝麻web文件管理V1.00
编辑当前文件:/home/pulsehostuk9/access-logs/ebpt.pulsehost.co.uk-ssl_log
27.115.124.97 - - [24/May/2025:13:03:47 +0000] "GET / HTTP/1.1" 301 0 "-" "Mozilla/5.0 (Macintosh; Intel Mac OS X 10_15_7) AppleWebKit/537.36 (KHTML, like Gecko) Chrome/120.0.0.0 Safari/537.36 Edg/120.0.0.0"
45.85.88.115 - - [24/May/2025:13:04:17 +0000] "POST /wp-cron.php?doing_wp_cron=1748091857.3440918922424316406250 HTTP/1.1" 200 0 "-" "WordPress/6.8.1; https://ebpt.pulsehost.co.uk"
27.115.124.104 - - [24/May/2025:13:04:16 +0000] "GET /sitemap.xml HTTP/1.1" 301 0 "-" "Mozilla/5.0 (Macintosh; Intel Mac OS X 10_7_0) AppleWebKit/535.11 (KHTML, like Gecko) Chrome/17.0.963.56 Safari/535.11"
45.85.88.115 - - [24/May/2025:13:03:49 +0000] "POST /wp-cron.php?doing_wp_cron=1748091829.2750480175018310546875 HTTP/1.1" 200 0 "-" "WordPress/6.8.1; https://ebpt.pulsehost.co.uk"
27.115.124.97 - - [24/May/2025:13:04:03 +0000] "GET /favicon.ico HTTP/1.1" 404 1251 "-" "Mozilla/5.0 (Macintosh; Intel Mac OS X 10_7_0) AppleWebKit/535.11 (KHTML, like Gecko) Chrome/17.0.963.56 Safari/535.11"
27.115.124.2 - - [24/May/2025:13:04:04 +0000] "GET /robots.txt HTTP/1.1" 301 0 "-" "Mozilla/5.0 (Macintosh; Intel Mac OS X 10_7_0) AppleWebKit/535.11 (KHTML, like Gecko) Chrome/17.0.963.56 Safari/535.11"
27.115.124.2 - - [24/May/2025:13:04:18 +0000] "GET /wp-sitemap.xml HTTP/1.1" 200 356 "https://www.ebpt.pulsehost.co.uk/sitemap.xml" "Mozilla/5.0 (Macintosh; Intel Mac OS X 10_7_0) AppleWebKit/535.11 (KHTML, like Gecko) Chrome/17.0.963.56 Safari/535.11"
45.85.88.115 - - [24/May/2025:14:07:39 +0000] "POST /wp-cron.php?doing_wp_cron=1748095659.1347970962524414062500 HTTP/1.1" 200 0 "-" "WordPress/6.8.1; https://ebpt.pulsehost.co.uk"
101.199.254.238 - - [24/May/2025:14:07:54 +0000] "GET /favicon.ico HTTP/1.1" 404 1251 "-" "Mozilla/5.0 (Macintosh; Intel Mac OS X 10_7_0) AppleWebKit/535.11 (KHTML, like Gecko) Chrome/17.0.963.56 Safari/535.11"
101.199.254.209 - - [24/May/2025:14:08:04 +0000] "GET /robots.txt HTTP/1.1" 200 163 "https://www.ebpt.pulsehost.co.uk/robots.txt" "Mozilla/5.0 (Macintosh; Intel Mac OS X 10_7_0) AppleWebKit/535.11 (KHTML, like Gecko) Chrome/17.0.963.56 Safari/535.11"
101.199.254.233 - - [24/May/2025:14:07:38 +0000] "GET / HTTP/1.1" 301 0 "-" "Mozilla/5.0 (Macintosh; Intel Mac OS X 10_15_7) AppleWebKit/537.36 (KHTML, like Gecko) Chrome/120.0.0.0 Safari/537.36 Edg/120.0.0.0"
101.199.254.208 - - [24/May/2025:14:07:59 +0000] "GET /robots.txt HTTP/1.1" 301 0 "-" "Mozilla/5.0 (Macintosh; Intel Mac OS X 10_7_0) AppleWebKit/535.11 (KHTML, like Gecko) Chrome/17.0.963.56 Safari/535.11"
45.85.88.115 - - [24/May/2025:14:08:10 +0000] "POST /wp-cron.php?doing_wp_cron=1748095690.2473070621490478515625 HTTP/1.1" 200 0 "-" "WordPress/6.8.1; https://ebpt.pulsehost.co.uk"
101.199.254.238 - - [24/May/2025:14:08:09 +0000] "GET /sitemap.xml HTTP/1.1" 301 0 "-" "Mozilla/5.0 (Macintosh; Intel Mac OS X 10_7_0) AppleWebKit/535.11 (KHTML, like Gecko) Chrome/17.0.963.56 Safari/535.11"
170.39.218.60 - - [24/May/2025:15:21:31 +0000] "GET /wp-content/plugins/woocommerce/assets/js/frontend/cart-fragments.min.js HTTP/1.1" 200 943 "-" "Mozilla/5.0 (Windows NT 10.0; Win64; x64) AppleWebKit/537.36 Chrome/121.0.0.0"
170.39.218.60 - - [24/May/2025:15:29:09 +0000] "GET /wp-content/plugins/woocommerce/assets/js/jquery-blockui/jquery.blockUI.min.js HTTP/1.1" 200 3277 "-" "Mozilla/5.0 (Windows NT 10.0; Win64; x64) AppleWebKit/537.36 Chrome/121.0.0.0"
170.39.218.60 - - [24/May/2025:15:59:13 +0000] "GET /wp-includes/js/backbone.min.js HTTP/1.1" 200 7832 "-" "Mozilla/5.0 (Windows NT 10.0; Win64; x64) AppleWebKit/537.36 Chrome/121.0.0.0"
170.39.218.60 - - [24/May/2025:18:57:17 +0000] "GET /wp-content/plugins/elementor/assets/css/widget-counter.min.css HTTP/1.1" 200 235 "-" "Mozilla/5.0 (Macintosh; Intel Mac OS X 10_15_7) AppleWebKit/537.36 Chrome/120.0.0.0"
170.39.218.60 - - [24/May/2025:19:55:21 +0000] "GET /wp-content/plugins/woo-smart-compare/assets/libs/perfect-scrollbar/css/perfect-scrollbar.min.css HTTP/1.1" 200 509 "-" "Mozilla/5.0 (Macintosh; Intel Mac OS X 10_15_7) AppleWebKit/537.36 Chrome/120.0.0.0"
93.123.109.101 - - [24/May/2025:20:18:39 +0000] "GET /.env HTTP/1.1" 404 29651 "-" "Mozilla/5.0 (X11; Linux x86_64) AppleWebKit/537.36 (KHTML, like Gecko) Chrome/81.0.4044.129 Safari/537.36"
93.123.109.101 - - [24/May/2025:20:18:41 +0000] "GET /.env.prod HTTP/1.1" 404 29650 "-" "Mozilla/5.0 (X11; Linux x86_64) AppleWebKit/537.36 (KHTML, like Gecko) Chrome/81.0.4044.129 Safari/537.36"
93.123.109.101 - - [24/May/2025:20:18:42 +0000] "GET /dev/.env HTTP/1.1" 404 29646 "-" "Mozilla/5.0 (X11; Linux x86_64) AppleWebKit/537.36 (KHTML, like Gecko) Chrome/81.0.4044.129 Safari/537.36"
93.123.109.101 - - [24/May/2025:20:18:44 +0000] "GET /phpinfo HTTP/1.1" 404 29649 "-" "Mozilla/5.0 (X11; Linux x86_64) AppleWebKit/537.36 (KHTML, like Gecko) Chrome/81.0.4044.129 Safari/537.36"
93.123.109.101 - - [24/May/2025:20:18:53 +0000] "GET /firebase-config.js HTTP/1.1" 404 29656 "-" "Mozilla/5.0 (X11; Linux x86_64) AppleWebKit/537.36 (KHTML, like Gecko) Chrome/81.0.4044.129 Safari/537.36"
93.123.109.101 - - [24/May/2025:20:18:54 +0000] "GET /settings.js HTTP/1.1" 404 29635 "-" "Mozilla/5.0 (X11; Linux x86_64) AppleWebKit/537.36 (KHTML, like Gecko) Chrome/81.0.4044.129 Safari/537.36"
93.123.109.101 - - [24/May/2025:20:18:55 +0000] "GET /app-settings.js HTTP/1.1" 404 29650 "-" "Mozilla/5.0 (X11; Linux x86_64) AppleWebKit/537.36 (KHTML, like Gecko) Chrome/81.0.4044.129 Safari/537.36"
93.123.109.101 - - [24/May/2025:20:18:56 +0000] "GET /credentials.json HTTP/1.1" 404 29659 "-" "Mozilla/5.0 (X11; Linux x86_64) AppleWebKit/537.36 (KHTML, like Gecko) Chrome/81.0.4044.129 Safari/537.36"
93.123.109.101 - - [24/May/2025:20:18:58 +0000] "GET /manifest.json HTTP/1.1" 404 29654 "-" "Mozilla/5.0 (X11; Linux x86_64) AppleWebKit/537.36 (KHTML, like Gecko) Chrome/81.0.4044.129 Safari/537.36"
93.123.109.101 - - [24/May/2025:20:18:59 +0000] "GET /js/config.js HTTP/1.1" 404 29646 "-" "Mozilla/5.0 (X11; Linux x86_64) AppleWebKit/537.36 (KHTML, like Gecko) Chrome/81.0.4044.129 Safari/537.36"
93.123.109.101 - - [24/May/2025:20:19:01 +0000] "GET /js/app.js HTTP/1.1" 404 29642 "-" "Mozilla/5.0 (X11; Linux x86_64) AppleWebKit/537.36 (KHTML, like Gecko) Chrome/81.0.4044.129 Safari/537.36"
93.123.109.101 - - [24/May/2025:20:19:02 +0000] "GET /assets/env.js HTTP/1.1" 404 29655 "-" "Mozilla/5.0 (X11; Linux x86_64) AppleWebKit/537.36 (KHTML, like Gecko) Chrome/81.0.4044.129 Safari/537.36"
93.123.109.101 - - [24/May/2025:20:19:03 +0000] "GET /assets/config.js HTTP/1.1" 404 29651 "-" "Mozilla/5.0 (X11; Linux x86_64) AppleWebKit/537.36 (KHTML, like Gecko) Chrome/81.0.4044.129 Safari/537.36"
93.123.109.101 - - [24/May/2025:20:19:04 +0000] "GET /assets/settings.js HTTP/1.1" 404 29655 "-" "Mozilla/5.0 (X11; Linux x86_64) AppleWebKit/537.36 (KHTML, like Gecko) Chrome/81.0.4044.129 Safari/537.36"
45.85.88.115 - - [24/May/2025:20:18:40 +0000] "POST /wp-cron.php?doing_wp_cron=1748117920.1122560501098632812500 HTTP/1.1" 200 0 "-" "WordPress/6.8.1; https://ebpt.pulsehost.co.uk"
93.123.109.101 - - [24/May/2025:20:18:40 +0000] "GET /.env.save HTTP/1.1" 404 29660 "-" "Mozilla/5.0 (X11; Linux x86_64) AppleWebKit/537.36 (KHTML, like Gecko) Chrome/81.0.4044.129 Safari/537.36"
93.123.109.101 - - [24/May/2025:20:18:41 +0000] "GET /api/.env HTTP/1.1" 404 29651 "-" "Mozilla/5.0 (X11; Linux x86_64) AppleWebKit/537.36 (KHTML, like Gecko) Chrome/81.0.4044.129 Safari/537.36"
93.123.109.101 - - [24/May/2025:20:18:43 +0000] "GET /application/.env HTTP/1.1" 404 29643 "-" "Mozilla/5.0 (X11; Linux x86_64) AppleWebKit/537.36 (KHTML, like Gecko) Chrome/81.0.4044.129 Safari/537.36"
93.123.109.101 - - [24/May/2025:20:18:44 +0000] "GET /phpinfo.php HTTP/1.1" 404 29652 "-" "Mozilla/5.0 (X11; Linux x86_64) AppleWebKit/537.36 (KHTML, like Gecko) Chrome/81.0.4044.129 Safari/537.36"
93.123.109.101 - - [24/May/2025:20:18:45 +0000] "GET /php_info.php HTTP/1.1" 404 29657 "-" "Mozilla/5.0 (X11; Linux x86_64) AppleWebKit/537.36 (KHTML, like Gecko) Chrome/81.0.4044.129 Safari/537.36"
93.123.109.101 - - [24/May/2025:20:18:49 +0000] "GET /_profiler/phpinfo HTTP/1.1" 404 29654 "-" "Mozilla/5.0 (X11; Linux x86_64) AppleWebKit/537.36 (KHTML, like Gecko) Chrome/81.0.4044.129 Safari/537.36"
93.123.109.101 - - [24/May/2025:20:18:50 +0000] "GET /env.js HTTP/1.1" 404 29657 "-" "Mozilla/5.0 (X11; Linux x86_64) AppleWebKit/537.36 (KHTML, like Gecko) Chrome/81.0.4044.129 Safari/537.36"
93.123.109.101 - - [24/May/2025:20:18:50 +0000] "GET /runtime-env.js HTTP/1.1" 404 29650 "-" "Mozilla/5.0 (X11; Linux x86_64) AppleWebKit/537.36 (KHTML, like Gecko) Chrome/81.0.4044.129 Safari/537.36"
93.123.109.101 - - [24/May/2025:20:18:51 +0000] "GET /config.js HTTP/1.1" 404 29659 "-" "Mozilla/5.0 (X11; Linux x86_64) AppleWebKit/537.36 (KHTML, like Gecko) Chrome/81.0.4044.129 Safari/537.36"
93.123.109.101 - - [24/May/2025:20:18:52 +0000] "GET /aws-exports.js HTTP/1.1" 404 29656 "-" "Mozilla/5.0 (X11; Linux x86_64) AppleWebKit/537.36 (KHTML, like Gecko) Chrome/81.0.4044.129 Safari/537.36"
93.123.109.101 - - [24/May/2025:20:18:53 +0000] "GET /firebase.js HTTP/1.1" 404 29642 "-" "Mozilla/5.0 (X11; Linux x86_64) AppleWebKit/537.36 (KHTML, like Gecko) Chrome/81.0.4044.129 Safari/537.36"
93.123.109.101 - - [24/May/2025:20:18:56 +0000] "GET /config.json HTTP/1.1" 404 29646 "-" "Mozilla/5.0 (X11; Linux x86_64) AppleWebKit/537.36 (KHTML, like Gecko) Chrome/81.0.4044.129 Safari/537.36"
93.123.109.101 - - [24/May/2025:20:18:57 +0000] "GET /secrets.json HTTP/1.1" 404 29660 "-" "Mozilla/5.0 (X11; Linux x86_64) AppleWebKit/537.36 (KHTML, like Gecko) Chrome/81.0.4044.129 Safari/537.36"
93.123.109.101 - - [24/May/2025:20:18:59 +0000] "GET /js/env.js HTTP/1.1" 404 29654 "-" "Mozilla/5.0 (X11; Linux x86_64) AppleWebKit/537.36 (KHTML, like Gecko) Chrome/81.0.4044.129 Safari/537.36"
93.123.109.101 - - [24/May/2025:20:19:00 +0000] "GET /js/settings.js HTTP/1.1" 404 29639 "-" "Mozilla/5.0 (X11; Linux x86_64) AppleWebKit/537.36 (KHTML, like Gecko) Chrome/81.0.4044.129 Safari/537.36"
45.85.88.115 - - [24/May/2025:20:19:05 +0000] "POST /wp-cron.php?doing_wp_cron=1748117945.4213500022888183593750 HTTP/1.1" 200 0 "-" "WordPress/6.8.1; https://ebpt.pulsehost.co.uk"
93.123.109.101 - - [24/May/2025:20:19:04 +0000] "POST / HTTP/1.1" 200 49604 "-" "Mozilla/5.0 (X11; Linux x86_64) AppleWebKit/537.36 (KHTML, like Gecko) Chrome/81.0.4044.129 Safari/537.36"
45.85.88.115 - - [24/May/2025:23:26:22 +0000] "GET / HTTP/1.1" 200 37343 "-" "WordPress/6.8.1; https://ebpt.pulsehost.co.uk"
45.85.88.115 - - [24/May/2025:23:26:24 +0000] "POST /wp-admin/admin-ajax.php?action=wp_1_wc_privacy_cleanup&nonce=1073b68814 HTTP/1.1" 200 0 "-" "WordPress/6.8.1; https://ebpt.pulsehost.co.uk"
205.210.31.171 - - [24/May/2025:23:26:20 +0000] "GET / HTTP/1.1" 200 254810 "http://45.85.88.115:80/" "-"
45.85.88.115 - - [24/May/2025:23:26:21 +0000] "GET / HTTP/1.1" 200 37364 "-" "WordPress/6.8.1; https://ebpt.pulsehost.co.uk"
45.85.88.115 - - [24/May/2025:23:26:22 +0000] "GET / HTTP/1.1" 200 37364 "-" "WordPress/6.8.1; https://ebpt.pulsehost.co.uk"
45.85.88.115 - - [24/May/2025:23:26:23 +0000] "GET / HTTP/1.1" 200 37365 "-" "WordPress/6.8.1; https://ebpt.pulsehost.co.uk"
170.39.218.60 - - [25/May/2025:02:56:00 +0000] "GET /wp-content/plugins/wp-events-manager/assets/css/frontend/events.min.css HTTP/1.1" 200 1189 "-" "Mozilla/5.0 (Macintosh; Intel Mac OS X 10_15_7) AppleWebKit/537.36 Chrome/120.0.0.0"
170.39.218.60 - - [25/May/2025:03:34:53 +0000] "GET /wp-content/plugins/elementor/assets/css/frontend.min.css HTTP/1.1" 200 6871 "-" "Mozilla/5.0 (Macintosh; Intel Mac OS X 10_15_7) AppleWebKit/537.36 Chrome/120.0.0.0"
64.225.75.246 - - [25/May/2025:03:38:40 +0000] "GET / HTTP/1.1" 301 0 "-" "-"
64.225.75.246 - - [25/May/2025:03:38:41 +0000] "GET /@vite/env HTTP/1.1" 301 0 "-" "Go-http-client/1.1"
64.225.75.246 - - [25/May/2025:03:38:43 +0000] "GET /.vscode/sftp.json HTTP/1.1" 301 0 "-" "Go-http-client/1.1"
64.225.75.246 - - [25/May/2025:03:38:44 +0000] "GET /about HTTP/1.1" 301 0 "-" "Go-http-client/1.1"
64.225.75.246 - - [25/May/2025:03:38:46 +0000] "GET /server-status HTTP/1.1" 301 0 "-" "Go-http-client/1.1"
64.225.75.246 - - [25/May/2025:03:38:47 +0000] "GET /login.action HTTP/1.1" 301 0 "-" "Go-http-client/1.1"
64.225.75.246 - - [25/May/2025:03:38:48 +0000] "GET /.DS_Store HTTP/1.1" 301 0 "-" "Go-http-client/1.1"
64.225.75.246 - - [25/May/2025:03:38:49 +0000] "GET /s/531313e28383e25383e25343/_/;/META-INF/maven/com.atlassian.jira/jira-webapp-dist/pom.properties HTTP/1.1" 301 0 "-" "Go-http-client/1.1"
64.225.75.246 - - [25/May/2025:03:38:50 +0000] "GET /config.json HTTP/1.1" 301 0 "-" "Go-http-client/1.1"
64.225.75.246 - - [25/May/2025:03:38:51 +0000] "GET /?rest_route=/wp/v2/users/ HTTP/1.1" 200 599 "-" "Go-http-client/1.1"
45.85.88.115 - - [25/May/2025:03:38:40 +0000] "POST /wp-cron.php?doing_wp_cron=1748144320.5909669399261474609375 HTTP/1.1" 200 0 "-" "WordPress/6.8.1; https://ebpt.pulsehost.co.uk"
64.225.75.246 - - [25/May/2025:03:38:41 +0000] "GET / HTTP/1.1" 301 0 "-" "Mozilla/5.0 (Linux; Android 6.0; HTC One M9 Build/MRA71357) AppleWebKit/537.36 (KHTML, like Gecko) Chrome/52.0.7605.98 Mobile Safari/537.3"
64.225.75.246 - - [25/May/2025:03:38:42 +0000] "GET /actuator/env HTTP/1.1" 301 0 "-" "Go-http-client/1.1"
64.225.75.246 - - [25/May/2025:03:38:42 +0000] "GET /server HTTP/1.1" 301 0 "-" "Go-http-client/1.1"
64.225.75.246 - - [25/May/2025:03:38:44 +0000] "GET /debug/default/view?panel=config HTTP/1.1" 301 0 "-" "Go-http-client/1.1"
64.225.75.246 - - [25/May/2025:03:38:45 +0000] "GET /v2/_catalog HTTP/1.1" 301 0 "-" "Go-http-client/1.1"
64.225.75.246 - - [25/May/2025:03:38:45 +0000] "GET /ecp/Current/exporttool/microsoft.exchange.ediscovery.exporttool.application HTTP/1.1" 301 0 "-" "Go-http-client/1.1"
64.225.75.246 - - [25/May/2025:03:38:47 +0000] "GET /_all_dbs HTTP/1.1" 301 0 "-" "Mozilla/5.0 (l9scan/2.0.531313e28383e25383e25343; +https://leakix.net)"
64.225.75.246 - - [25/May/2025:03:38:48 +0000] "GET /.env HTTP/1.1" 301 0 "-" "Go-http-client/1.1"
64.225.75.246 - - [25/May/2025:03:38:49 +0000] "GET /.git/config HTTP/1.1" 403 1242 "-" "Go-http-client/1.1"
64.225.75.246 - - [25/May/2025:03:38:50 +0000] "GET /telescope/requests HTTP/1.1" 301 0 "-" "Go-http-client/1.1"
64.225.75.246 - - [25/May/2025:03:38:51 +0000] "GET /info.php HTTP/1.1" 301 0 "-" "Go-http-client/1.1"