66.249.79.33 - - [24/May/2025:23:48:18 +0000] "GET /?shopdetail/12075938 HTTP/1.1" 200 2065 "-" "Mozilla/5.0 (Linux; Android 6.0.1; Nexus 5X Build/MMB29P) AppleWebKit/537.36 (KHTML, like Gecko) Chrome/136.0.7103.113 Mobile Safari/537.36 (compatible; Googlebot/2.1; +http://www.google.com/bot.html)"
162.216.150.212 - - [24/May/2025:23:48:23 +0000] "GET / HTTP/1.1" 200 2399 "-" "Expanse, a Palo Alto Networks company, searches across the global IPv4 space multiple times per day to identify customers' presences on the Internet. If you would like to be excluded from our scans, please send IP addresses/domains to: scaninfo@paloaltonetworks.com"
93.123.109.229 - - [24/May/2025:23:46:02 +0000] "GET /.env.ci HTTP/1.1" 200 2399 "-" "l9explore/1.2.2"
93.123.109.229 - - [24/May/2025:23:46:05 +0000] "GET /settings/.env HTTP/1.1" 200 2399 "-" "l9explore/1.2.2"
93.123.109.229 - - [24/May/2025:23:46:06 +0000] "GET /assets../.git/config HTTP/1.1" 403 1242 "-" "l9explore/1.2.2"
93.123.109.229 - - [24/May/2025:23:46:07 +0000] "GET /.git/config HTTP/1.1" 403 1242 "-" "l9explore/1.2.2"
93.123.109.229 - - [24/May/2025:23:46:09 +0000] "GET /config/.git/config HTTP/1.1" 403 1242 "-" "l9explore/1.2.2"
93.123.109.229 - - [24/May/2025:23:46:10 +0000] "GET /docker-compose.prod.yml HTTP/1.1" 200 2399 "-" "l9explore/1.2.2"
93.123.109.229 - - [24/May/2025:23:46:12 +0000] "GET /.env.prod HTTP/1.1" 200 2399 "-" "l9explore/1.2.2"
93.123.109.229 - - [24/May/2025:23:46:16 +0000] "GET /data/.git/config HTTP/1.1" 403 1242 "-" "l9explore/1.2.2"
93.123.109.229 - - [24/May/2025:23:46:17 +0000] "GET /project/.git/config HTTP/1.1" 403 1242 "-" "l9explore/1.2.2"
93.123.109.229 - - [24/May/2025:23:46:20 +0000] "GET /.env.sandbox HTTP/1.1" 200 2399 "-" "l9explore/1.2.2"
93.123.109.229 - - [24/May/2025:23:46:23 +0000] "GET /.env.preprod HTTP/1.1" 200 2399 "-" "l9explore/1.2.2"
66.249.79.33 - - [24/May/2025:23:46:29 +0000] "GET /?shopdetail/16726972 HTTP/1.1" 200 2065 "-" "Mozilla/5.0 (Linux; Android 6.0.1; Nexus 5X Build/MMB29P) AppleWebKit/537.36 (KHTML, like Gecko) Chrome/136.0.7103.113 Mobile Safari/537.36 (compatible; Googlebot/2.1; +http://www.google.com/bot.html)"
93.123.109.229 - - [24/May/2025:23:46:30 +0000] "GET /.env.production HTTP/1.1" 200 2399 "-" "l9explore/1.2.2"
93.123.109.229 - - [24/May/2025:23:46:37 +0000] "GET /server/.git/config HTTP/1.1" 403 1242 "-" "l9explore/1.2.2"
66.249.79.35 - - [24/May/2025:23:47:27 +0000] "GET /?shopdetail/16557316 HTTP/1.1" 200 2065 "-" "Mozilla/5.0 (Linux; Android 6.0.1; Nexus 5X Build/MMB29P) AppleWebKit/537.36 (KHTML, like Gecko) Chrome/136.0.7103.113 Mobile Safari/537.36 (compatible; Googlebot/2.1; +http://www.google.com/bot.html)"
66.249.79.33 - - [24/May/2025:23:48:37 +0000] "GET /?pcmypage?callback=/product%2Fdetail%2F96438067 HTTP/1.1" 200 2065 "-" "Mozilla/5.0 (Linux; Android 6.0.1; Nexus 5X Build/MMB29P) AppleWebKit/537.36 (KHTML, like Gecko) Chrome/136.0.7103.113 Mobile Safari/537.36 (compatible; Googlebot/2.1; +http://www.google.com/bot.html)"
66.249.79.34 - - [24/May/2025:23:48:37 +0000] "GET /?pcmypage?callback=/product%2Fdetail%2F53420139 HTTP/1.1" 200 2065 "-" "Mozilla/5.0 (Linux; Android 6.0.1; Nexus 5X Build/MMB29P) AppleWebKit/537.36 (KHTML, like Gecko) Chrome/136.0.7103.113 Mobile Safari/537.36 (compatible; Googlebot/2.1; +http://www.google.com/bot.html)"
66.249.79.37 - - [24/May/2025:23:50:38 +0000] "GET /?safe_search/config?return_url=/product/detail/74699943 HTTP/1.1" 200 2065 "-" "Mozilla/5.0 (Linux; Android 6.0.1; Nexus 5X Build/MMB29P) AppleWebKit/537.36 (KHTML, like Gecko) Chrome/136.0.7103.113 Mobile Safari/537.36 (compatible; Googlebot/2.1; +http://www.google.com/bot.html)"
198.55.98.76 - - [24/May/2025:23:55:11 +0000] "GET /.env_1 HTTP/1.1" 500 1216 "-" "Opera/9.80 (X11; Linux i686) Presto/2.12.388 Version/12.16"
114.119.131.105 - - [24/May/2025:23:57:18 +0000] "GET /billing/index.php?rp=/download/category/1/Wordpress-Migration.html&language=farsi HTTP/1.1" 200 2399 "https://pulsehost.co.uk/billing/index.php?rp=%2Fdownload%2Fcategory%2F1%2FWordpress-Migration.html" "Mozilla/5.0 (Linux; Android 7.0;) AppleWebKit/537.36 (KHTML, like Gecko) Mobile Safari/537.36 (compatible; PetalBot;+https://webmaster.petalsearch.com/site/petalbot)"
66.249.79.35 - - [24/May/2025:23:58:07 +0000] "GET /?shopdetail/22174616 HTTP/1.1" 200 2065 "-" "Mozilla/5.0 (Linux; Android 6.0.1; Nexus 5X Build/MMB29P) AppleWebKit/537.36 (KHTML, like Gecko) Chrome/136.0.7103.113 Mobile Safari/537.36 (compatible; Googlebot/2.1; +http://www.google.com/bot.html)"
66.249.79.33 - - [24/May/2025:23:58:33 +0000] "GET /?shopdetail/7968594 HTTP/1.1" 200 2065 "-" "Mozilla/5.0 (Linux; Android 6.0.1; Nexus 5X Build/MMB29P) AppleWebKit/537.36 (KHTML, like Gecko) Chrome/136.0.7103.113 Mobile Safari/537.36 (compatible; Googlebot/2.1; +http://www.google.com/bot.html)"
66.249.79.35 - - [24/May/2025:23:55:12 +0000] "GET /?shopdetail/19134349 HTTP/1.1" 200 2065 "-" "Mozilla/5.0 (Linux; Android 6.0.1; Nexus 5X Build/MMB29P) AppleWebKit/537.36 (KHTML, like Gecko) Chrome/136.0.7103.113 Mobile Safari/537.36 (compatible; Googlebot/2.1; +http://www.google.com/bot.html)"
66.249.79.34 - - [24/May/2025:23:56:09 +0000] "GET /?shopdetail/11868927 HTTP/1.1" 200 2065 "-" "Mozilla/5.0 (Linux; Android 6.0.1; Nexus 5X Build/MMB29P) AppleWebKit/537.36 (KHTML, like Gecko) Chrome/136.0.7103.113 Mobile Safari/537.36 (compatible; Googlebot/2.1; +http://www.google.com/bot.html)"
66.249.79.36 - - [24/May/2025:23:56:39 +0000] "GET /?pcmypage?callback=product/detail/59988024 HTTP/1.1" 200 2065 "-" "Mozilla/5.0 (Linux; Android 6.0.1; Nexus 5X Build/MMB29P) AppleWebKit/537.36 (KHTML, like Gecko) Chrome/136.0.7103.113 Mobile Safari/537.36 (compatible; Googlebot/2.1; +http://www.google.com/bot.html)"
66.249.79.33 - - [24/May/2025:23:56:48 +0000] "GET /?shopdetail/10460461 HTTP/1.1" 200 2065 "-" "Mozilla/5.0 (Linux; Android 6.0.1; Nexus 5X Build/MMB29P) AppleWebKit/537.36 (KHTML, like Gecko) Chrome/136.0.7103.113 Mobile Safari/537.36 (compatible; Googlebot/2.1; +http://www.google.com/bot.html)"
66.249.79.35 - - [24/May/2025:23:57:15 +0000] "GET /?shopdetail/8447705 HTTP/1.1" 200 2065 "-" "Mozilla/5.0 (Linux; Android 6.0.1; Nexus 5X Build/MMB29P) AppleWebKit/537.36 (KHTML, like Gecko) Chrome/136.0.7103.113 Mobile Safari/537.36 (compatible; Googlebot/2.1; +http://www.google.com/bot.html)"
66.249.79.33 - - [24/May/2025:23:58:25 +0000] "GET /?shopdetail/18169883 HTTP/1.1" 200 2065 "-" "Mozilla/5.0 (Linux; Android 6.0.1; Nexus 5X Build/MMB29P) AppleWebKit/537.36 (KHTML, like Gecko) Chrome/136.0.7103.113 Mobile Safari/537.36 (compatible; Googlebot/2.1; +http://www.google.com/bot.html)"
66.249.79.35 - - [24/May/2025:23:59:23 +0000] "GET /?shopdetail/8901194 HTTP/1.1" 200 2065 "-" "Mozilla/5.0 (Linux; Android 6.0.1; Nexus 5X Build/MMB29P) AppleWebKit/537.36 (KHTML, like Gecko) Chrome/136.0.7103.113 Mobile Safari/537.36 (compatible; Googlebot/2.1; +http://www.google.com/bot.html)"
66.249.79.35 - - [25/May/2025:00:00:23 +0000] "GET /?shopdetail/20455449 HTTP/1.1" 200 2065 "-" "Mozilla/5.0 (Linux; Android 6.0.1; Nexus 5X Build/MMB29P) AppleWebKit/537.36 (KHTML, like Gecko) Chrome/136.0.7103.113 Mobile Safari/537.36 (compatible; Googlebot/2.1; +http://www.google.com/bot.html)"
66.249.79.34 - - [25/May/2025:00:01:00 +0000] "GET /?shopdetail/8562927 HTTP/1.1" 200 2065 "-" "Mozilla/5.0 (Linux; Android 6.0.1; Nexus 5X Build/MMB29P) AppleWebKit/537.36 (KHTML, like Gecko) Chrome/136.0.7103.113 Mobile Safari/537.36 (compatible; Googlebot/2.1; +http://www.google.com/bot.html)"
66.249.79.33 - - [25/May/2025:00:01:14 +0000] "GET /?shopdetail/4850861 HTTP/1.1" 200 2065 "-" "Mozilla/5.0 (Linux; Android 6.0.1; Nexus 5X Build/MMB29P) AppleWebKit/537.36 (KHTML, like Gecko) Chrome/136.0.7103.113 Mobile Safari/537.36 (compatible; Googlebot/2.1; +http://www.google.com/bot.html)"
66.249.79.33 - - [25/May/2025:00:01:15 +0000] "GET /?shopdetail/17114049 HTTP/1.1" 200 2065 "-" "Mozilla/5.0 (Linux; Android 6.0.1; Nexus 5X Build/MMB29P) AppleWebKit/537.36 (KHTML, like Gecko) Chrome/136.0.7103.113 Mobile Safari/537.36 (compatible; Googlebot/2.1; +http://www.google.com/bot.html)"
66.249.79.34 - - [25/May/2025:00:02:26 +0000] "GET /?shopdetail/16471461 HTTP/1.1" 200 2065 "-" "Mozilla/5.0 (Linux; Android 6.0.1; Nexus 5X Build/MMB29P) AppleWebKit/537.36 (KHTML, like Gecko) Chrome/136.0.7103.113 Mobile Safari/537.36 (compatible; Googlebot/2.1; +http://www.google.com/bot.html)"
66.249.79.33 - - [25/May/2025:00:03:17 +0000] "GET /?shopdetail/14891561 HTTP/1.1" 200 2065 "-" "Mozilla/5.0 (Linux; Android 6.0.1; Nexus 5X Build/MMB29P) AppleWebKit/537.36 (KHTML, like Gecko) Chrome/136.0.7103.113 Mobile Safari/537.36 (compatible; Googlebot/2.1; +http://www.google.com/bot.html)"
66.249.79.34 - - [25/May/2025:00:03:19 +0000] "GET /?shopdetail/9582161 HTTP/1.1" 200 2065 "-" "Mozilla/5.0 (Linux; Android 6.0.1; Nexus 5X Build/MMB29P) AppleWebKit/537.36 (KHTML, like Gecko) Chrome/136.0.7103.113 Mobile Safari/537.36 (compatible; Googlebot/2.1; +http://www.google.com/bot.html)"
66.249.79.33 - - [25/May/2025:00:03:25 +0000] "GET /?shopdetail/22121672 HTTP/1.1" 200 2065 "-" "Mozilla/5.0 (Linux; Android 6.0.1; Nexus 5X Build/MMB29P) AppleWebKit/537.36 (KHTML, like Gecko) Chrome/136.0.7103.113 Mobile Safari/537.36 (compatible; Googlebot/2.1; +http://www.google.com/bot.html)"
66.249.79.33 - - [25/May/2025:00:03:27 +0000] "GET /?safe_search/config?return_url=%2Fproduct%2Fdetail%2F35264547 HTTP/1.1" 200 2065 "-" "Mozilla/5.0 (Linux; Android 6.0.1; Nexus 5X Build/MMB29P) AppleWebKit/537.36 (KHTML, like Gecko) Chrome/136.0.7103.113 Mobile Safari/537.36 (compatible; Googlebot/2.1; +http://www.google.com/bot.html)"
66.249.79.34 - - [25/May/2025:00:10:33 +0000] "GET /?shopdetail/16053805 HTTP/1.1" 200 2065 "-" "Mozilla/5.0 (Linux; Android 6.0.1; Nexus 5X Build/MMB29P) AppleWebKit/537.36 (KHTML, like Gecko) Chrome/136.0.7103.113 Mobile Safari/537.36 (compatible; Googlebot/2.1; +http://www.google.com/bot.html)"
66.249.79.33 - - [25/May/2025:00:03:10 +0000] "GET /?shopdetail/25175216 HTTP/1.1" 200 2065 "-" "Mozilla/5.0 (Linux; Android 6.0.1; Nexus 5X Build/MMB29P) AppleWebKit/537.36 (KHTML, like Gecko) Chrome/136.0.7103.113 Mobile Safari/537.36 (compatible; Googlebot/2.1; +http://www.google.com/bot.html)"
114.119.133.146 - - [25/May/2025:00:11:46 +0000] "GET /billing/index.php?rp=/announcements/view/2021-03&language=danish HTTP/1.1" 200 2399 "https://pulsehost.co.uk/billing/index.php?rp=%2Fannouncements%2Fview%2F2021-03&language=croatian" "Mozilla/5.0 (Linux; Android 7.0;) AppleWebKit/537.36 (KHTML, like Gecko) Mobile Safari/537.36 (compatible; PetalBot;+https://webmaster.petalsearch.com/site/petalbot)"
154.12.26.12 - - [25/May/2025:00:16:55 +0000] "GET /?redirected=1 HTTP/1.1" 200 2399 "-" "Mozilla/5.0 (Windows; U; Windows NT 5.1; zh-CN; rv:1.9) Gecko/2008052906 Firefox/3.0"
66.249.79.35 - - [25/May/2025:00:27:33 +0000] "GET /?shopdetail/2319805 HTTP/1.1" 200 2065 "-" "Mozilla/5.0 (Linux; Android 6.0.1; Nexus 5X Build/MMB29P) AppleWebKit/537.36 (KHTML, like Gecko) Chrome/136.0.7103.113 Mobile Safari/537.36 (compatible; Googlebot/2.1; +http://www.google.com/bot.html)"
104.210.140.129 - - [25/May/2025:00:12:33 +0000] "GET /robots.txt HTTP/2" 200 70 "-" "Mozilla/5.0 (Macintosh; Intel Mac OS X 10_15_7) AppleWebKit/537.36 (KHTML, like Gecko) Chrome/131.0.0.0 Safari/537.36; compatible; OAI-SearchBot/1.0; +https://openai.com/searchbot"
114.119.133.146 - - [25/May/2025:00:13:34 +0000] "GET /billing/index.php?rp=/announcements/3/We-are-now-supporting-charities-and-other-non-profit-organisations.html&language=danish HTTP/1.1" 200 2399 "https://pulsehost.co.uk/billing/index.php?rp=%2Fannouncements%2F3%2FWe-are-now-supporting-charities-and-other-non-profit-organisations.html&language=italian" "Mozilla/5.0 (Linux; Android 7.0;) AppleWebKit/537.36 (KHTML, like Gecko) Mobile Safari/537.36 (compatible; PetalBot;+https://webmaster.petalsearch.com/site/petalbot)"
66.249.79.33 - - [25/May/2025:00:17:36 +0000] "GET /?safe_search/config?return_url=%2Fproduct%2Fdetail%2F70247505 HTTP/1.1" 200 2065 "-" "Mozilla/5.0 (Linux; Android 6.0.1; Nexus 5X Build/MMB29P) AppleWebKit/537.36 (KHTML, like Gecko) Chrome/136.0.7103.113 Mobile Safari/537.36 (compatible; Googlebot/2.1; +http://www.google.com/bot.html)"
66.249.79.34 - - [25/May/2025:00:19:36 +0000] "GET /?pcmypage?callback=product%2Fdetail%2F62925872 HTTP/1.1" 200 2065 "-" "Mozilla/5.0 (Linux; Android 6.0.1; Nexus 5X Build/MMB29P) AppleWebKit/537.36 (KHTML, like Gecko) Chrome/136.0.7103.113 Mobile Safari/537.36 (compatible; Googlebot/2.1; +http://www.google.com/bot.html)"
66.249.79.35 - - [25/May/2025:00:25:33 +0000] "GET /?shopdetail/13631705 HTTP/1.1" 200 2065 "-" "Mozilla/5.0 (Linux; Android 6.0.1; Nexus 5X Build/MMB29P) AppleWebKit/537.36 (KHTML, like Gecko) Chrome/136.0.7103.113 Mobile Safari/537.36 (compatible; Googlebot/2.1; +http://www.google.com/bot.html)"
57.141.6.7 - - [25/May/2025:00:35:30 +0000] "GET /index.html HTTP/2" 200 7860 "-" "meta-externalagent/1.1 (+https://developers.facebook.com/docs/sharing/webmasters/crawler)"
66.249.79.34 - - [25/May/2025:00:27:37 +0000] "GET /?pcmypage?callback=product/detail/23530786 HTTP/1.1" 200 2065 "-" "Mozilla/5.0 (Linux; Android 6.0.1; Nexus 5X Build/MMB29P) AppleWebKit/537.36 (KHTML, like Gecko) Chrome/136.0.7103.113 Mobile Safari/537.36 (compatible; Googlebot/2.1; +http://www.google.com/bot.html)"
66.249.79.34 - - [25/May/2025:00:31:38 +0000] "GET /?safe_search/config?return_url=/product/detail/87896724 HTTP/1.1" 200 2065 "-" "Mozilla/5.0 (Linux; Android 6.0.1; Nexus 5X Build/MMB29P) AppleWebKit/537.36 (KHTML, like Gecko) Chrome/136.0.7103.113 Mobile Safari/537.36 (compatible; Googlebot/2.1; +http://www.google.com/bot.html)"
45.85.88.115 - - [25/May/2025:00:36:39 +0000] "POST /wp-cron.php?doing_wp_cron=1748133399.9266519546508789062500 HTTP/1.1" 200 0 "-" "WordPress/6.8.1; https://pulsehost.co.uk"
153.127.195.85 - - [25/May/2025:00:36:39 +0000] "POST /wp-login.php HTTP/1.1" 200 3039 "-" "Mozilla/5.0 (Windows NT 10.0; Win64; x64; rv:40.0) Gecko/20100101 Firefox/40.0"
45.85.88.115 - - [25/May/2025:00:41:01 +0000] "POST /misfits2/wp-cron.php?doing_wp_cron=1748133661.2559230327606201171875 HTTP/1.1" 200 0 "-" "WordPress/6.8.1; https://pulsehost.co.uk/misfits2"
66.249.79.34 - - [25/May/2025:00:36:39 +0000] "GET /?shopdetail/25771116 HTTP/1.1" 200 2065 "-" "Mozilla/5.0 (Linux; Android 6.0.1; Nexus 5X Build/MMB29P) AppleWebKit/537.36 (KHTML, like Gecko) Chrome/136.0.7103.113 Mobile Safari/537.36 (compatible; Googlebot/2.1; +http://www.google.com/bot.html)"
103.164.54.60 - - [25/May/2025:00:38:29 +0000] "GET /wp-login.php HTTP/1.1" 200 2826 "-" "Mozilla/5.0 (Windows NT 10.0; Win64; x64) AppleWebKit/537.36 (KHTML, like Gecko) Chrome/91.0.4472.124 Safari/537.36"
103.164.54.60 - - [25/May/2025:00:38:29 +0000] "POST /wp-login.php HTTP/1.1" 200 3033 "https://pulsehost.co.uk/wp-admin/" "Mozilla/5.0 (Windows NT 10.0; Win64; x64) AppleWebKit/537.36 (KHTML, like Gecko) Chrome/91.0.4472.124 Safari/537.36"
103.164.54.60 - - [25/May/2025:00:38:29 +0000] "GET /wp-admin/ HTTP/1.1" 302 0 "-" "Mozilla/5.0 (Windows NT 10.0; Win64; x64) AppleWebKit/537.36 (KHTML, like Gecko) Chrome/91.0.4472.124 Safari/537.36"
103.164.54.60 - - [25/May/2025:00:38:30 +0000] "GET /wp-login.php?redirect_to=https%3A%2F%2Fpulsehost.co.uk%2Fwp-admin%2F&reauth=1 HTTP/1.1" 200 2834 "-" "Mozilla/5.0 (Windows NT 10.0; Win64; x64) AppleWebKit/537.36 (KHTML, like Gecko) Chrome/91.0.4472.124 Safari/537.36"
52.208.151.205 - - [25/May/2025:00:40:58 +0000] "GET /misfits2 HTTP/1.1" 301 795 "-" "Mozilla/5.0 (X11; CrOS i686 4319.74.0) AppleWebKit/537.36 (KHTML, like Gecko) Chrome/29.0.1547.57 Safari/537.36"
52.208.151.205 - - [25/May/2025:00:41:00 +0000] "GET /misfits2/ HTTP/1.1" 200 57180 "-" "Mozilla/5.0 (X11; CrOS i686 4319.74.0) AppleWebKit/537.36 (KHTML, like Gecko) Chrome/29.0.1547.57 Safari/537.36"
66.249.79.36 - - [25/May/2025:00:42:40 +0000] "GET /?safe_search/config?return_url=/product/detail/82309016 HTTP/1.1" 200 2065 "-" "Mozilla/5.0 (Linux; Android 6.0.1; Nexus 5X Build/MMB29P) AppleWebKit/537.36 (KHTML, like Gecko) Chrome/136.0.7103.113 Mobile Safari/537.36 (compatible; Googlebot/2.1; +http://www.google.com/bot.html)"
66.249.79.34 - - [25/May/2025:00:46:30 +0000] "GET /?shopdetail/30551561 HTTP/1.1" 200 2065 "-" "Mozilla/5.0 (Linux; Android 6.0.1; Nexus 5X Build/MMB29P) AppleWebKit/537.36 (KHTML, like Gecko) Chrome/136.0.7103.113 Mobile Safari/537.36 (compatible; Googlebot/2.1; +http://www.google.com/bot.html)"
66.249.79.35 - - [25/May/2025:00:46:31 +0000] "GET /?pcmypage?callback=/product%2Fdetail%2F42219227 HTTP/1.1" 200 2065 "-" "Mozilla/5.0 (Linux; Android 6.0.1; Nexus 5X Build/MMB29P) AppleWebKit/537.36 (KHTML, like Gecko) Chrome/136.0.7103.113 Mobile Safari/537.36 (compatible; Googlebot/2.1; +http://www.google.com/bot.html)"
114.119.158.94 - - [25/May/2025:00:49:48 +0000] "GET /billing/index.php?rp=/store/business-web-hosting/medium-business&language=dutch HTTP/1.1" 200 2399 "https://pulsehost.co.uk/billing/index.php?rp=/store/business-web-hosting/medium-business&language=dutch" "Mozilla/5.0 (Linux; Android 7.0;) AppleWebKit/537.36 (KHTML, like Gecko) Mobile Safari/537.36 (compatible; PetalBot;+https://webmaster.petalsearch.com/site/petalbot)"
66.249.79.33 - - [25/May/2025:00:50:32 +0000] "GET /?pcmypage?callback=product%2Fdetail%2F86842186 HTTP/1.1" 200 2065 "-" "Mozilla/5.0 (Linux; Android 6.0.1; Nexus 5X Build/MMB29P) AppleWebKit/537.36 (KHTML, like Gecko) Chrome/136.0.7103.113 Mobile Safari/537.36 (compatible; Googlebot/2.1; +http://www.google.com/bot.html)"
66.249.79.35 - - [25/May/2025:00:51:35 +0000] "GET /?pcmypage?callback=product/detail/64600930 HTTP/1.1" 200 2065 "-" "Mozilla/5.0 (Linux; Android 6.0.1; Nexus 5X Build/MMB29P) AppleWebKit/537.36 (KHTML, like Gecko) Chrome/136.0.7103.113 Mobile Safari/537.36 (compatible; Googlebot/2.1; +http://www.google.com/bot.html)"
66.249.79.34 - - [25/May/2025:00:51:35 +0000] "GET /?pcmypage?callback=product%2Fdetail%2F11802830 HTTP/1.1" 200 2065 "-" "Mozilla/5.0 (Linux; Android 6.0.1; Nexus 5X Build/MMB29P) AppleWebKit/537.36 (KHTML, like Gecko) Chrome/136.0.7103.113 Mobile Safari/537.36 (compatible; Googlebot/2.1; +http://www.google.com/bot.html)"
66.249.79.35 - - [25/May/2025:00:54:36 +0000] "GET /?pcmypage?callback=product/detail/10701410 HTTP/1.1" 200 2065 "-" "Mozilla/5.0 (Linux; Android 6.0.1; Nexus 5X Build/MMB29P) AppleWebKit/537.36 (KHTML, like Gecko) Chrome/136.0.7103.113 Mobile Safari/537.36 (compatible; Googlebot/2.1; +http://www.google.com/bot.html)"
66.249.79.35 - - [25/May/2025:01:06:39 +0000] "GET /?pcmypage?callback=product%2Fdetail%2F89327821 HTTP/1.1" 200 2065 "-" "Mozilla/5.0 (Linux; Android 6.0.1; Nexus 5X Build/MMB29P) AppleWebKit/537.36 (KHTML, like Gecko) Chrome/136.0.7103.113 Mobile Safari/537.36 (compatible; Googlebot/2.1; +http://www.google.com/bot.html)"
114.119.153.232 - - [25/May/2025:01:09:05 +0000] "GET /billing/index.php?rp=/store/business-web-hosting&language=dutch HTTP/1.1" 200 2399 "https://pulsehost.co.uk/billing/cart.php" "Mozilla/5.0 (Linux; Android 7.0;) AppleWebKit/537.36 (KHTML, like Gecko) Mobile Safari/537.36 (compatible; PetalBot;+https://webmaster.petalsearch.com/site/petalbot)"
66.249.79.33 - - [25/May/2025:01:06:38 +0000] "GET /?shopdetail/11545783 HTTP/1.1" 200 2065 "-" "Mozilla/5.0 (Linux; Android 6.0.1; Nexus 5X Build/MMB29P) AppleWebKit/537.36 (KHTML, like Gecko) Chrome/136.0.7103.113 Mobile Safari/537.36 (compatible; Googlebot/2.1; +http://www.google.com/bot.html)"
66.249.79.33 - - [25/May/2025:01:07:40 +0000] "GET /?pcmypage?callback=product%2Fdetail%2F75143542 HTTP/1.1" 200 2065 "-" "Mozilla/5.0 (Linux; Android 6.0.1; Nexus 5X Build/MMB29P) AppleWebKit/537.36 (KHTML, like Gecko) Chrome/136.0.7103.113 Mobile Safari/537.36 (compatible; Googlebot/2.1; +http://www.google.com/bot.html)"
114.119.131.105 - - [25/May/2025:01:10:52 +0000] "GET /billing/index.php?rp=/announcements/3/We-are-now-supporting-charities-and-other-non-profit-organisations.html&language=german HTTP/1.1" 200 2399 "https://pulsehost.co.uk/billing/index.php?rp=/announcements/3/We-are-now-supporting-charities-and-other-non-profit-organisations.html&language=german" "Mozilla/5.0 (Linux; Android 7.0;) AppleWebKit/537.36 (KHTML, like Gecko) Mobile Safari/537.36 (compatible; PetalBot;+https://webmaster.petalsearch.com/site/petalbot)"
114.119.128.20 - - [25/May/2025:01:12:40 +0000] "GET /billing/index.php?rp=/announcements/3/We-are-now-supporting-charities-and-other-non-profit-organisations.html&language=catalan HTTP/1.1" 200 2399 "https://pulsehost.co.uk/billing/index.php?rp=/announcements/3/We-are-now-supporting-charities-and-other-non-profit-organisations.html&language=catalan" "Mozilla/5.0 (Linux; Android 7.0;) AppleWebKit/537.36 (KHTML, like Gecko) Mobile Safari/537.36 (compatible; PetalBot;+https://webmaster.petalsearch.com/site/petalbot)"
143.110.148.150 - - [25/May/2025:01:21:56 +0000] "POST /wp-login.php HTTP/1.1" 200 3039 "-" "Mozilla/5.0 (Windows NT 10.0; Win64; x64; rv:47.0) Gecko/20100101 Firefox/47.0"
172.203.190.134 - - [25/May/2025:01:26:35 +0000] "GET /robots.txt HTTP/2" 200 70 "-" "Mozilla/5.0 (Macintosh; Intel Mac OS X 10_15_7) AppleWebKit/537.36 (KHTML, like Gecko) Chrome/131.0.0.0 Safari/537.36; compatible; OAI-SearchBot/1.0; +https://openai.com/searchbot"
66.249.79.34 - - [25/May/2025:01:19:36 +0000] "GET /?pcmypage?callback=product/review/25463965 HTTP/1.1" 200 2065 "-" "Mozilla/5.0 (Linux; Android 6.0.1; Nexus 5X Build/MMB29P) AppleWebKit/537.36 (KHTML, like Gecko) Chrome/136.0.7103.113 Mobile Safari/537.36 (compatible; Googlebot/2.1; +http://www.google.com/bot.html)"
66.249.79.34 - - [25/May/2025:01:20:37 +0000] "GET /?pcmypage?callback=product%2Fdetail%2F72065694 HTTP/1.1" 200 2065 "-" "Mozilla/5.0 (Linux; Android 6.0.1; Nexus 5X Build/MMB29P) AppleWebKit/537.36 (KHTML, like Gecko) Chrome/136.0.7103.113 Mobile Safari/537.36 (compatible; Googlebot/2.1; +http://www.google.com/bot.html)"
45.85.88.115 - - [25/May/2025:01:21:56 +0000] "POST /wp-cron.php?doing_wp_cron=1748136116.3105900287628173828125 HTTP/1.1" 200 0 "-" "WordPress/6.8.1; https://pulsehost.co.uk"
66.249.79.34 - - [25/May/2025:01:22:38 +0000] "GET /?safe_search/config?return_url=/product/detail/48630313 HTTP/1.1" 200 2065 "-" "Mozilla/5.0 (Linux; Android 6.0.1; Nexus 5X Build/MMB29P) AppleWebKit/537.36 (KHTML, like Gecko) Chrome/136.0.7103.113 Mobile Safari/537.36 (compatible; Googlebot/2.1; +http://www.google.com/bot.html)"
66.249.79.36 - - [25/May/2025:01:24:39 +0000] "GET /?pcmypage?callback=product/detail/44439801 HTTP/1.1" 200 2065 "-" "Mozilla/5.0 (Linux; Android 6.0.1; Nexus 5X Build/MMB29P) AppleWebKit/537.36 (KHTML, like Gecko) Chrome/136.0.7103.113 Mobile Safari/537.36 (compatible; Googlebot/2.1; +http://www.google.com/bot.html)"
66.249.79.33 - - [25/May/2025:01:40:39 +0000] "GET /?safe_search/config?return_url=%2Fproduct%2Fdetail%2F24248333 HTTP/1.1" 200 2065 "-" "Mozilla/5.0 (Linux; Android 6.0.1; Nexus 5X Build/MMB29P) AppleWebKit/537.36 (KHTML, like Gecko) Chrome/136.0.7103.113 Mobile Safari/537.36 (compatible; Googlebot/2.1; +http://www.google.com/bot.html)"
66.249.79.33 - - [25/May/2025:01:41:40 +0000] "GET /?pcmypage?callback=product/review/52180973 HTTP/1.1" 200 2065 "-" "Mozilla/5.0 (Linux; Android 6.0.1; Nexus 5X Build/MMB29P) AppleWebKit/537.36 (KHTML, like Gecko) Chrome/136.0.7103.113 Mobile Safari/537.36 (compatible; Googlebot/2.1; +http://www.google.com/bot.html)"
66.249.79.33 - - [25/May/2025:01:46:54 +0000] "GET /?pcmypage?callback=product%2Fdetail%2F84182795 HTTP/1.1" 200 2065 "-" "Mozilla/5.0 (Linux; Android 6.0.1; Nexus 5X Build/MMB29P) AppleWebKit/537.36 (KHTML, like Gecko) Chrome/136.0.7103.113 Mobile Safari/537.36 (compatible; Googlebot/2.1; +http://www.google.com/bot.html)"
66.249.79.34 - - [25/May/2025:01:46:55 +0000] "GET /?shopdetail/18500083 HTTP/1.1" 200 2065 "-" "Mozilla/5.0 (Linux; Android 6.0.1; Nexus 5X Build/MMB29P) AppleWebKit/537.36 (KHTML, like Gecko) Chrome/136.0.7103.113 Mobile Safari/537.36 (compatible; Googlebot/2.1; +http://www.google.com/bot.html)"
66.249.79.35 - - [25/May/2025:01:48:55 +0000] "GET /?pcmypage?callback=product/detail/75593640 HTTP/1.1" 200 2065 "-" "Mozilla/5.0 (Linux; Android 6.0.1; Nexus 5X Build/MMB29P) AppleWebKit/537.36 (KHTML, like Gecko) Chrome/136.0.7103.113 Mobile Safari/537.36 (compatible; Googlebot/2.1; +http://www.google.com/bot.html)"
114.119.136.175 - - [25/May/2025:01:49:45 +0000] "GET /billing/index.php?rp=/download/category/1/Wordpress-Migration.html&language=hungarian HTTP/1.1" 200 2399 "https://pulsehost.co.uk/billing/index.php?rp=%2Fdownload%2Fcategory%2F1%2FWordpress-Migration.html" "Mozilla/5.0 (Linux; Android 7.0;) AppleWebKit/537.36 (KHTML, like Gecko) Mobile Safari/537.36 (compatible; PetalBot;+https://webmaster.petalsearch.com/site/petalbot)"
66.249.79.34 - - [25/May/2025:01:43:33 +0000] "GET /?shopdetail/10354449 HTTP/1.1" 200 2065 "-" "Mozilla/5.0 (Linux; Android 6.0.1; Nexus 5X Build/MMB29P) AppleWebKit/537.36 (KHTML, like Gecko) Chrome/136.0.7103.113 Mobile Safari/537.36 (compatible; Googlebot/2.1; +http://www.google.com/bot.html)"
66.249.79.35 - - [25/May/2025:01:46:51 +0000] "GET /?safe_search/config?return_url=%2Fproduct%2Fdetail%2F37372816 HTTP/1.1" 200 2065 "-" "Mozilla/5.0 (Linux; Android 6.0.1; Nexus 5X Build/MMB29P) AppleWebKit/537.36 (KHTML, like Gecko) Chrome/136.0.7103.113 Mobile Safari/537.36 (compatible; Googlebot/2.1; +http://www.google.com/bot.html)"
66.249.79.35 - - [25/May/2025:01:46:52 +0000] "GET /?safe_search/config?return_url=%2Fproduct%2Fdetail%2F75637767 HTTP/1.1" 200 2065 "-" "Mozilla/5.0 (Linux; Android 6.0.1; Nexus 5X Build/MMB29P) AppleWebKit/537.36 (KHTML, like Gecko) Chrome/136.0.7103.113 Mobile Safari/537.36 (compatible; Googlebot/2.1; +http://www.google.com/bot.html)"
66.249.79.37 - - [25/May/2025:01:46:53 +0000] "GET /?pcmypage?callback=/product/detail/64892262 HTTP/1.1" 200 2065 "-" "Mozilla/5.0 (Linux; Android 6.0.1; Nexus 5X Build/MMB29P) AppleWebKit/537.36 (KHTML, like Gecko) Chrome/136.0.7103.113 Mobile Safari/537.36 (compatible; Googlebot/2.1; +http://www.google.com/bot.html)"
66.249.79.35 - - [25/May/2025:01:46:53 +0000] "GET /?shopdetail/23141883 HTTP/1.1" 200 2065 "-" "Mozilla/5.0 (Linux; Android 6.0.1; Nexus 5X Build/MMB29P) AppleWebKit/537.36 (KHTML, like Gecko) Chrome/136.0.7103.113 Mobile Safari/537.36 (compatible; Googlebot/2.1; +http://www.google.com/bot.html)"
66.249.79.36 - - [25/May/2025:01:49:56 +0000] "GET /?pcmypage?callback=/product/detail/10078090 HTTP/1.1" 200 2065 "-" "Mozilla/5.0 (Linux; Android 6.0.1; Nexus 5X Build/MMB29P) AppleWebKit/537.36 (KHTML, like Gecko) Chrome/136.0.7103.113 Mobile Safari/537.36 (compatible; Googlebot/2.1; +http://www.google.com/bot.html)"
66.249.79.34 - - [25/May/2025:02:03:17 +0000] "GET /?shopdetail/6077483 HTTP/1.1" 200 2065 "-" "Mozilla/5.0 (Linux; Android 6.0.1; Nexus 5X Build/MMB29P) AppleWebKit/537.36 (KHTML, like Gecko) Chrome/136.0.7103.113 Mobile Safari/537.36 (compatible; Googlebot/2.1; +http://www.google.com/bot.html)"
66.249.79.35 - - [25/May/2025:02:03:19 +0000] "GET /?shopdetail/8407983 HTTP/1.1" 200 2065 "-" "Mozilla/5.0 (Linux; Android 6.0.1; Nexus 5X Build/MMB29P) AppleWebKit/537.36 (KHTML, like Gecko) Chrome/136.0.7103.113 Mobile Safari/537.36 (compatible; Googlebot/2.1; +http://www.google.com/bot.html)"
66.249.79.34 - - [25/May/2025:02:06:00 +0000] "GET /?shopdetail/13986483 HTTP/1.1" 200 2065 "-" "Mozilla/5.0 (Linux; Android 6.0.1; Nexus 5X Build/MMB29P) AppleWebKit/537.36 (KHTML, like Gecko) Chrome/136.0.7103.113 Mobile Safari/537.36 (compatible; Googlebot/2.1; +http://www.google.com/bot.html)"
66.249.79.35 - - [25/May/2025:02:00:57 +0000] "GET /?zhHant/product/surugaya/31769060?campaign_uid=f64d716db5e979ed2f947dbaf4296895b951ae7f HTTP/1.1" 200 2065 "-" "Mozilla/5.0 (Linux; Android 6.0.1; Nexus 5X Build/MMB29P) AppleWebKit/537.36 (KHTML, like Gecko) Chrome/136.0.7103.113 Mobile Safari/537.36 (compatible; Googlebot/2.1; +http://www.google.com/bot.html)"
66.249.79.35 - - [25/May/2025:02:00:58 +0000] "GET /?pcmypage?callback=product/review/29597864 HTTP/1.1" 200 2065 "-" "Mozilla/5.0 (Linux; Android 6.0.1; Nexus 5X Build/MMB29P) AppleWebKit/537.36 (KHTML, like Gecko) Chrome/136.0.7103.113 Mobile Safari/537.36 (compatible; Googlebot/2.1; +http://www.google.com/bot.html)"
66.249.79.36 - - [25/May/2025:02:03:47 +0000] "GET /?shopdetail/7592672 HTTP/1.1" 200 2065 "-" "Mozilla/5.0 (Linux; Android 6.0.1; Nexus 5X Build/MMB29P) AppleWebKit/537.36 (KHTML, like Gecko) Chrome/136.0.7103.113 Mobile Safari/537.36 (compatible; Googlebot/2.1; +http://www.google.com/bot.html)"
66.249.79.34 - - [25/May/2025:02:04:01 +0000] "GET /?shopdetail/3449427 HTTP/1.1" 200 2065 "-" "Mozilla/5.0 (Linux; Android 6.0.1; Nexus 5X Build/MMB29P) AppleWebKit/537.36 (KHTML, like Gecko) Chrome/136.0.7103.113 Mobile Safari/537.36 (compatible; Googlebot/2.1; +http://www.google.com/bot.html)"
66.249.79.33 - - [25/May/2025:02:04:49 +0000] "GET /?shopdetail/5531350 HTTP/1.1" 200 2065 "-" "Mozilla/5.0 (Linux; Android 6.0.1; Nexus 5X Build/MMB29P) AppleWebKit/537.36 (KHTML, like Gecko) Chrome/136.0.7103.113 Mobile Safari/537.36 (compatible; Googlebot/2.1; +http://www.google.com/bot.html)"
66.249.79.33 - - [25/May/2025:02:04:59 +0000] "GET /?safe_search/config?return_url=%2Fproduct%2Fdetail%2F27453173 HTTP/1.1" 200 2065 "-" "Mozilla/5.0 (Linux; Android 6.0.1; Nexus 5X Build/MMB29P) AppleWebKit/537.36 (KHTML, like Gecko) Chrome/136.0.7103.113 Mobile Safari/537.36 (compatible; Googlebot/2.1; +http://www.google.com/bot.html)"
66.249.79.33 - - [25/May/2025:02:04:59 +0000] "GET /?shopdetail/17732705 HTTP/1.1" 200 2065 "-" "Mozilla/5.0 (Linux; Android 6.0.1; Nexus 5X Build/MMB29P) AppleWebKit/537.36 (KHTML, like Gecko) Chrome/136.0.7103.113 Mobile Safari/537.36 (compatible; Googlebot/2.1; +http://www.google.com/bot.html)"
66.249.79.33 - - [25/May/2025:02:05:11 +0000] "GET /?shopdetail/23142294 HTTP/1.1" 200 2065 "-" "Mozilla/5.0 (Linux; Android 6.0.1; Nexus 5X Build/MMB29P) AppleWebKit/537.36 (KHTML, like Gecko) Chrome/136.0.7103.113 Mobile Safari/537.36 (compatible; Googlebot/2.1; +http://www.google.com/bot.html)"
66.249.79.34 - - [25/May/2025:02:09:18 +0000] "GET /?shopdetail/3064872 HTTP/1.1" 200 2065 "-" "Mozilla/5.0 (Linux; Android 6.0.1; Nexus 5X Build/MMB29P) AppleWebKit/537.36 (KHTML, like Gecko) Chrome/136.0.7103.113 Mobile Safari/537.36 (compatible; Googlebot/2.1; +http://www.google.com/bot.html)"
66.249.79.34 - - [25/May/2025:02:10:11 +0000] "GET /?pcmypage?callback=product/detail/32547092 HTTP/1.1" 200 2065 "-" "Mozilla/5.0 (Linux; Android 6.0.1; Nexus 5X Build/MMB29P) AppleWebKit/537.36 (KHTML, like Gecko) Chrome/136.0.7103.113 Mobile Safari/537.36 (compatible; Googlebot/2.1; +http://www.google.com/bot.html)"
66.249.79.35 - - [25/May/2025:02:14:15 +0000] "GET /?shopdetail/22984349 HTTP/1.1" 200 2065 "-" "Mozilla/5.0 (Linux; Android 6.0.1; Nexus 5X Build/MMB29P) AppleWebKit/537.36 (KHTML, like Gecko) Chrome/136.0.7103.113 Mobile Safari/537.36 (compatible; Googlebot/2.1; +http://www.google.com/bot.html)"
66.249.79.34 - - [25/May/2025:02:15:33 +0000] "GET /?shopdetail/14893049 HTTP/1.1" 200 2065 "-" "Mozilla/5.0 (Linux; Android 6.0.1; Nexus 5X Build/MMB29P) AppleWebKit/537.36 (KHTML, like Gecko) Chrome/136.0.7103.113 Mobile Safari/537.36 (compatible; Googlebot/2.1; +http://www.google.com/bot.html)"
66.249.79.35 - - [25/May/2025:02:16:07 +0000] "GET /?shopdetail/13780049 HTTP/1.1" 200 2065 "-" "Mozilla/5.0 (Linux; Android 6.0.1; Nexus 5X Build/MMB29P) AppleWebKit/537.36 (KHTML, like Gecko) Chrome/136.0.7103.113 Mobile Safari/537.36 (compatible; Googlebot/2.1; +http://www.google.com/bot.html)"
66.249.79.35 - - [25/May/2025:02:10:11 +0000] "GET /?pcmypage?callback=/product%2Fdetail%2F88667459 HTTP/1.1" 200 2065 "-" "Mozilla/5.0 (Linux; Android 6.0.1; Nexus 5X Build/MMB29P) AppleWebKit/537.36 (KHTML, like Gecko) Chrome/136.0.7103.113 Mobile Safari/537.36 (compatible; Googlebot/2.1; +http://www.google.com/bot.html)"
66.249.79.33 - - [25/May/2025:02:13:18 +0000] "GET /?shopdetail/26904183 HTTP/1.1" 200 2065 "-" "Mozilla/5.0 (Linux; Android 6.0.1; Nexus 5X Build/MMB29P) AppleWebKit/537.36 (KHTML, like Gecko) Chrome/136.0.7103.113 Mobile Safari/537.36 (compatible; Googlebot/2.1; +http://www.google.com/bot.html)"
45.85.88.115 - - [25/May/2025:02:14:11 +0000] "POST /wp-cron.php?doing_wp_cron=1748139251.4662389755249023437500 HTTP/1.1" 200 0 "-" "WordPress/6.8.1; https://pulsehost.co.uk"
24.199.106.26 - - [25/May/2025:02:14:11 +0000] "POST /wp-login.php HTTP/1.1" 200 3038 "-" "Mozilla/5.0 (Windows NT 10.0; Win64; x64; rv:53.0) Gecko/20100101 Firefox/53.0"
66.249.79.33 - - [25/May/2025:02:15:48 +0000] "GET /?shopdetail/14184761 HTTP/1.1" 200 2065 "-" "Mozilla/5.0 (Linux; Android 6.0.1; Nexus 5X Build/MMB29P) AppleWebKit/537.36 (KHTML, like Gecko) Chrome/136.0.7103.113 Mobile Safari/537.36 (compatible; Googlebot/2.1; +http://www.google.com/bot.html)"
66.249.79.33 - - [25/May/2025:02:18:18 +0000] "GET /?shopdetail/23080761 HTTP/1.1" 200 2065 "-" "Mozilla/5.0 (Linux; Android 6.0.1; Nexus 5X Build/MMB29P) AppleWebKit/537.36 (KHTML, like Gecko) Chrome/136.0.7103.113 Mobile Safari/537.36 (compatible; Googlebot/2.1; +http://www.google.com/bot.html)"
66.249.79.36 - - [25/May/2025:02:22:07 +0000] "GET /?pcmypage?callback=product%2Fdetail%2F87798666 HTTP/1.1" 200 2065 "-" "Mozilla/5.0 (Linux; Android 6.0.1; Nexus 5X Build/MMB29P) AppleWebKit/537.36 (KHTML, like Gecko) Chrome/136.0.7103.113 Mobile Safari/537.36 (compatible; Googlebot/2.1; +http://www.google.com/bot.html)"
66.249.79.36 - - [25/May/2025:02:22:19 +0000] "GET /?safe_search/config?return_url=%2Fproduct%2Fdetail%2F45242903 HTTP/1.1" 200 2065 "-" "Mozilla/5.0 (Linux; Android 6.0.1; Nexus 5X Build/MMB29P) AppleWebKit/537.36 (KHTML, like Gecko) Chrome/136.0.7103.113 Mobile Safari/537.36 (compatible; Googlebot/2.1; +http://www.google.com/bot.html)"
66.249.79.34 - - [25/May/2025:02:24:12 +0000] "GET /?zhHant/product/surugaya/86714978?campaign_uid=f64d716db5e979ed2f947dbaf4296895b951ae7f HTTP/1.1" 200 2065 "-" "Mozilla/5.0 (Linux; Android 6.0.1; Nexus 5X Build/MMB29P) AppleWebKit/537.36 (KHTML, like Gecko) Chrome/136.0.7103.113 Mobile Safari/537.36 (compatible; Googlebot/2.1; +http://www.google.com/bot.html)"
66.249.79.34 - - [25/May/2025:02:20:09 +0000] "GET /?safe_search/config?return_url=%2Fproduct%2Fdetail%2F21725799 HTTP/1.1" 200 2065 "-" "Mozilla/5.0 (Linux; Android 6.0.1; Nexus 5X Build/MMB29P) AppleWebKit/537.36 (KHTML, like Gecko) Chrome/136.0.7103.113 Mobile Safari/537.36 (compatible; Googlebot/2.1; +http://www.google.com/bot.html)"
66.249.79.34 - - [25/May/2025:02:20:10 +0000] "GET /?safe_search/config?return_url=%2Fproduct%2Fdetail%2F61796978 HTTP/1.1" 200 2065 "-" "Mozilla/5.0 (Linux; Android 6.0.1; Nexus 5X Build/MMB29P) AppleWebKit/537.36 (KHTML, like Gecko) Chrome/136.0.7103.113 Mobile Safari/537.36 (compatible; Googlebot/2.1; +http://www.google.com/bot.html)"
66.249.79.33 - - [25/May/2025:02:20:11 +0000] "GET /?pcmypage?callback=/product%2Fdetail%2F99633324 HTTP/1.1" 200 2065 "-" "Mozilla/5.0 (Linux; Android 6.0.1; Nexus 5X Build/MMB29P) AppleWebKit/537.36 (KHTML, like Gecko) Chrome/136.0.7103.113 Mobile Safari/537.36 (compatible; Googlebot/2.1; +http://www.google.com/bot.html)"
66.249.79.33 - - [25/May/2025:02:20:30 +0000] "GET /?shopdetail/27281650 HTTP/1.1" 200 2065 "-" "Mozilla/5.0 (Linux; Android 6.0.1; Nexus 5X Build/MMB29P) AppleWebKit/537.36 (KHTML, like Gecko) Chrome/136.0.7103.113 Mobile Safari/537.36 (compatible; Googlebot/2.1; +http://www.google.com/bot.html)"
66.249.79.35 - - [25/May/2025:02:22:10 +0000] "GET /?shopdetail/30931905 HTTP/1.1" 200 2065 "-" "Mozilla/5.0 (Linux; Android 6.0.1; Nexus 5X Build/MMB29P) AppleWebKit/537.36 (KHTML, like Gecko) Chrome/136.0.7103.113 Mobile Safari/537.36 (compatible; Googlebot/2.1; +http://www.google.com/bot.html)"
66.249.79.34 - - [25/May/2025:02:22:15 +0000] "GET /?shopdetail/12539550 HTTP/1.1" 200 2065 "-" "Mozilla/5.0 (Linux; Android 6.0.1; Nexus 5X Build/MMB29P) AppleWebKit/537.36 (KHTML, like Gecko) Chrome/136.0.7103.113 Mobile Safari/537.36 (compatible; Googlebot/2.1; +http://www.google.com/bot.html)"
66.249.79.35 - - [25/May/2025:02:25:12 +0000] "GET /?pcmypage?callback=product/detail/79880299 HTTP/1.1" 200 2065 "-" "Mozilla/5.0 (Linux; Android 6.0.1; Nexus 5X Build/MMB29P) AppleWebKit/537.36 (KHTML, like Gecko) Chrome/136.0.7103.113 Mobile Safari/537.36 (compatible; Googlebot/2.1; +http://www.google.com/bot.html)"
66.249.79.33 - - [25/May/2025:02:25:14 +0000] "GET /?shopdetail/19102627 HTTP/1.1" 200 2065 "-" "Mozilla/5.0 (Linux; Android 6.0.1; Nexus 5X Build/MMB29P) AppleWebKit/537.36 (KHTML, like Gecko) Chrome/136.0.7103.113 Mobile Safari/537.36 (compatible; Googlebot/2.1; +http://www.google.com/bot.html)"
66.249.79.34 - - [25/May/2025:02:26:13 +0000] "GET /?shopdetail/7643594 HTTP/1.1" 200 2065 "-" "Mozilla/5.0 (Linux; Android 6.0.1; Nexus 5X Build/MMB29P) AppleWebKit/537.36 (KHTML, like Gecko) Chrome/136.0.7103.113 Mobile Safari/537.36 (compatible; Googlebot/2.1; +http://www.google.com/bot.html)"
66.249.79.33 - - [25/May/2025:02:27:18 +0000] "GET /?shopdetail/29912849 HTTP/1.1" 200 2065 "-" "Mozilla/5.0 (Linux; Android 6.0.1; Nexus 5X Build/MMB29P) AppleWebKit/537.36 (KHTML, like Gecko) Chrome/136.0.7103.113 Mobile Safari/537.36 (compatible; Googlebot/2.1; +http://www.google.com/bot.html)"
66.249.79.34 - - [25/May/2025:02:33:14 +0000] "GET /?pcmypage?callback=product/review/26604801 HTTP/1.1" 200 2065 "-" "Mozilla/5.0 (Linux; Android 6.0.1; Nexus 5X Build/MMB29P) AppleWebKit/537.36 (KHTML, like Gecko) Chrome/136.0.7103.113 Mobile Safari/537.36 (compatible; Googlebot/2.1; +http://www.google.com/bot.html)"
66.249.79.35 - - [25/May/2025:02:35:07 +0000] "GET /?shopdetail/26086150 HTTP/1.1" 200 2065 "-" "Mozilla/5.0 (Linux; Android 6.0.1; Nexus 5X Build/MMB29P) AppleWebKit/537.36 (KHTML, like Gecko) Chrome/136.0.7103.113 Mobile Safari/537.36 (compatible; Googlebot/2.1; +http://www.google.com/bot.html)"
45.138.16.89 - - [25/May/2025:02:36:04 +0000] "POST / HTTP/1.1" 200 2399 "-" "Mozilla/5.0 (Linux; U; Android 4.4.2; en-US; HM NOTE 1W Build/KOT49H) AppleWebKit/534.30 (KHTML, like Gecko) Version/4.0 UCBrowser/11.0.5.850 U3/0.8.0 Mobile Safari/534.30"
66.249.79.33 - - [25/May/2025:02:36:15 +0000] "GET /?pcmypage?callback=product%2Fdetail%2F51992303 HTTP/1.1" 200 2065 "-" "Mozilla/5.0 (Linux; Android 6.0.1; Nexus 5X Build/MMB29P) AppleWebKit/537.36 (KHTML, like Gecko) Chrome/136.0.7103.113 Mobile Safari/537.36 (compatible; Googlebot/2.1; +http://www.google.com/bot.html)"
193.111.248.52 - - [25/May/2025:02:36:41 +0000] "GET /wp-login.php HTTP/1.1" 200 9223 "-" "-"
66.249.79.34 - - [25/May/2025:02:39:10 +0000] "GET /?shopdetail/6175550 HTTP/1.1" 200 2065 "-" "Mozilla/5.0 (Linux; Android 6.0.1; Nexus 5X Build/MMB29P) AppleWebKit/537.36 (KHTML, like Gecko) Chrome/136.0.7103.113 Mobile Safari/537.36 (compatible; Googlebot/2.1; +http://www.google.com/bot.html)"
66.249.79.33 - - [25/May/2025:02:39:16 +0000] "GET /?pcmypage?callback=product%2Fdetail%2F59680912 HTTP/1.1" 200 2065 "-" "Mozilla/5.0 (Linux; Android 6.0.1; Nexus 5X Build/MMB29P) AppleWebKit/537.36 (KHTML, like Gecko) Chrome/136.0.7103.113 Mobile Safari/537.36 (compatible; Googlebot/2.1; +http://www.google.com/bot.html)"
66.249.79.33 - - [25/May/2025:02:39:16 +0000] "GET /?safe_search/config?return_url=/product/detail/68219049 HTTP/1.1" 200 2065 "-" "Mozilla/5.0 (Linux; Android 6.0.1; Nexus 5X Build/MMB29P) AppleWebKit/537.36 (KHTML, like Gecko) Chrome/136.0.7103.113 Mobile Safari/537.36 (compatible; Googlebot/2.1; +http://www.google.com/bot.html)"
66.249.79.34 - - [25/May/2025:02:27:15 +0000] "GET /?shopdetail/15874394 HTTP/1.1" 200 2065 "-" "Mozilla/5.0 (Linux; Android 6.0.1; Nexus 5X Build/MMB29P) AppleWebKit/537.36 (KHTML, like Gecko) Chrome/136.0.7103.113 Mobile Safari/537.36 (compatible; Googlebot/2.1; +http://www.google.com/bot.html)"
66.249.79.35 - - [25/May/2025:02:28:12 +0000] "GET /?shopdetail/5813505 HTTP/1.1" 200 2065 "-" "Mozilla/5.0 (Linux; Android 6.0.1; Nexus 5X Build/MMB29P) AppleWebKit/537.36 (KHTML, like Gecko) Chrome/136.0.7103.113 Mobile Safari/537.36 (compatible; Googlebot/2.1; +http://www.google.com/bot.html)"
66.249.79.35 - - [25/May/2025:02:29:11 +0000] "GET /?shopdetail/6049894 HTTP/1.1" 200 2065 "-" "Mozilla/5.0 (Linux; Android 6.0.1; Nexus 5X Build/MMB29P) AppleWebKit/537.36 (KHTML, like Gecko) Chrome/136.0.7103.113 Mobile Safari/537.36 (compatible; Googlebot/2.1; +http://www.google.com/bot.html)"
159.89.236.138 - - [25/May/2025:02:32:57 +0000] "GET / HTTP/1.1" 200 2399 "-" "Mozilla/5.0 (X11; Linux x86_64; rv:136.0) Gecko/20100101 Firefox/136.0"
45.138.16.89 - - [25/May/2025:02:36:04 +0000] "GET /.env HTTP/1.1" 200 2399 "-" "Mozilla/5.0 (Linux; U; Android 4.4.2; en-US; HM NOTE 1W Build/KOT49H) AppleWebKit/534.30 (KHTML, like Gecko) Version/4.0 UCBrowser/11.0.5.850 U3/0.8.0 Mobile Safari/534.30"
66.249.79.34 - - [25/May/2025:02:38:16 +0000] "GET /?shopdetail/26040950 HTTP/1.1" 200 2065 "-" "Mozilla/5.0 (Linux; Android 6.0.1; Nexus 5X Build/MMB29P) AppleWebKit/537.36 (KHTML, like Gecko) Chrome/136.0.7103.113 Mobile Safari/537.36 (compatible; Googlebot/2.1; +http://www.google.com/bot.html)"
66.249.79.33 - - [25/May/2025:02:39:28 +0000] "GET /?shopdetail/29176672 HTTP/1.1" 200 2065 "-" "Mozilla/5.0 (Linux; Android 6.0.1; Nexus 5X Build/MMB29P) AppleWebKit/537.36 (KHTML, like Gecko) Chrome/136.0.7103.113 Mobile Safari/537.36 (compatible; Googlebot/2.1; +http://www.google.com/bot.html)"
66.249.79.33 - - [25/May/2025:02:43:14 +0000] "GET /?shopdetail/11967261 HTTP/1.1" 200 2065 "-" "Mozilla/5.0 (Linux; Android 6.0.1; Nexus 5X Build/MMB29P) AppleWebKit/537.36 (KHTML, like Gecko) Chrome/136.0.7103.113 Mobile Safari/537.36 (compatible; Googlebot/2.1; +http://www.google.com/bot.html)"
66.249.79.33 - - [25/May/2025:02:44:47 +0000] "GET /?shopdetail/2245950 HTTP/1.1" 200 2065 "-" "Mozilla/5.0 (Linux; Android 6.0.1; Nexus 5X Build/MMB29P) AppleWebKit/537.36 (KHTML, like Gecko) Chrome/136.0.7103.113 Mobile Safari/537.36 (compatible; Googlebot/2.1; +http://www.google.com/bot.html)"
66.249.79.35 - - [25/May/2025:02:48:28 +0000] "GET /?pcmypage?callback=product/review/25476182 HTTP/1.1" 200 2065 "-" "Mozilla/5.0 (Linux; Android 6.0.1; Nexus 5X Build/MMB29P) AppleWebKit/537.36 (KHTML, like Gecko) Chrome/136.0.7103.113 Mobile Safari/537.36 (compatible; Googlebot/2.1; +http://www.google.com/bot.html)"
66.249.79.35 - - [25/May/2025:02:50:30 +0000] "GET /?pcmypage?callback=/product%2Fdetail%2F23106501 HTTP/1.1" 200 2065 "-" "Mozilla/5.0 (Linux; Android 6.0.1; Nexus 5X Build/MMB29P) AppleWebKit/537.36 (KHTML, like Gecko) Chrome/136.0.7103.113 Mobile Safari/537.36 (compatible; Googlebot/2.1; +http://www.google.com/bot.html)"
66.249.79.33 - - [25/May/2025:02:52:02 +0000] "GET /?shopdetail/6371149 HTTP/1.1" 200 2065 "-" "Mozilla/5.0 (Linux; Android 6.0.1; Nexus 5X Build/MMB29P) AppleWebKit/537.36 (KHTML, like Gecko) Chrome/136.0.7103.113 Mobile Safari/537.36 (compatible; Googlebot/2.1; +http://www.google.com/bot.html)"
66.249.79.34 - - [25/May/2025:02:52:06 +0000] "GET /?safe_search/config?return_url=%2Fproduct%2Fdetail%2F74569556 HTTP/1.1" 200 2065 "-" "Mozilla/5.0 (Linux; Android 6.0.1; Nexus 5X Build/MMB29P) AppleWebKit/537.36 (KHTML, like Gecko) Chrome/136.0.7103.113 Mobile Safari/537.36 (compatible; Googlebot/2.1; +http://www.google.com/bot.html)"
66.249.79.35 - - [25/May/2025:02:52:17 +0000] "GET /?pcmypage?callback=product%2Fdetail%2F86236880 HTTP/1.1" 200 2065 "-" "Mozilla/5.0 (Linux; Android 6.0.1; Nexus 5X Build/MMB29P) AppleWebKit/537.36 (KHTML, like Gecko) Chrome/136.0.7103.113 Mobile Safari/537.36 (compatible; Googlebot/2.1; +http://www.google.com/bot.html)"
66.249.79.34 - - [25/May/2025:02:44:14 +0000] "GET /?product/edit/11032842 HTTP/1.1" 200 2065 "-" "Mozilla/5.0 (Linux; Android 6.0.1; Nexus 5X Build/MMB29P) AppleWebKit/537.36 (KHTML, like Gecko) Chrome/136.0.7103.113 Mobile Safari/537.36 (compatible; Googlebot/2.1; +http://www.google.com/bot.html)"
66.249.79.35 - - [25/May/2025:02:44:17 +0000] "GET /?shopdetail/15972716 HTTP/1.1" 200 2065 "-" "Mozilla/5.0 (Linux; Android 6.0.1; Nexus 5X Build/MMB29P) AppleWebKit/537.36 (KHTML, like Gecko) Chrome/136.0.7103.113 Mobile Safari/537.36 (compatible; Googlebot/2.1; +http://www.google.com/bot.html)"
66.249.79.34 - - [25/May/2025:02:44:28 +0000] "GET /?shopdetail/22834283 HTTP/1.1" 200 2065 "-" "Mozilla/5.0 (Linux; Android 6.0.1; Nexus 5X Build/MMB29P) AppleWebKit/537.36 (KHTML, like Gecko) Chrome/136.0.7103.113 Mobile Safari/537.36 (compatible; Googlebot/2.1; +http://www.google.com/bot.html)"
114.119.133.146 - - [25/May/2025:02:47:59 +0000] "GET /billing/index.php?rp=/announcements/view/2022-03&language=swedish HTTP/1.1" 200 2399 "https://pulsehost.co.uk/billing/index.php?rp=/announcements/view/2022-03&language=swedish" "Mozilla/5.0 (Linux; Android 7.0;) AppleWebKit/537.36 (KHTML, like Gecko) Mobile Safari/537.36 (compatible; PetalBot;+https://webmaster.petalsearch.com/site/petalbot)"
66.249.79.34 - - [25/May/2025:02:48:27 +0000] "GET /?pcmypage?callback=product/review/69174051 HTTP/1.1" 200 2065 "-" "Mozilla/5.0 (Linux; Android 6.0.1; Nexus 5X Build/MMB29P) AppleWebKit/537.36 (KHTML, like Gecko) Chrome/136.0.7103.113 Mobile Safari/537.36 (compatible; Googlebot/2.1; +http://www.google.com/bot.html)"
66.249.79.35 - - [25/May/2025:02:50:29 +0000] "GET /?safe_search/config?return_url=%2Fproduct%2Fdetail%2F66634011 HTTP/1.1" 200 2065 "-" "Mozilla/5.0 (Linux; Android 6.0.1; Nexus 5X Build/MMB29P) AppleWebKit/537.36 (KHTML, like Gecko) Chrome/136.0.7103.113 Mobile Safari/537.36 (compatible; Googlebot/2.1; +http://www.google.com/bot.html)"
66.249.79.36 - - [25/May/2025:02:50:29 +0000] "GET /robots.txt HTTP/1.1" 200 70 "-" "Mozilla/5.0 (compatible; Googlebot/2.1; +http://www.google.com/bot.html)"
198.145.140.201 - - [25/May/2025:02:52:46 +0000] "GET /%22 HTTP/1.1" 500 1034 "-" "Mozilla/5.0 (Windows NT 10.0; Win64; x64) AppleWebKit/537.36 (KHTML, like Gecko) Chrome/132.0.0.0 Safari/537.36 OPR/117.0.0."
66.249.79.33 - - [25/May/2025:02:53:59 +0000] "GET /?shopdetail/28084294 HTTP/1.1" 200 2065 "-" "Mozilla/5.0 (Linux; Android 6.0.1; Nexus 5X Build/MMB29P) AppleWebKit/537.36 (KHTML, like Gecko) Chrome/136.0.7103.113 Mobile Safari/537.36 (compatible; Googlebot/2.1; +http://www.google.com/bot.html)"
66.249.79.33 - - [25/May/2025:02:54:00 +0000] "GET /?shopdetail/20707216 HTTP/1.1" 200 2065 "-" "Mozilla/5.0 (Linux; Android 6.0.1; Nexus 5X Build/MMB29P) AppleWebKit/537.36 (KHTML, like Gecko) Chrome/136.0.7103.113 Mobile Safari/537.36 (compatible; Googlebot/2.1; +http://www.google.com/bot.html)"
40.77.167.108 - - [25/May/2025:02:56:29 +0000] "GET /robots.txt HTTP/2" 200 70 "-" "Mozilla/5.0 AppleWebKit/537.36 (KHTML, like Gecko; compatible; bingbot/2.0; +http://www.bing.com/bingbot.htm) Chrome/116.0.1938.76 Safari/537.36"
207.46.13.52 - - [25/May/2025:02:56:31 +0000] "GET /?events/ HTTP/2" 200 2065 "-" "Mozilla/5.0 AppleWebKit/537.36 (KHTML, like Gecko; compatible; bingbot/2.0; +http://www.bing.com/bingbot.htm) Chrome/116.0.1938.76 Safari/537.36"
66.249.79.33 - - [25/May/2025:02:56:32 +0000] "GET /?safe_search/config?return_url=%2Fproduct%2Fdetail%2F66645218 HTTP/1.1" 200 2065 "-" "Mozilla/5.0 (Linux; Android 6.0.1; Nexus 5X Build/MMB29P) AppleWebKit/537.36 (KHTML, like Gecko) Chrome/136.0.7103.113 Mobile Safari/537.36 (compatible; Googlebot/2.1; +http://www.google.com/bot.html)"
66.249.79.35 - - [25/May/2025:02:56:33 +0000] "GET /?shopdetail/30495027 HTTP/1.1" 200 2065 "-" "Mozilla/5.0 (Linux; Android 6.0.1; Nexus 5X Build/MMB29P) AppleWebKit/537.36 (KHTML, like Gecko) Chrome/136.0.7103.113 Mobile Safari/537.36 (compatible; Googlebot/2.1; +http://www.google.com/bot.html)"
66.249.79.36 - - [25/May/2025:02:53:31 +0000] "GET /?pcmypage?callback=/product/detail/17529770 HTTP/1.1" 200 2065 "-" "Mozilla/5.0 (Linux; Android 6.0.1; Nexus 5X Build/MMB29P) AppleWebKit/537.36 (KHTML, like Gecko) Chrome/136.0.7103.113 Mobile Safari/537.36 (compatible; Googlebot/2.1; +http://www.google.com/bot.html)"
66.249.79.33 - - [25/May/2025:02:55:32 +0000] "GET /?pcmypage?callback=product/review/99279594 HTTP/1.1" 200 2065 "-" "Mozilla/5.0 (Linux; Android 6.0.1; Nexus 5X Build/MMB29P) AppleWebKit/537.36 (KHTML, like Gecko) Chrome/136.0.7103.113 Mobile Safari/537.36 (compatible; Googlebot/2.1; +http://www.google.com/bot.html)"
66.249.79.35 - - [25/May/2025:02:56:33 +0000] "GET /?zhHant/product/surugaya/89772348?campaign_uid=f64d716db5e979ed2f947dbaf4296895b951ae7f HTTP/1.1" 200 2065 "-" "Mozilla/5.0 (Linux; Android 6.0.1; Nexus 5X Build/MMB29P) AppleWebKit/537.36 (KHTML, like Gecko) Chrome/136.0.7103.113 Mobile Safari/537.36 (compatible; Googlebot/2.1; +http://www.google.com/bot.html)"
40.77.188.147 - - [25/May/2025:02:56:42 +0000] "GET /wp-content/plugins/minimal-coming-soon-maintenance-mode/framework/public/css/public.css?v=6.58 HTTP/2" 200 57327 "-" "Mozilla/5.0 AppleWebKit/537.36 (KHTML, like Gecko; compatible; bingbot/2.0; +http://www.bing.com/bingbot.htm) Chrome/100.0.4896.127 Safari/537.36"
40.77.188.146 - - [25/May/2025:02:56:42 +0000] "GET /wp-includes/js/jquery/jquery.js HTTP/2" 200 285334 "-" "Mozilla/5.0 AppleWebKit/537.36 (KHTML, like Gecko; compatible; bingbot/2.0; +http://www.bing.com/bingbot.htm) Chrome/100.0.4896.127 Safari/537.36"
40.77.189.208 - - [25/May/2025:02:56:43 +0000] "GET /wp-content/plugins/minimal-coming-soon-maintenance-mode/framework/public/css/fonts/icomoon.woff?-3p8lp4 HTTP/2" 200 90260 "-" "Mozilla/5.0 AppleWebKit/537.36 (KHTML, like Gecko; compatible; bingbot/2.0; +http://www.bing.com/bingbot.htm) Chrome/100.0.4896.127 Safari/537.36"
