66.249.79.34 - - [24/May/2025:14:04:29 +0000] "GET /?shopdetail/27790649 HTTP/1.1" 200 2065 "-" "Mozilla/5.0 (Linux; Android 6.0.1; Nexus 5X Build/MMB29P) AppleWebKit/537.36 (KHTML, like Gecko) Chrome/136.0.7103.113 Mobile Safari/537.36 (compatible; Googlebot/2.1; +http://www.google.com/bot.html)"
66.249.79.37 - - [24/May/2025:14:01:52 +0000] "GET /?safe_search/config?return_url=/product/detail/92299835 HTTP/1.1" 200 2065 "-" "Mozilla/5.0 (Linux; Android 6.0.1; Nexus 5X Build/MMB29P) AppleWebKit/537.36 (KHTML, like Gecko) Chrome/136.0.7103.113 Mobile Safari/537.36 (compatible; Googlebot/2.1; +http://www.google.com/bot.html)"
66.249.79.35 - - [24/May/2025:14:02:16 +0000] "GET /?shopdetail/1651349 HTTP/1.1" 200 2065 "-" "Mozilla/5.0 (Linux; Android 6.0.1; Nexus 5X Build/MMB29P) AppleWebKit/537.36 (KHTML, like Gecko) Chrome/136.0.7103.113 Mobile Safari/537.36 (compatible; Googlebot/2.1; +http://www.google.com/bot.html)"
66.249.79.33 - - [24/May/2025:14:03:48 +0000] "GET /?safe_search/config?return_url=%2Fproduct%2Fdetail%2F74011517 HTTP/1.1" 200 2065 "-" "Mozilla/5.0 (Linux; Android 6.0.1; Nexus 5X Build/MMB29P) AppleWebKit/537.36 (KHTML, like Gecko) Chrome/136.0.7103.113 Mobile Safari/537.36 (compatible; Googlebot/2.1; +http://www.google.com/bot.html)"
66.249.79.35 - - [24/May/2025:14:06:53 +0000] "GET /?safe_search/config?return_url=/product/detail/27226693 HTTP/1.1" 200 2065 "-" "Mozilla/5.0 (Linux; Android 6.0.1; Nexus 5X Build/MMB29P) AppleWebKit/537.36 (KHTML, like Gecko) Chrome/136.0.7103.113 Mobile Safari/537.36 (compatible; Googlebot/2.1; +http://www.google.com/bot.html)"
66.249.79.35 - - [24/May/2025:14:10:57 +0000] "GET /?shopdetail/27182861 HTTP/1.1" 200 2065 "-" "Mozilla/5.0 (Linux; Android 6.0.1; Nexus 5X Build/MMB29P) AppleWebKit/537.36 (KHTML, like Gecko) Chrome/136.0.7103.113 Mobile Safari/537.36 (compatible; Googlebot/2.1; +http://www.google.com/bot.html)"
66.249.79.33 - - [24/May/2025:14:11:33 +0000] "GET /?shopdetail/27412361 HTTP/1.1" 200 2065 "-" "Mozilla/5.0 (Linux; Android 6.0.1; Nexus 5X Build/MMB29P) AppleWebKit/537.36 (KHTML, like Gecko) Chrome/136.0.7103.113 Mobile Safari/537.36 (compatible; Googlebot/2.1; +http://www.google.com/bot.html)"
66.249.79.33 - - [24/May/2025:14:11:53 +0000] "GET /?shopdetail/17813116 HTTP/1.1" 200 2065 "-" "Mozilla/5.0 (Linux; Android 6.0.1; Nexus 5X Build/MMB29P) AppleWebKit/537.36 (KHTML, like Gecko) Chrome/136.0.7103.113 Mobile Safari/537.36 (compatible; Googlebot/2.1; +http://www.google.com/bot.html)"
66.249.79.34 - - [24/May/2025:14:12:00 +0000] "GET /?shopdetail/22744938 HTTP/1.1" 200 2065 "-" "Mozilla/5.0 (Linux; Android 6.0.1; Nexus 5X Build/MMB29P) AppleWebKit/537.36 (KHTML, like Gecko) Chrome/136.0.7103.113 Mobile Safari/537.36 (compatible; Googlebot/2.1; +http://www.google.com/bot.html)"
66.249.79.34 - - [24/May/2025:14:12:02 +0000] "GET /?safe_search/config?return_url=%2Fproduct%2Fdetail%2F98775872 HTTP/1.1" 200 2065 "-" "Mozilla/5.0 (Linux; Android 6.0.1; Nexus 5X Build/MMB29P) AppleWebKit/537.36 (KHTML, like Gecko) Chrome/136.0.7103.113 Mobile Safari/537.36 (compatible; Googlebot/2.1; +http://www.google.com/bot.html)"
66.249.79.33 - - [24/May/2025:14:14:23 +0000] "GET /?shopdetail/28787394 HTTP/1.1" 200 2065 "-" "Mozilla/5.0 (Linux; Android 6.0.1; Nexus 5X Build/MMB29P) AppleWebKit/537.36 (KHTML, like Gecko) Chrome/136.0.7103.113 Mobile Safari/537.36 (compatible; Googlebot/2.1; +http://www.google.com/bot.html)"
66.249.79.35 - - [24/May/2025:14:16:28 +0000] "GET /robots.txt HTTP/1.1" 200 70 "-" "Mozilla/5.0 (compatible; Googlebot/2.1; +http://www.google.com/bot.html)"
66.249.79.33 - - [24/May/2025:14:16:27 +0000] "GET /?shopdetail/21744616 HTTP/1.1" 200 2065 "-" "Mozilla/5.0 (Linux; Android 6.0.1; Nexus 5X Build/MMB29P) AppleWebKit/537.36 (KHTML, like Gecko) Chrome/136.0.7103.113 Mobile Safari/537.36 (compatible; Googlebot/2.1; +http://www.google.com/bot.html)"
66.249.79.33 - - [24/May/2025:14:17:16 +0000] "GET /?shopdetail/1522572 HTTP/1.1" 200 2065 "-" "Mozilla/5.0 (Linux; Android 6.0.1; Nexus 5X Build/MMB29P) AppleWebKit/537.36 (KHTML, like Gecko) Chrome/136.0.7103.113 Mobile Safari/537.36 (compatible; Googlebot/2.1; +http://www.google.com/bot.html)"
66.249.79.33 - - [24/May/2025:14:20:16 +0000] "GET /?shopdetail/20130661 HTTP/1.1" 200 2065 "-" "Mozilla/5.0 (Linux; Android 6.0.1; Nexus 5X Build/MMB29P) AppleWebKit/537.36 (KHTML, like Gecko) Chrome/136.0.7103.113 Mobile Safari/537.36 (compatible; Googlebot/2.1; +http://www.google.com/bot.html)"
66.249.79.33 - - [24/May/2025:14:20:19 +0000] "GET /?shopdetail/21880261 HTTP/1.1" 200 2065 "-" "Mozilla/5.0 (Linux; Android 6.0.1; Nexus 5X Build/MMB29P) AppleWebKit/537.36 (KHTML, like Gecko) Chrome/136.0.7103.113 Mobile Safari/537.36 (compatible; Googlebot/2.1; +http://www.google.com/bot.html)"
66.249.79.35 - - [24/May/2025:14:21:22 +0000] "GET /robots.txt HTTP/1.1" 200 70 "-" "Mozilla/5.0 (compatible; Googlebot/2.1; +http://www.google.com/bot.html)"
66.249.79.37 - - [24/May/2025:14:22:26 +0000] "GET /?pcmypage?callback=product/detail/27055125 HTTP/1.1" 200 2065 "-" "Mozilla/5.0 (Linux; Android 6.0.1; Nexus 5X Build/MMB29P) AppleWebKit/537.36 (KHTML, like Gecko) Chrome/136.0.7103.113 Mobile Safari/537.36 (compatible; Googlebot/2.1; +http://www.google.com/bot.html)"
66.249.79.34 - - [24/May/2025:14:17:24 +0000] "GET /?shopdetail/20874505 HTTP/1.1" 200 2065 "-" "Mozilla/5.0 (Linux; Android 6.0.1; Nexus 5X Build/MMB29P) AppleWebKit/537.36 (KHTML, like Gecko) Chrome/136.0.7103.113 Mobile Safari/537.36 (compatible; Googlebot/2.1; +http://www.google.com/bot.html)"
66.249.79.33 - - [24/May/2025:14:20:16 +0000] "GET /robots.txt HTTP/1.1" 200 70 "-" "Mozilla/5.0 (compatible; Googlebot/2.1; +http://www.google.com/bot.html)"
66.249.79.34 - - [24/May/2025:14:21:22 +0000] "GET /?pcmypage?callback=/product%2Fdetail%2F35096173 HTTP/1.1" 200 2065 "-" "Mozilla/5.0 (Linux; Android 6.0.1; Nexus 5X Build/MMB29P) AppleWebKit/537.36 (KHTML, like Gecko) Chrome/136.0.7103.113 Mobile Safari/537.36 (compatible; Googlebot/2.1; +http://www.google.com/bot.html)"
66.249.79.35 - - [24/May/2025:14:22:25 +0000] "GET /robots.txt HTTP/1.1" 200 70 "-" "Mozilla/5.0 (compatible; Googlebot/2.1; +http://www.google.com/bot.html)"
66.249.79.35 - - [24/May/2025:14:22:25 +0000] "GET /?shopdetail/22410149 HTTP/1.1" 200 2065 "-" "Mozilla/5.0 (Linux; Android 6.0.1; Nexus 5X Build/MMB29P) AppleWebKit/537.36 (KHTML, like Gecko) Chrome/136.0.7103.113 Mobile Safari/537.36 (compatible; Googlebot/2.1; +http://www.google.com/bot.html)"
205.210.31.49 - - [24/May/2025:14:22:36 +0000] "GET / HTTP/1.1" 200 7860 "-" "-"
66.249.79.33 - - [24/May/2025:14:24:59 +0000] "GET /robots.txt HTTP/1.1" 200 70 "-" "Mozilla/5.0 (compatible; Googlebot/2.1; +http://www.google.com/bot.html)"
66.249.79.34 - - [24/May/2025:14:25:16 +0000] "GET /?safe_search/config?return_url=%2Fproduct%2Fdetail%2F14067011 HTTP/1.1" 200 2065 "-" "Mozilla/5.0 (Linux; Android 6.0.1; Nexus 5X Build/MMB29P) AppleWebKit/537.36 (KHTML, like Gecko) Chrome/136.0.7103.113 Mobile Safari/537.36 (compatible; Googlebot/2.1; +http://www.google.com/bot.html)"
45.85.88.115 - - [24/May/2025:14:27:12 +0000] "POST /wp-cron.php?doing_wp_cron=1748096832.6406779289245605468750 HTTP/1.1" 200 0 "-" "WordPress/6.8.1; https://pulsehost.co.uk"
103.164.54.60 - - [24/May/2025:14:27:12 +0000] "GET /wp-login.php HTTP/1.1" 200 2825 "-" "Mozilla/5.0 (Windows NT 10.0; Win64; x64) AppleWebKit/537.36 (KHTML, like Gecko) Chrome/91.0.4472.124 Safari/537.36"
103.164.54.60 - - [24/May/2025:14:27:13 +0000] "POST /wp-login.php HTTP/1.1" 200 3030 "https://pulsehost.co.uk/wp-admin/" "Mozilla/5.0 (Windows NT 10.0; Win64; x64) AppleWebKit/537.36 (KHTML, like Gecko) Chrome/91.0.4472.124 Safari/537.36"
103.164.54.60 - - [24/May/2025:14:27:13 +0000] "GET /wp-admin/ HTTP/1.1" 302 0 "-" "Mozilla/5.0 (Windows NT 10.0; Win64; x64) AppleWebKit/537.36 (KHTML, like Gecko) Chrome/91.0.4472.124 Safari/537.36"
103.164.54.60 - - [24/May/2025:14:27:13 +0000] "GET /wp-login.php?redirect_to=https%3A%2F%2Fpulsehost.co.uk%2Fwp-admin%2F&reauth=1 HTTP/1.1" 200 2833 "-" "Mozilla/5.0 (Windows NT 10.0; Win64; x64) AppleWebKit/537.36 (KHTML, like Gecko) Chrome/91.0.4472.124 Safari/537.36"
198.55.98.76 - - [24/May/2025:14:28:59 +0000] "GET /.env.save HTTP/1.1" 200 2399 "-" "Mozilla/5.0 (iPad; CPU OS 5_1 like Mac OS X) AppleWebKit/534.46 (KHTML, like Gecko ) Version/5.1 Mobile/9B176 Safari/7534.48.3"
114.119.158.94 - - [24/May/2025:14:29:32 +0000] "GET /billing/index.php?rp=/store/business-web-hosting/medium-business&language=swedish HTTP/1.1" 200 2399 "https://pulsehost.co.uk/billing/cart.php?a=add&pid=3&language=croatian" "Mozilla/5.0 (Linux; Android 7.0;) AppleWebKit/537.36 (KHTML, like Gecko) Mobile Safari/537.36 (compatible; PetalBot;+https://webmaster.petalsearch.com/site/petalbot)"
66.249.79.33 - - [24/May/2025:14:31:57 +0000] "GET /?safe_search/config?return_url=/product/detail/40894962 HTTP/1.1" 200 2065 "-" "Mozilla/5.0 (Linux; Android 6.0.1; Nexus 5X Build/MMB29P) AppleWebKit/537.36 (KHTML, like Gecko) Chrome/136.0.7103.113 Mobile Safari/537.36 (compatible; Googlebot/2.1; +http://www.google.com/bot.html)"
66.249.79.35 - - [24/May/2025:14:33:25 +0000] "GET /?shopdetail/23188705 HTTP/1.1" 200 2065 "-" "Mozilla/5.0 (Linux; Android 6.0.1; Nexus 5X Build/MMB29P) AppleWebKit/537.36 (KHTML, like Gecko) Chrome/136.0.7103.113 Mobile Safari/537.36 (compatible; Googlebot/2.1; +http://www.google.com/bot.html)"
114.119.153.232 - - [24/May/2025:14:23:06 +0000] "GET /billing/index.php?rp=/announcements/view/2021-03&language=hebrew HTTP/1.1" 200 2399 "https://pulsehost.co.uk/billing/index.php?rp=%2Fannouncements%2Fview%2F2021-03&language=croatian" "Mozilla/5.0 (Linux; Android 7.0;) AppleWebKit/537.36 (KHTML, like Gecko) Mobile Safari/537.36 (compatible; PetalBot;+https://webmaster.petalsearch.com/site/petalbot)"
66.249.79.34 - - [24/May/2025:14:24:59 +0000] "GET /?shopdetail/31034527 HTTP/1.1" 200 2065 "-" "Mozilla/5.0 (Linux; Android 6.0.1; Nexus 5X Build/MMB29P) AppleWebKit/537.36 (KHTML, like Gecko) Chrome/136.0.7103.113 Mobile Safari/537.36 (compatible; Googlebot/2.1; +http://www.google.com/bot.html)"
66.249.79.35 - - [24/May/2025:14:26:27 +0000] "GET /robots.txt HTTP/1.1" 200 70 "-" "Mozilla/5.0 (compatible; Googlebot/2.1; +http://www.google.com/bot.html)"
66.249.79.34 - - [24/May/2025:14:26:27 +0000] "GET /?pcmypage?callback=product/detail/45238020 HTTP/1.1" 200 2065 "-" "Mozilla/5.0 (Linux; Android 6.0.1; Nexus 5X Build/MMB29P) AppleWebKit/537.36 (KHTML, like Gecko) Chrome/136.0.7103.113 Mobile Safari/537.36 (compatible; Googlebot/2.1; +http://www.google.com/bot.html)"
66.249.79.34 - - [24/May/2025:14:28:12 +0000] "GET /robots.txt HTTP/1.1" 200 70 "-" "Mozilla/5.0 (compatible; Googlebot/2.1; +http://www.google.com/bot.html)"
66.249.79.33 - - [24/May/2025:14:28:12 +0000] "GET /?pcmypage?callback=product%2Fdetail%2F64427682 HTTP/1.1" 200 2065 "-" "Mozilla/5.0 (Linux; Android 6.0.1; Nexus 5X Build/MMB29P) AppleWebKit/537.36 (KHTML, like Gecko) Chrome/136.0.7103.113 Mobile Safari/537.36 (compatible; Googlebot/2.1; +http://www.google.com/bot.html)"
66.249.79.35 - - [24/May/2025:14:31:56 +0000] "GET /?shopdetail/22107150 HTTP/1.1" 200 2065 "-" "Mozilla/5.0 (Linux; Android 6.0.1; Nexus 5X Build/MMB29P) AppleWebKit/537.36 (KHTML, like Gecko) Chrome/136.0.7103.113 Mobile Safari/537.36 (compatible; Googlebot/2.1; +http://www.google.com/bot.html)"
66.249.79.36 - - [24/May/2025:14:32:20 +0000] "GET /?pcmypage?callback=/product/detail/80287164 HTTP/1.1" 200 2065 "-" "Mozilla/5.0 (Linux; Android 6.0.1; Nexus 5X Build/MMB29P) AppleWebKit/537.36 (KHTML, like Gecko) Chrome/136.0.7103.113 Mobile Safari/537.36 (compatible; Googlebot/2.1; +http://www.google.com/bot.html)"
66.249.79.34 - - [24/May/2025:14:32:33 +0000] "GET /?shopdetail/14939950 HTTP/1.1" 200 2065 "-" "Mozilla/5.0 (Linux; Android 6.0.1; Nexus 5X Build/MMB29P) AppleWebKit/537.36 (KHTML, like Gecko) Chrome/136.0.7103.113 Mobile Safari/537.36 (compatible; Googlebot/2.1; +http://www.google.com/bot.html)"
66.249.79.37 - - [24/May/2025:14:36:22 +0000] "GET /?pcmypage?callback=/product/detail/56524824 HTTP/1.1" 200 2065 "-" "Mozilla/5.0 (Linux; Android 6.0.1; Nexus 5X Build/MMB29P) AppleWebKit/537.36 (KHTML, like Gecko) Chrome/136.0.7103.113 Mobile Safari/537.36 (compatible; Googlebot/2.1; +http://www.google.com/bot.html)"
66.249.79.35 - - [24/May/2025:14:37:23 +0000] "GET /?safe_search/config?return_url=/product/detail/29439555 HTTP/1.1" 200 2065 "-" "Mozilla/5.0 (Linux; Android 6.0.1; Nexus 5X Build/MMB29P) AppleWebKit/537.36 (KHTML, like Gecko) Chrome/136.0.7103.113 Mobile Safari/537.36 (compatible; Googlebot/2.1; +http://www.google.com/bot.html)"
114.119.153.232 - - [24/May/2025:14:38:35 +0000] "GET /billing/index.php?rp=/announcements/view/older&language=russian HTTP/1.1" 200 2399 "https://pulsehost.co.uk/billing/index.php?rp=%2Fannouncements%2Fview%2Folder&language=turkish" "Mozilla/5.0 (Linux; Android 7.0;) AppleWebKit/537.36 (KHTML, like Gecko) Mobile Safari/537.36 (compatible; PetalBot;+https://webmaster.petalsearch.com/site/petalbot)"
66.249.79.34 - - [24/May/2025:14:34:19 +0000] "GET /?shopdetail/20319672 HTTP/1.1" 200 2065 "-" "Mozilla/5.0 (Linux; Android 6.0.1; Nexus 5X Build/MMB29P) AppleWebKit/537.36 (KHTML, like Gecko) Chrome/136.0.7103.113 Mobile Safari/537.36 (compatible; Googlebot/2.1; +http://www.google.com/bot.html)"
66.249.79.34 - - [24/May/2025:14:35:22 +0000] "GET /?safe_search/config?return_url=/product/detail/68787578 HTTP/1.1" 200 2065 "-" "Mozilla/5.0 (Linux; Android 6.0.1; Nexus 5X Build/MMB29P) AppleWebKit/537.36 (KHTML, like Gecko) Chrome/136.0.7103.113 Mobile Safari/537.36 (compatible; Googlebot/2.1; +http://www.google.com/bot.html)"
114.119.136.175 - - [24/May/2025:14:40:34 +0000] "GET /billing/index.php?rp=/announcements/view/2021-03&language=danish HTTP/1.1" 200 2399 "https://pulsehost.co.uk/billing/index.php?rp=/announcements/view/2021-03&language=danish" "Mozilla/5.0 (Linux; Android 7.0;) AppleWebKit/537.36 (KHTML, like Gecko) Mobile Safari/537.36 (compatible; PetalBot;+https://webmaster.petalsearch.com/site/petalbot)"
114.119.158.94 - - [24/May/2025:14:42:32 +0000] "GET /billing/index.php?rp=/announcements/view/older&language=azerbaijani HTTP/1.1" 200 2399 "https://pulsehost.co.uk/billing/index.php?rp=%2Fannouncements%2Fview%2Folder&language=turkish" "Mozilla/5.0 (Linux; Android 7.0;) AppleWebKit/537.36 (KHTML, like Gecko) Mobile Safari/537.36 (compatible; PetalBot;+https://webmaster.petalsearch.com/site/petalbot)"
66.249.79.34 - - [24/May/2025:14:43:06 +0000] "GET /?shopdetail/20036549 HTTP/1.1" 200 2065 "-" "Mozilla/5.0 (Linux; Android 6.0.1; Nexus 5X Build/MMB29P) AppleWebKit/537.36 (KHTML, like Gecko) Chrome/136.0.7103.113 Mobile Safari/537.36 (compatible; Googlebot/2.1; +http://www.google.com/bot.html)"
66.249.79.33 - - [24/May/2025:14:44:15 +0000] "GET /?shopdetail/12614483 HTTP/1.1" 200 2065 "-" "Mozilla/5.0 (Linux; Android 6.0.1; Nexus 5X Build/MMB29P) AppleWebKit/537.36 (KHTML, like Gecko) Chrome/136.0.7103.113 Mobile Safari/537.36 (compatible; Googlebot/2.1; +http://www.google.com/bot.html)"
66.249.79.33 - - [24/May/2025:14:44:25 +0000] "GET /?shopdetail/2156061 HTTP/1.1" 200 2065 "-" "Mozilla/5.0 (Linux; Android 6.0.1; Nexus 5X Build/MMB29P) AppleWebKit/537.36 (KHTML, like Gecko) Chrome/136.0.7103.113 Mobile Safari/537.36 (compatible; Googlebot/2.1; +http://www.google.com/bot.html)"
66.249.79.34 - - [24/May/2025:14:44:25 +0000] "GET /?shopdetail/21609494 HTTP/1.1" 200 2065 "-" "Mozilla/5.0 (Linux; Android 6.0.1; Nexus 5X Build/MMB29P) AppleWebKit/537.36 (KHTML, like Gecko) Chrome/136.0.7103.113 Mobile Safari/537.36 (compatible; Googlebot/2.1; +http://www.google.com/bot.html)"
66.249.79.34 - - [24/May/2025:14:45:01 +0000] "GET /?shopdetail/10472272 HTTP/1.1" 200 2065 "-" "Mozilla/5.0 (Linux; Android 6.0.1; Nexus 5X Build/MMB29P) AppleWebKit/537.36 (KHTML, like Gecko) Chrome/136.0.7103.113 Mobile Safari/537.36 (compatible; Googlebot/2.1; +http://www.google.com/bot.html)"
66.249.79.33 - - [24/May/2025:14:45:12 +0000] "GET /?shopdetail/9107249 HTTP/1.1" 200 2065 "-" "Mozilla/5.0 (Linux; Android 6.0.1; Nexus 5X Build/MMB29P) AppleWebKit/537.36 (KHTML, like Gecko) Chrome/136.0.7103.113 Mobile Safari/537.36 (compatible; Googlebot/2.1; +http://www.google.com/bot.html)"
66.249.79.33 - - [24/May/2025:14:45:16 +0000] "GET /?shopdetail/27423538 HTTP/1.1" 200 2065 "-" "Mozilla/5.0 (Linux; Android 6.0.1; Nexus 5X Build/MMB29P) AppleWebKit/537.36 (KHTML, like Gecko) Chrome/136.0.7103.113 Mobile Safari/537.36 (compatible; Googlebot/2.1; +http://www.google.com/bot.html)"
66.249.79.34 - - [24/May/2025:14:46:01 +0000] "GET /?pcmypage?callback=product%2Fdetail%2F64878849 HTTP/1.1" 200 2065 "-" "Mozilla/5.0 (Linux; Android 6.0.1; Nexus 5X Build/MMB29P) AppleWebKit/537.36 (KHTML, like Gecko) Chrome/136.0.7103.113 Mobile Safari/537.36 (compatible; Googlebot/2.1; +http://www.google.com/bot.html)"
66.249.79.36 - - [24/May/2025:14:46:02 +0000] "GET /?pcmypage?callback=product%2Fdetail%2F26594018 HTTP/1.1" 200 2065 "-" "Mozilla/5.0 (Linux; Android 6.0.1; Nexus 5X Build/MMB29P) AppleWebKit/537.36 (KHTML, like Gecko) Chrome/136.0.7103.113 Mobile Safari/537.36 (compatible; Googlebot/2.1; +http://www.google.com/bot.html)"
66.249.79.34 - - [24/May/2025:14:46:17 +0000] "GET /?shopdetail/5696549 HTTP/1.1" 200 2065 "-" "Mozilla/5.0 (Linux; Android 6.0.1; Nexus 5X Build/MMB29P) AppleWebKit/537.36 (KHTML, like Gecko) Chrome/136.0.7103.113 Mobile Safari/537.36 (compatible; Googlebot/2.1; +http://www.google.com/bot.html)"
66.249.79.33 - - [24/May/2025:14:46:18 +0000] "GET /?shopdetail/15793683 HTTP/1.1" 200 2065 "-" "Mozilla/5.0 (Linux; Android 6.0.1; Nexus 5X Build/MMB29P) AppleWebKit/537.36 (KHTML, like Gecko) Chrome/136.0.7103.113 Mobile Safari/537.36 (compatible; Googlebot/2.1; +http://www.google.com/bot.html)"
66.249.79.34 - - [24/May/2025:14:46:18 +0000] "GET /?shopdetail/21893049 HTTP/1.1" 200 2065 "-" "Mozilla/5.0 (Linux; Android 6.0.1; Nexus 5X Build/MMB29P) AppleWebKit/537.36 (KHTML, like Gecko) Chrome/136.0.7103.113 Mobile Safari/537.36 (compatible; Googlebot/2.1; +http://www.google.com/bot.html)"
66.249.79.33 - - [24/May/2025:14:46:21 +0000] "GET /?shopdetail/22002083 HTTP/1.1" 200 2065 "-" "Mozilla/5.0 (Linux; Android 6.0.1; Nexus 5X Build/MMB29P) AppleWebKit/537.36 (KHTML, like Gecko) Chrome/136.0.7103.113 Mobile Safari/537.36 (compatible; Googlebot/2.1; +http://www.google.com/bot.html)"
66.249.79.35 - - [24/May/2025:14:46:22 +0000] "GET /?safe_search/config?return_url=/product/detail/98397075 HTTP/1.1" 200 2065 "-" "Mozilla/5.0 (Linux; Android 6.0.1; Nexus 5X Build/MMB29P) AppleWebKit/537.36 (KHTML, like Gecko) Chrome/136.0.7103.113 Mobile Safari/537.36 (compatible; Googlebot/2.1; +http://www.google.com/bot.html)"
66.249.79.33 - - [24/May/2025:14:46:22 +0000] "GET /?pcmypage?callback=product/review/98408717 HTTP/1.1" 200 2065 "-" "Mozilla/5.0 (Linux; Android 6.0.1; Nexus 5X Build/MMB29P) AppleWebKit/537.36 (KHTML, like Gecko) Chrome/136.0.7103.113 Mobile Safari/537.36 (compatible; Googlebot/2.1; +http://www.google.com/bot.html)"
66.249.79.33 - - [24/May/2025:14:46:23 +0000] "GET /?zhHant/product/surugaya/25123470?campaign_uid=f64d716db5e979ed2f947dbaf4296895b951ae7f HTTP/1.1" 200 2065 "-" "Mozilla/5.0 (Linux; Android 6.0.1; Nexus 5X Build/MMB29P) AppleWebKit/537.36 (KHTML, like Gecko) Chrome/136.0.7103.113 Mobile Safari/537.36 (compatible; Googlebot/2.1; +http://www.google.com/bot.html)"
66.249.79.33 - - [24/May/2025:14:46:23 +0000] "GET /?product/edit/44785556 HTTP/1.1" 200 2065 "-" "Mozilla/5.0 (Linux; Android 6.0.1; Nexus 5X Build/MMB29P) AppleWebKit/537.36 (KHTML, like Gecko) Chrome/136.0.7103.113 Mobile Safari/537.36 (compatible; Googlebot/2.1; +http://www.google.com/bot.html)"
66.249.79.33 - - [24/May/2025:14:46:24 +0000] "GET /?pcmypage?callback=product/review/48557741 HTTP/1.1" 200 2065 "-" "Mozilla/5.0 (Linux; Android 6.0.1; Nexus 5X Build/MMB29P) AppleWebKit/537.36 (KHTML, like Gecko) Chrome/136.0.7103.113 Mobile Safari/537.36 (compatible; Googlebot/2.1; +http://www.google.com/bot.html)"
66.249.79.33 - - [24/May/2025:14:46:25 +0000] "GET /?pcmypage?callback=product/review/75864860 HTTP/1.1" 200 2065 "-" "Mozilla/5.0 (Linux; Android 6.0.1; Nexus 5X Build/MMB29P) AppleWebKit/537.36 (KHTML, like Gecko) Chrome/136.0.7103.113 Mobile Safari/537.36 (compatible; Googlebot/2.1; +http://www.google.com/bot.html)"
66.249.79.33 - - [24/May/2025:14:48:25 +0000] "GET /?shopdetail/14157783 HTTP/1.1" 200 2065 "-" "Mozilla/5.0 (Linux; Android 6.0.1; Nexus 5X Build/MMB29P) AppleWebKit/537.36 (KHTML, like Gecko) Chrome/136.0.7103.113 Mobile Safari/537.36 (compatible; Googlebot/2.1; +http://www.google.com/bot.html)"
66.249.79.35 - - [24/May/2025:14:46:03 +0000] "GET /?pcmypage?callback=product/detail/64685569 HTTP/1.1" 200 2065 "-" "Mozilla/5.0 (Linux; Android 6.0.1; Nexus 5X Build/MMB29P) AppleWebKit/537.36 (KHTML, like Gecko) Chrome/136.0.7103.113 Mobile Safari/537.36 (compatible; Googlebot/2.1; +http://www.google.com/bot.html)"
66.249.79.35 - - [24/May/2025:14:46:03 +0000] "GET /?shopdetail/13823983 HTTP/1.1" 200 2065 "-" "Mozilla/5.0 (Linux; Android 6.0.1; Nexus 5X Build/MMB29P) AppleWebKit/537.36 (KHTML, like Gecko) Chrome/136.0.7103.113 Mobile Safari/537.36 (compatible; Googlebot/2.1; +http://www.google.com/bot.html)"
37.187.143.75 - - [24/May/2025:14:46:57 +0000] "POST /wp-login.php HTTP/1.1" 200 3037 "-" "Mozilla/5.0 (Windows NT 10.0; Win64; x64; rv:90.0) Gecko/20100101 Firefox/90.0"
66.249.79.34 - - [24/May/2025:14:49:16 +0000] "GET /?shopdetail/4785772 HTTP/1.1" 200 2065 "-" "Mozilla/5.0 (Linux; Android 6.0.1; Nexus 5X Build/MMB29P) AppleWebKit/537.36 (KHTML, like Gecko) Chrome/136.0.7103.113 Mobile Safari/537.36 (compatible; Googlebot/2.1; +http://www.google.com/bot.html)"
66.249.79.35 - - [24/May/2025:14:54:01 +0000] "GET /?shopdetail/3613516 HTTP/1.1" 200 2065 "-" "Mozilla/5.0 (Linux; Android 6.0.1; Nexus 5X Build/MMB29P) AppleWebKit/537.36 (KHTML, like Gecko) Chrome/136.0.7103.113 Mobile Safari/537.36 (compatible; Googlebot/2.1; +http://www.google.com/bot.html)"
66.249.79.33 - - [24/May/2025:14:54:09 +0000] "GET /?shopdetail/20110738 HTTP/1.1" 200 2065 "-" "Mozilla/5.0 (Linux; Android 6.0.1; Nexus 5X Build/MMB29P) AppleWebKit/537.36 (KHTML, like Gecko) Chrome/136.0.7103.113 Mobile Safari/537.36 (compatible; Googlebot/2.1; +http://www.google.com/bot.html)"
66.249.79.35 - - [24/May/2025:14:54:12 +0000] "GET /?shopdetail/1693527 HTTP/1.1" 200 2065 "-" "Mozilla/5.0 (Linux; Android 6.0.1; Nexus 5X Build/MMB29P) AppleWebKit/537.36 (KHTML, like Gecko) Chrome/136.0.7103.113 Mobile Safari/537.36 (compatible; Googlebot/2.1; +http://www.google.com/bot.html)"
66.249.79.33 - - [24/May/2025:14:55:25 +0000] "GET /?shopdetail/3280249 HTTP/1.1" 200 2065 "-" "Mozilla/5.0 (Linux; Android 6.0.1; Nexus 5X Build/MMB29P) AppleWebKit/537.36 (KHTML, like Gecko) Chrome/136.0.7103.113 Mobile Safari/537.36 (compatible; Googlebot/2.1; +http://www.google.com/bot.html)"
66.249.79.36 - - [24/May/2025:14:55:29 +0000] "GET /?pcmypage?callback=product%2Fdetail%2F68832427 HTTP/1.1" 200 2065 "-" "Mozilla/5.0 (Linux; Android 6.0.1; Nexus 5X Build/MMB29P) AppleWebKit/537.36 (KHTML, like Gecko) Chrome/136.0.7103.113 Mobile Safari/537.36 (compatible; Googlebot/2.1; +http://www.google.com/bot.html)"
43.153.58.28 - - [24/May/2025:14:58:14 +0000] "GET /?redirected=1 HTTP/1.1" 200 2399 "http://pulsehost.co.uk" "Mozilla/5.0 (iPhone; CPU iPhone OS 13_2_3 like Mac OS X) AppleWebKit/605.1.15 (KHTML, like Gecko) Version/13.0.3 Mobile/15E148 Safari/604.1"
159.65.244.12 - - [24/May/2025:14:50:52 +0000] "GET / HTTP/1.1" 200 2399 "-" "Mozilla/5.0 (X11; Linux x86_64) AppleWebKit/537.36 (KHTML, like Gecko) Chrome/135.0.0.0 Safari/537.36"
66.249.79.33 - - [24/May/2025:14:51:26 +0000] "GET /?shopdetail/20253416 HTTP/1.1" 200 2065 "-" "Mozilla/5.0 (Linux; Android 6.0.1; Nexus 5X Build/MMB29P) AppleWebKit/537.36 (KHTML, like Gecko) Chrome/136.0.7103.113 Mobile Safari/537.36 (compatible; Googlebot/2.1; +http://www.google.com/bot.html)"
66.249.79.34 - - [24/May/2025:14:51:31 +0000] "GET /?pcmypage?callback=product%2Fdetail%2F94265647 HTTP/1.1" 200 2065 "-" "Mozilla/5.0 (Linux; Android 6.0.1; Nexus 5X Build/MMB29P) AppleWebKit/537.36 (KHTML, like Gecko) Chrome/136.0.7103.113 Mobile Safari/537.36 (compatible; Googlebot/2.1; +http://www.google.com/bot.html)"
66.249.79.33 - - [24/May/2025:14:53:59 +0000] "GET /?shopdetail/10142016 HTTP/1.1" 200 2065 "-" "Mozilla/5.0 (Linux; Android 6.0.1; Nexus 5X Build/MMB29P) AppleWebKit/537.36 (KHTML, like Gecko) Chrome/136.0.7103.113 Mobile Safari/537.36 (compatible; Googlebot/2.1; +http://www.google.com/bot.html)"
66.249.79.34 - - [24/May/2025:14:55:00 +0000] "GET /?shopdetail/12120861 HTTP/1.1" 200 2065 "-" "Mozilla/5.0 (Linux; Android 6.0.1; Nexus 5X Build/MMB29P) AppleWebKit/537.36 (KHTML, like Gecko) Chrome/136.0.7103.113 Mobile Safari/537.36 (compatible; Googlebot/2.1; +http://www.google.com/bot.html)"
66.249.79.33 - - [24/May/2025:14:55:42 +0000] "GET /?safe_search/config?return_url=%2Fproduct%2Fdetail%2F94765299 HTTP/1.1" 200 2065 "-" "Mozilla/5.0 (compatible; Googlebot/2.1; +http://www.google.com/bot.html)"
66.249.79.33 - - [24/May/2025:14:57:51 +0000] "GET /?pcmypage?callback=product%2Fdetail%2F29249466 HTTP/1.1" 200 2065 "-" "Mozilla/5.0 (compatible; Googlebot/2.1; +http://www.google.com/bot.html)"
66.249.79.36 - - [24/May/2025:14:58:57 +0000] "GET /?shopdetail/9463650 HTTP/1.1" 200 2065 "-" "Mozilla/5.0 (Linux; Android 6.0.1; Nexus 5X Build/MMB29P) AppleWebKit/537.36 (KHTML, like Gecko) Chrome/136.0.7103.113 Mobile Safari/537.36 (compatible; Googlebot/2.1; +http://www.google.com/bot.html)"
66.249.79.34 - - [24/May/2025:14:59:58 +0000] "GET /?shopdetail/28165505 HTTP/1.1" 200 2065 "-" "Mozilla/5.0 (Linux; Android 6.0.1; Nexus 5X Build/MMB29P) AppleWebKit/537.36 (KHTML, like Gecko) Chrome/136.0.7103.113 Mobile Safari/537.36 (compatible; Googlebot/2.1; +http://www.google.com/bot.html)"
66.249.79.33 - - [24/May/2025:15:00:27 +0000] "GET /?pcmypage?callback=/product/detail/73728858 HTTP/1.1" 200 2065 "-" "Mozilla/5.0 (Linux; Android 6.0.1; Nexus 5X Build/MMB29P) AppleWebKit/537.36 (KHTML, like Gecko) Chrome/136.0.7103.113 Mobile Safari/537.36 (compatible; Googlebot/2.1; +http://www.google.com/bot.html)"
66.249.79.37 - - [24/May/2025:15:00:28 +0000] "GET /?safe_search/config?return_url=/product/detail/66960846 HTTP/1.1" 200 2065 "-" "Mozilla/5.0 (Linux; Android 6.0.1; Nexus 5X Build/MMB29P) AppleWebKit/537.36 (KHTML, like Gecko) Chrome/136.0.7103.113 Mobile Safari/537.36 (compatible; Googlebot/2.1; +http://www.google.com/bot.html)"
66.249.79.36 - - [24/May/2025:15:01:28 +0000] "GET /?pcmypage?callback=/product/detail/74551538 HTTP/1.1" 200 2065 "-" "Mozilla/5.0 (Linux; Android 6.0.1; Nexus 5X Build/MMB29P) AppleWebKit/537.36 (KHTML, like Gecko) Chrome/136.0.7103.113 Mobile Safari/537.36 (compatible; Googlebot/2.1; +http://www.google.com/bot.html)"
69.171.230.8 - - [24/May/2025:15:02:02 +0000] "GET /robots.txt HTTP/2" 206 70 "-" "facebookexternalhit/1.1 (+http://www.facebook.com/externalhit_uatext.php)"
57.141.6.17 - - [24/May/2025:15:02:20 +0000] "GET / HTTP/2" 200 7860 "-" "meta-externalagent/1.1 (+https://developers.facebook.com/docs/sharing/webmasters/crawler)"
66.249.79.35 - - [24/May/2025:15:04:20 +0000] "GET /?safe_search/config?return_url=%2Fproduct%2Fdetail%2F51233416 HTTP/1.1" 200 2065 "-" "Mozilla/5.0 (Linux; Android 6.0.1; Nexus 5X Build/MMB29P) AppleWebKit/537.36 (KHTML, like Gecko) Chrome/136.0.7103.113 Mobile Safari/537.36 (compatible; Googlebot/2.1; +http://www.google.com/bot.html)"
66.249.79.33 - - [24/May/2025:15:04:29 +0000] "GET /?pcmypage?callback=product%2Fdetail%2F82411875 HTTP/1.1" 200 2065 "-" "Mozilla/5.0 (Linux; Android 6.0.1; Nexus 5X Build/MMB29P) AppleWebKit/537.36 (KHTML, like Gecko) Chrome/136.0.7103.113 Mobile Safari/537.36 (compatible; Googlebot/2.1; +http://www.google.com/bot.html)"
66.249.79.34 - - [24/May/2025:15:05:25 +0000] "GET /?shopdetail/7055450 HTTP/1.1" 200 2065 "-" "Mozilla/5.0 (Linux; Android 6.0.1; Nexus 5X Build/MMB29P) AppleWebKit/537.36 (KHTML, like Gecko) Chrome/136.0.7103.113 Mobile Safari/537.36 (compatible; Googlebot/2.1; +http://www.google.com/bot.html)"
66.249.79.35 - - [24/May/2025:15:05:29 +0000] "GET /?shopdetail/1474838 HTTP/1.1" 200 2065 "-" "Mozilla/5.0 (Linux; Android 6.0.1; Nexus 5X Build/MMB29P) AppleWebKit/537.36 (KHTML, like Gecko) Chrome/136.0.7103.113 Mobile Safari/537.36 (compatible; Googlebot/2.1; +http://www.google.com/bot.html)"
66.249.79.33 - - [24/May/2025:15:05:30 +0000] "GET /?product/edit/96828334 HTTP/1.1" 200 2065 "-" "Mozilla/5.0 (Linux; Android 6.0.1; Nexus 5X Build/MMB29P) AppleWebKit/537.36 (KHTML, like Gecko) Chrome/136.0.7103.113 Mobile Safari/537.36 (compatible; Googlebot/2.1; +http://www.google.com/bot.html)"
66.249.79.33 - - [24/May/2025:15:06:17 +0000] "GET /?pcmypage?callback=product/review/47713029 HTTP/1.1" 200 2065 "-" "Mozilla/5.0 (Linux; Android 6.0.1; Nexus 5X Build/MMB29P) AppleWebKit/537.36 (KHTML, like Gecko) Chrome/136.0.7103.113 Mobile Safari/537.36 (compatible; Googlebot/2.1; +http://www.google.com/bot.html)"
66.249.79.34 - - [24/May/2025:15:07:12 +0000] "GET /?shopdetail/8371927 HTTP/1.1" 200 2065 "-" "Mozilla/5.0 (Linux; Android 6.0.1; Nexus 5X Build/MMB29P) AppleWebKit/537.36 (KHTML, like Gecko) Chrome/136.0.7103.113 Mobile Safari/537.36 (compatible; Googlebot/2.1; +http://www.google.com/bot.html)"
66.249.79.34 - - [24/May/2025:15:07:25 +0000] "GET /?shopdetail/2418616 HTTP/1.1" 200 2065 "-" "Mozilla/5.0 (Linux; Android 6.0.1; Nexus 5X Build/MMB29P) AppleWebKit/537.36 (KHTML, like Gecko) Chrome/136.0.7103.113 Mobile Safari/537.36 (compatible; Googlebot/2.1; +http://www.google.com/bot.html)"
66.249.79.33 - - [24/May/2025:15:08:18 +0000] "GET /?shopdetail/23687650 HTTP/1.1" 200 2065 "-" "Mozilla/5.0 (Linux; Android 6.0.1; Nexus 5X Build/MMB29P) AppleWebKit/537.36 (KHTML, like Gecko) Chrome/136.0.7103.113 Mobile Safari/537.36 (compatible; Googlebot/2.1; +http://www.google.com/bot.html)"
66.249.79.34 - - [24/May/2025:15:08:47 +0000] "GET /?shopdetail/19534416 HTTP/1.1" 200 2065 "-" "Mozilla/5.0 (Linux; Android 6.0.1; Nexus 5X Build/MMB29P) AppleWebKit/537.36 (KHTML, like Gecko) Chrome/136.0.7103.113 Mobile Safari/537.36 (compatible; Googlebot/2.1; +http://www.google.com/bot.html)"
66.249.79.33 - - [24/May/2025:15:10:09 +0000] "GET /?pcmypage?callback=product/detail/97207624 HTTP/1.1" 200 2065 "-" "Mozilla/5.0 (compatible; Googlebot/2.1; +http://www.google.com/bot.html)"
66.249.79.34 - - [24/May/2025:15:11:31 +0000] "GET /?pcmypage?callback=product/review/87107732 HTTP/1.1" 200 2065 "-" "Mozilla/5.0 (Linux; Android 6.0.1; Nexus 5X Build/MMB29P) AppleWebKit/537.36 (KHTML, like Gecko) Chrome/136.0.7103.113 Mobile Safari/537.36 (compatible; Googlebot/2.1; +http://www.google.com/bot.html)"
66.249.79.36 - - [24/May/2025:15:11:36 +0000] "GET /?pcmypage?callback=/product%2Fdetail%2F24978169 HTTP/1.1" 200 2065 "-" "Mozilla/5.0 (Linux; Android 6.0.1; Nexus 5X Build/MMB29P) AppleWebKit/537.36 (KHTML, like Gecko) Chrome/136.0.7103.113 Mobile Safari/537.36 (compatible; Googlebot/2.1; +http://www.google.com/bot.html)"
66.249.79.34 - - [24/May/2025:15:17:34 +0000] "GET /?shopdetail/28681283 HTTP/1.1" 200 2065 "-" "Mozilla/5.0 (Linux; Android 6.0.1; Nexus 5X Build/MMB29P) AppleWebKit/537.36 (KHTML, like Gecko) Chrome/136.0.7103.113 Mobile Safari/537.36 (compatible; Googlebot/2.1; +http://www.google.com/bot.html)"
66.249.79.34 - - [24/May/2025:15:16:21 +0000] "GET /?safe_search/config?return_url=%2Fproduct%2Fdetail%2F50157073 HTTP/1.1" 200 2065 "-" "Mozilla/5.0 (Linux; Android 6.0.1; Nexus 5X Build/MMB29P) AppleWebKit/537.36 (KHTML, like Gecko) Chrome/136.0.7103.113 Mobile Safari/537.36 (compatible; Googlebot/2.1; +http://www.google.com/bot.html)"
66.249.79.33 - - [24/May/2025:15:16:22 +0000] "GET /?pcmypage?callback=/product%2Fdetail%2F88516862 HTTP/1.1" 200 2065 "-" "Mozilla/5.0 (Linux; Android 6.0.1; Nexus 5X Build/MMB29P) AppleWebKit/537.36 (KHTML, like Gecko) Chrome/136.0.7103.113 Mobile Safari/537.36 (compatible; Googlebot/2.1; +http://www.google.com/bot.html)"
66.249.79.34 - - [24/May/2025:15:16:22 +0000] "GET /?pcmypage?callback=/product%2Fdetail%2F44967091 HTTP/1.1" 200 2065 "-" "Mozilla/5.0 (Linux; Android 6.0.1; Nexus 5X Build/MMB29P) AppleWebKit/537.36 (KHTML, like Gecko) Chrome/136.0.7103.113 Mobile Safari/537.36 (compatible; Googlebot/2.1; +http://www.google.com/bot.html)"
66.249.79.35 - - [24/May/2025:15:16:23 +0000] "GET /?pcmypage?callback=product%2Fdetail%2F12821717 HTTP/1.1" 200 2065 "-" "Mozilla/5.0 (Linux; Android 6.0.1; Nexus 5X Build/MMB29P) AppleWebKit/537.36 (KHTML, like Gecko) Chrome/136.0.7103.113 Mobile Safari/537.36 (compatible; Googlebot/2.1; +http://www.google.com/bot.html)"
114.119.131.105 - - [24/May/2025:15:16:59 +0000] "GET /billing/index.php?rp=/store/business-web-hosting/small-business&language=portuguese-pt HTTP/1.1" 200 2399 "https://pulsehost.co.uk/billing/index.php?rp=/store/business-web-hosting/small-business&language=portuguese-pt" "Mozilla/5.0 (Linux; Android 7.0;) AppleWebKit/537.36 (KHTML, like Gecko) Mobile Safari/537.36 (compatible; PetalBot;+https://webmaster.petalsearch.com/site/petalbot)"
66.249.79.37 - - [24/May/2025:15:17:40 +0000] "GET /?safe_search/config?return_url=%2Fproduct%2Fdetail%2F12984115 HTTP/1.1" 200 2065 "-" "Mozilla/5.0 (Linux; Android 6.0.1; Nexus 5X Build/MMB29P) AppleWebKit/537.36 (KHTML, like Gecko) Chrome/136.0.7103.92 Mobile Safari/537.36 (compatible; Googlebot/2.1; +http://www.google.com/bot.html)"
66.249.79.35 - - [24/May/2025:15:18:18 +0000] "GET /?shopdetail/4284527 HTTP/1.1" 200 2065 "-" "Mozilla/5.0 (Linux; Android 6.0.1; Nexus 5X Build/MMB29P) AppleWebKit/537.36 (KHTML, like Gecko) Chrome/136.0.7103.113 Mobile Safari/537.36 (compatible; Googlebot/2.1; +http://www.google.com/bot.html)"
114.119.131.105 - - [24/May/2025:15:18:58 +0000] "GET /billing/index.php?rp=/store/business-web-hosting&language=spanish HTTP/1.1" 200 2399 "https://pulsehost.co.uk/billing/index.php?rp=/store/business-web-hosting&language=spanish" "Mozilla/5.0 (Linux; Android 7.0;) AppleWebKit/537.36 (KHTML, like Gecko) Mobile Safari/537.36 (compatible; PetalBot;+https://webmaster.petalsearch.com/site/petalbot)"
66.249.79.35 - - [24/May/2025:15:19:11 +0000] "GET /?shopdetail/17417627 HTTP/1.1" 200 2065 "-" "Mozilla/5.0 (Linux; Android 6.0.1; Nexus 5X Build/MMB29P) AppleWebKit/537.36 (KHTML, like Gecko) Chrome/136.0.7103.113 Mobile Safari/537.36 (compatible; Googlebot/2.1; +http://www.google.com/bot.html)"
66.249.79.33 - - [24/May/2025:15:19:28 +0000] "GET /?shopdetail/30057361 HTTP/1.1" 200 2065 "-" "Mozilla/5.0 (Linux; Android 6.0.1; Nexus 5X Build/MMB29P) AppleWebKit/537.36 (KHTML, like Gecko) Chrome/136.0.7103.113 Mobile Safari/537.36 (compatible; Googlebot/2.1; +http://www.google.com/bot.html)"
66.249.79.35 - - [24/May/2025:15:20:24 +0000] "GET /?pcmypage?callback=product/review/36011442 HTTP/1.1" 200 2065 "-" "Mozilla/5.0 (Linux; Android 6.0.1; Nexus 5X Build/MMB29P) AppleWebKit/537.36 (KHTML, like Gecko) Chrome/136.0.7103.113 Mobile Safari/537.36 (compatible; Googlebot/2.1; +http://www.google.com/bot.html)"
66.249.79.35 - - [24/May/2025:15:21:26 +0000] "GET /?safe_search/config?return_url=%2Fproduct%2Fdetail%2F44785915 HTTP/1.1" 200 2065 "-" "Mozilla/5.0 (Linux; Android 6.0.1; Nexus 5X Build/MMB29P) AppleWebKit/537.36 (KHTML, like Gecko) Chrome/136.0.7103.113 Mobile Safari/537.36 (compatible; Googlebot/2.1; +http://www.google.com/bot.html)"
66.249.79.33 - - [24/May/2025:15:19:11 +0000] "GET /?shopdetail/16827094 HTTP/1.1" 200 2065 "-" "Mozilla/5.0 (Linux; Android 6.0.1; Nexus 5X Build/MMB29P) AppleWebKit/537.36 (KHTML, like Gecko) Chrome/136.0.7103.113 Mobile Safari/537.36 (compatible; Googlebot/2.1; +http://www.google.com/bot.html)"
66.249.79.33 - - [24/May/2025:15:19:22 +0000] "GET /?shopdetail/14316316 HTTP/1.1" 200 2065 "-" "Mozilla/5.0 (Linux; Android 6.0.1; Nexus 5X Build/MMB29P) AppleWebKit/537.36 (KHTML, like Gecko) Chrome/136.0.7103.113 Mobile Safari/537.36 (compatible; Googlebot/2.1; +http://www.google.com/bot.html)"
114.119.158.94 - - [24/May/2025:15:20:58 +0000] "GET /billing/index.php?rp=/login&language=french HTTP/1.1" 200 2399 "https://pulsehost.co.uk/billing/index.php?rp=%2Flogin&language=turkish" "Mozilla/5.0 (Linux; Android 7.0;) AppleWebKit/537.36 (KHTML, like Gecko) Mobile Safari/537.36 (compatible; PetalBot;+https://webmaster.petalsearch.com/site/petalbot)"
66.249.79.33 - - [24/May/2025:15:21:25 +0000] "GET /?safe_search/config?return_url=%2Fproduct%2Fdetail%2F30271546 HTTP/1.1" 200 2065 "-" "Mozilla/5.0 (Linux; Android 6.0.1; Nexus 5X Build/MMB29P) AppleWebKit/537.36 (KHTML, like Gecko) Chrome/136.0.7103.113 Mobile Safari/537.36 (compatible; Googlebot/2.1; +http://www.google.com/bot.html)"
66.249.79.34 - - [24/May/2025:15:21:26 +0000] "GET /?product/edit/76739320 HTTP/1.1" 200 2065 "-" "Mozilla/5.0 (Linux; Android 6.0.1; Nexus 5X Build/MMB29P) AppleWebKit/537.36 (KHTML, like Gecko) Chrome/136.0.7103.113 Mobile Safari/537.36 (compatible; Googlebot/2.1; +http://www.google.com/bot.html)"
66.249.79.33 - - [24/May/2025:15:25:14 +0000] "GET /?shopdetail/11468983 HTTP/1.1" 200 2065 "-" "Mozilla/5.0 (Linux; Android 6.0.1; Nexus 5X Build/MMB29P) AppleWebKit/537.36 (KHTML, like Gecko) Chrome/136.0.7103.113 Mobile Safari/537.36 (compatible; Googlebot/2.1; +http://www.google.com/bot.html)"
66.249.79.34 - - [24/May/2025:15:25:16 +0000] "GET /?shopdetail/16431350 HTTP/1.1" 200 2065 "-" "Mozilla/5.0 (Linux; Android 6.0.1; Nexus 5X Build/MMB29P) AppleWebKit/537.36 (KHTML, like Gecko) Chrome/136.0.7103.113 Mobile Safari/537.36 (compatible; Googlebot/2.1; +http://www.google.com/bot.html)"
66.249.79.34 - - [24/May/2025:15:25:27 +0000] "GET /?pcmypage?callback=product%2Fdetail%2F74054623 HTTP/1.1" 200 2065 "-" "Mozilla/5.0 (Linux; Android 6.0.1; Nexus 5X Build/MMB29P) AppleWebKit/537.36 (KHTML, like Gecko) Chrome/136.0.7103.113 Mobile Safari/537.36 (compatible; Googlebot/2.1; +http://www.google.com/bot.html)"
66.249.79.37 - - [24/May/2025:15:27:23 +0000] "GET /?shopdetail/3819594 HTTP/1.1" 200 2065 "-" "Mozilla/5.0 (Linux; Android 6.0.1; Nexus 5X Build/MMB29P) AppleWebKit/537.36 (KHTML, like Gecko) Chrome/136.0.7103.113 Mobile Safari/537.36 (compatible; Googlebot/2.1; +http://www.google.com/bot.html)"
66.249.79.33 - - [24/May/2025:15:27:29 +0000] "GET /?safe_search/config?return_url=%2Fproduct%2Fdetail%2F85347530 HTTP/1.1" 200 2065 "-" "Mozilla/5.0 (Linux; Android 6.0.1; Nexus 5X Build/MMB29P) AppleWebKit/537.36 (KHTML, like Gecko) Chrome/136.0.7103.113 Mobile Safari/537.36 (compatible; Googlebot/2.1; +http://www.google.com/bot.html)"
66.249.79.37 - - [24/May/2025:15:32:06 +0000] "GET /?safe_search/config?return_url=%2Fproduct%2Fdetail%2F12984115 HTTP/1.1" 200 2065 "-" "Mozilla/5.0 (Linux; Android 6.0.1; Nexus 5X Build/MMB29P) AppleWebKit/537.36 (KHTML, like Gecko) Chrome/136.0.7103.92 Mobile Safari/537.36 (compatible; Googlebot/2.1; +http://www.google.com/bot.html)"
45.85.88.115 - - [24/May/2025:15:36:00 +0000] "POST /wp-cron.php?doing_wp_cron=1748100960.9830629825592041015625 HTTP/1.1" 200 0 "-" "WordPress/6.8.1; https://pulsehost.co.uk"
66.249.79.34 - - [24/May/2025:15:26:28 +0000] "GET /?safe_search/config?return_url=%2Fproduct%2Fdetail%2F76860817 HTTP/1.1" 200 2065 "-" "Mozilla/5.0 (Linux; Android 6.0.1; Nexus 5X Build/MMB29P) AppleWebKit/537.36 (KHTML, like Gecko) Chrome/136.0.7103.113 Mobile Safari/537.36 (compatible; Googlebot/2.1; +http://www.google.com/bot.html)"
91.170.172.200 - - [24/May/2025:15:27:03 +0000] "GET / HTTP/1.1" 200 2399 "-" "Mozilla/5.0"
66.249.79.36 - - [24/May/2025:15:27:29 +0000] "GET /?pcmypage?callback=/product/detail/28037708 HTTP/1.1" 200 2065 "-" "Mozilla/5.0 (Linux; Android 6.0.1; Nexus 5X Build/MMB29P) AppleWebKit/537.36 (KHTML, like Gecko) Chrome/136.0.7103.113 Mobile Safari/537.36 (compatible; Googlebot/2.1; +http://www.google.com/bot.html)"
66.249.79.34 - - [24/May/2025:15:30:14 +0000] "GET /?product/edit/14620745 HTTP/1.1" 200 2065 "-" "Mozilla/5.0 (Linux; Android 6.0.1; Nexus 5X Build/MMB29P) AppleWebKit/537.36 (KHTML, like Gecko) Chrome/136.0.7103.113 Mobile Safari/537.36 (compatible; Googlebot/2.1; +http://www.google.com/bot.html)"
66.249.79.35 - - [24/May/2025:15:30:15 +0000] "GET /?pcmypage?callback=/product%2Fdetail%2F27049834 HTTP/1.1" 200 2065 "-" "Mozilla/5.0 (Linux; Android 6.0.1; Nexus 5X Build/MMB29P) AppleWebKit/537.36 (KHTML, like Gecko) Chrome/136.0.7103.92 Mobile Safari/537.36 (compatible; Googlebot/2.1; +http://www.google.com/bot.html)"
66.249.79.34 - - [24/May/2025:15:30:16 +0000] "GET /?shopdetail/25868083 HTTP/1.1" 200 2065 "-" "Mozilla/5.0 (Linux; Android 6.0.1; Nexus 5X Build/MMB29P) AppleWebKit/537.36 (KHTML, like Gecko) Chrome/136.0.7103.113 Mobile Safari/537.36 (compatible; Googlebot/2.1; +http://www.google.com/bot.html)"
66.249.79.34 - - [24/May/2025:15:31:22 +0000] "GET /?pcmypage?callback=product%2Fdetail%2F70160589 HTTP/1.1" 200 2065 "-" "Mozilla/5.0 (Linux; Android 6.0.1; Nexus 5X Build/MMB29P) AppleWebKit/537.36 (KHTML, like Gecko) Chrome/136.0.7103.113 Mobile Safari/537.36 (compatible; Googlebot/2.1; +http://www.google.com/bot.html)"
66.249.79.34 - - [24/May/2025:15:32:18 +0000] "GET /?shopdetail/12422750 HTTP/1.1" 200 2065 "-" "Mozilla/5.0 (Linux; Android 6.0.1; Nexus 5X Build/MMB29P) AppleWebKit/537.36 (KHTML, like Gecko) Chrome/136.0.7103.113 Mobile Safari/537.36 (compatible; Googlebot/2.1; +http://www.google.com/bot.html)"
66.249.79.33 - - [24/May/2025:15:32:58 +0000] "GET /?shopdetail/18961472 HTTP/1.1" 200 2065 "-" "Mozilla/5.0 (Linux; Android 6.0.1; Nexus 5X Build/MMB29P) AppleWebKit/537.36 (KHTML, like Gecko) Chrome/136.0.7103.113 Mobile Safari/537.36 (compatible; Googlebot/2.1; +http://www.google.com/bot.html)"
66.249.79.33 - - [24/May/2025:15:33:14 +0000] "GET /?shopdetail/28129183 HTTP/1.1" 200 2065 "-" "Mozilla/5.0 (Linux; Android 6.0.1; Nexus 5X Build/MMB29P) AppleWebKit/537.36 (KHTML, like Gecko) Chrome/136.0.7103.113 Mobile Safari/537.36 (compatible; Googlebot/2.1; +http://www.google.com/bot.html)"
66.249.79.34 - - [24/May/2025:15:34:38 +0000] "GET /?pcmypage?callback=/product%2Fdetail%2F51235287 HTTP/1.1" 200 2065 "-" "Mozilla/5.0 (compatible; Googlebot/2.1; +http://www.google.com/bot.html)"
23.23.149.235 - - [24/May/2025:15:36:00 +0000] "POST /wp-login.php HTTP/1.1" 200 3037 "-" "Mozilla/5.0 (Windows NT 10.0; Win64; x64; rv:95.0) Gecko/20100101 Firefox/95.0"
66.249.79.34 - - [24/May/2025:15:39:54 +0000] "GET /?pcmypage?callback=product/review/14214051 HTTP/1.1" 200 2065 "-" "Mozilla/5.0 (Linux; Android 6.0.1; Nexus 5X Build/MMB29P) AppleWebKit/537.36 (KHTML, like Gecko) Chrome/136.0.7103.113 Mobile Safari/537.36 (compatible; Googlebot/2.1; +http://www.google.com/bot.html)"
66.249.79.37 - - [24/May/2025:15:39:55 +0000] "GET /?pcmypage?callback=product/detail/64063478 HTTP/1.1" 200 2065 "-" "Mozilla/5.0 (Linux; Android 6.0.1; Nexus 5X Build/MMB29P) AppleWebKit/537.36 (KHTML, like Gecko) Chrome/136.0.7103.113 Mobile Safari/537.36 (compatible; Googlebot/2.1; +http://www.google.com/bot.html)"
66.249.79.33 - - [24/May/2025:15:40:19 +0000] "GET /?shopdetail/14055094 HTTP/1.1" 200 2065 "-" "Mozilla/5.0 (Linux; Android 6.0.1; Nexus 5X Build/MMB29P) AppleWebKit/537.36 (KHTML, like Gecko) Chrome/136.0.7103.113 Mobile Safari/537.36 (compatible; Googlebot/2.1; +http://www.google.com/bot.html)"
69.171.230.112 - - [24/May/2025:15:38:25 +0000] "GET /robots.txt HTTP/2" 206 70 "-" "facebookexternalhit/1.1 (+http://www.facebook.com/externalhit_uatext.php)"
66.249.79.33 - - [24/May/2025:15:39:18 +0000] "GET /?shopdetail/4715338 HTTP/1.1" 200 2065 "-" "Mozilla/5.0 (Linux; Android 6.0.1; Nexus 5X Build/MMB29P) AppleWebKit/537.36 (KHTML, like Gecko) Chrome/136.0.7103.113 Mobile Safari/537.36 (compatible; Googlebot/2.1; +http://www.google.com/bot.html)"
66.249.79.35 - - [24/May/2025:15:40:00 +0000] "GET /?shopdetail/7149094 HTTP/1.1" 200 2065 "-" "Mozilla/5.0 (Linux; Android 6.0.1; Nexus 5X Build/MMB29P) AppleWebKit/537.36 (KHTML, like Gecko) Chrome/136.0.7103.113 Mobile Safari/537.36 (compatible; Googlebot/2.1; +http://www.google.com/bot.html)"
66.249.79.33 - - [24/May/2025:15:40:12 +0000] "GET /?shopdetail/18752050 HTTP/1.1" 200 2065 "-" "Mozilla/5.0 (Linux; Android 6.0.1; Nexus 5X Build/MMB29P) AppleWebKit/537.36 (KHTML, like Gecko) Chrome/136.0.7103.113 Mobile Safari/537.36 (compatible; Googlebot/2.1; +http://www.google.com/bot.html)"
66.249.79.33 - - [24/May/2025:15:40:28 +0000] "GET /?shopdetail/6588161 HTTP/1.1" 200 2065 "-" "Mozilla/5.0 (Linux; Android 6.0.1; Nexus 5X Build/MMB29P) AppleWebKit/537.36 (KHTML, like Gecko) Chrome/136.0.7103.113 Mobile Safari/537.36 (compatible; Googlebot/2.1; +http://www.google.com/bot.html)"
114.119.131.105 - - [24/May/2025:15:41:35 +0000] "GET /billing/index.php?rp=/store/business-web-hosting&language=catalan HTTP/1.1" 200 2399 "https://pulsehost.co.uk/billing/index.php?rp=/store/business-web-hosting&language=catalan" "Mozilla/5.0 (Linux; Android 7.0;) AppleWebKit/537.36 (KHTML, like Gecko) Mobile Safari/537.36 (compatible; PetalBot;+https://webmaster.petalsearch.com/site/petalbot)"
66.249.79.34 - - [24/May/2025:15:41:59 +0000] "GET /?shopdetail/8293116 HTTP/1.1" 200 2065 "-" "Mozilla/5.0 (Linux; Android 6.0.1; Nexus 5X Build/MMB29P) AppleWebKit/537.36 (KHTML, like Gecko) Chrome/136.0.7103.113 Mobile Safari/537.36 (compatible; Googlebot/2.1; +http://www.google.com/bot.html)"
79.124.58.198 - - [24/May/2025:15:43:53 +0000] "GET /actuator/gateway/routes HTTP/1.1" 200 2399 "-" "Mozilla/5.0 (Windows NT 10.0; Win64; x64) AppleWebKit/537.36 (KHTML, like Gecko) Chrome/78.0.3904.108 Safari/537.36"
66.249.79.35 - - [24/May/2025:15:42:16 +0000] "GET /?shopdetail/7749061 HTTP/1.1" 200 2065 "-" "Mozilla/5.0 (Linux; Android 6.0.1; Nexus 5X Build/MMB29P) AppleWebKit/537.36 (KHTML, like Gecko) Chrome/136.0.7103.113 Mobile Safari/537.36 (compatible; Googlebot/2.1; +http://www.google.com/bot.html)"
114.119.151.63 - - [24/May/2025:15:43:35 +0000] "GET /billing/index.php?rp=/knowledgebase/1/Setting-up-your-domain&language=german HTTP/1.1" 200 2399 "https://pulsehost.co.uk/billing/index.php?rp=/knowledgebase/1/Setting-up-your-domain&language=german" "Mozilla/5.0 (Linux; Android 7.0;) AppleWebKit/537.36 (KHTML, like Gecko) Mobile Safari/537.36 (compatible; PetalBot;+https://webmaster.petalsearch.com/site/petalbot)"
66.249.79.34 - - [24/May/2025:15:45:56 +0000] "GET /?pcmypage?callback=product/review/81414401 HTTP/1.1" 200 2065 "-" "Mozilla/5.0 (Linux; Android 6.0.1; Nexus 5X Build/MMB29P) AppleWebKit/537.36 (KHTML, like Gecko) Chrome/136.0.7103.113 Mobile Safari/537.36 (compatible; Googlebot/2.1; +http://www.google.com/bot.html)"
66.249.79.33 - - [24/May/2025:15:46:25 +0000] "GET /?product/edit/26533535 HTTP/1.1" 200 2065 "-" "Mozilla/5.0 (Linux; Android 6.0.1; Nexus 5X Build/MMB29P) AppleWebKit/537.36 (KHTML, like Gecko) Chrome/136.0.7103.113 Mobile Safari/537.36 (compatible; Googlebot/2.1; +http://www.google.com/bot.html)"
66.249.79.33 - - [24/May/2025:15:46:25 +0000] "GET /?product/edit/56720254 HTTP/1.1" 200 2065 "-" "Mozilla/5.0 (Linux; Android 6.0.1; Nexus 5X Build/MMB29P) AppleWebKit/537.36 (KHTML, like Gecko) Chrome/136.0.7103.113 Mobile Safari/537.36 (compatible; Googlebot/2.1; +http://www.google.com/bot.html)"
66.249.79.36 - - [24/May/2025:15:46:27 +0000] "GET /?pcmypage?callback=/product/detail/92077075 HTTP/1.1" 200 2065 "-" "Mozilla/5.0 (Linux; Android 6.0.1; Nexus 5X Build/MMB29P) AppleWebKit/537.36 (KHTML, like Gecko) Chrome/136.0.7103.113 Mobile Safari/537.36 (compatible; Googlebot/2.1; +http://www.google.com/bot.html)"
66.249.79.35 - - [24/May/2025:15:46:28 +0000] "GET /?safe_search/config?return_url=/product/detail/40123306 HTTP/1.1" 200 2065 "-" "Mozilla/5.0 (Linux; Android 6.0.1; Nexus 5X Build/MMB29P) AppleWebKit/537.36 (KHTML, like Gecko) Chrome/136.0.7103.113 Mobile Safari/537.36 (compatible; Googlebot/2.1; +http://www.google.com/bot.html)"
114.119.153.232 - - [24/May/2025:15:47:32 +0000] "GET /billing/index.php?rp=/announcements/page/1/view/2021-03&language=turkish HTTP/1.1" 200 2399 "https://pulsehost.co.uk/billing/index.php?rp=/announcements/page/1/view/2021-03&language=turkish" "Mozilla/5.0 (Linux; Android 7.0;) AppleWebKit/537.36 (KHTML, like Gecko) Mobile Safari/537.36 (compatible; PetalBot;+https://webmaster.petalsearch.com/site/petalbot)"
66.249.79.33 - - [24/May/2025:15:49:29 +0000] "GET /?pcmypage?callback=product/review/51627066 HTTP/1.1" 200 2065 "-" "Mozilla/5.0 (Linux; Android 6.0.1; Nexus 5X Build/MMB29P) AppleWebKit/537.36 (KHTML, like Gecko) Chrome/136.0.7103.113 Mobile Safari/537.36 (compatible; Googlebot/2.1; +http://www.google.com/bot.html)"
66.249.79.33 - - [24/May/2025:15:49:58 +0000] "GET /?shopdetail/2057027 HTTP/1.1" 200 2065 "-" "Mozilla/5.0 (Linux; Android 6.0.1; Nexus 5X Build/MMB29P) AppleWebKit/537.36 (KHTML, like Gecko) Chrome/136.0.7103.113 Mobile Safari/537.36 (compatible; Googlebot/2.1; +http://www.google.com/bot.html)"
66.249.79.34 - - [24/May/2025:15:51:27 +0000] "GET /?shopdetail/14437838 HTTP/1.1" 200 2065 "-" "Mozilla/5.0 (Linux; Android 6.0.1; Nexus 5X Build/MMB29P) AppleWebKit/537.36 (KHTML, like Gecko) Chrome/136.0.7103.113 Mobile Safari/537.36 (compatible; Googlebot/2.1; +http://www.google.com/bot.html)"
114.119.131.105 - - [24/May/2025:15:45:35 +0000] "GET /billing/index.php?rp=/store/business-web-hosting&language=russian HTTP/1.1" 200 2399 "https://pulsehost.co.uk/billing/cart.php" "Mozilla/5.0 (Linux; Android 7.0;) AppleWebKit/537.36 (KHTML, like Gecko) Mobile Safari/537.36 (compatible; PetalBot;+https://webmaster.petalsearch.com/site/petalbot)"
66.249.79.37 - - [24/May/2025:15:45:59 +0000] "GET /?pcmypage?callback=product%2Fdetail%2F55866779 HTTP/1.1" 200 2065 "-" "Mozilla/5.0 (compatible; Googlebot/2.1; +http://www.google.com/bot.html)"
