66.249.79.36 - - [25/May/2025:05:17:15 +0000] "GET /?shopdetail/5168149 HTTP/1.1" 200 2065 "-" "Mozilla/5.0 (Linux; Android 6.0.1; Nexus 5X Build/MMB29P) AppleWebKit/537.36 (KHTML, like Gecko) Chrome/136.0.7103.113 Mobile Safari/537.36 (compatible; Googlebot/2.1; +http://www.google.com/bot.html)"
66.249.79.33 - - [25/May/2025:05:17:28 +0000] "GET /?shopdetail/17535749 HTTP/1.1" 200 2065 "-" "Mozilla/5.0 (Linux; Android 6.0.1; Nexus 5X Build/MMB29P) AppleWebKit/537.36 (KHTML, like Gecko) Chrome/136.0.7103.113 Mobile Safari/537.36 (compatible; Googlebot/2.1; +http://www.google.com/bot.html)"
98.81.82.15 - - [25/May/2025:05:18:10 +0000] "GET / HTTP/1.1" 200 2399 "-" "Mozilla/5.0 (Windows NT 10.0; Win64; x64) AppleWebKit/537.36 (KHTML, like Gecko) Chrome/136.0.0.0 Safari/537.36"
66.249.79.33 - - [25/May/2025:05:18:25 +0000] "GET /?shopdetail/16256694 HTTP/1.1" 200 2065 "-" "Mozilla/5.0 (Linux; Android 6.0.1; Nexus 5X Build/MMB29P) AppleWebKit/537.36 (KHTML, like Gecko) Chrome/136.0.7103.113 Mobile Safari/537.36 (compatible; Googlebot/2.1; +http://www.google.com/bot.html)"
66.249.79.33 - - [25/May/2025:05:18:27 +0000] "GET /?shopdetail/7200161 HTTP/1.1" 200 2065 "-" "Mozilla/5.0 (Linux; Android 6.0.1; Nexus 5X Build/MMB29P) AppleWebKit/537.36 (KHTML, like Gecko) Chrome/136.0.7103.113 Mobile Safari/537.36 (compatible; Googlebot/2.1; +http://www.google.com/bot.html)"
66.249.79.33 - - [25/May/2025:05:18:28 +0000] "GET /?shopdetail/2006883 HTTP/1.1" 200 2065 "-" "Mozilla/5.0 (Linux; Android 6.0.1; Nexus 5X Build/MMB29P) AppleWebKit/537.36 (KHTML, like Gecko) Chrome/136.0.7103.113 Mobile Safari/537.36 (compatible; Googlebot/2.1; +http://www.google.com/bot.html)"
66.249.79.35 - - [25/May/2025:05:19:25 +0000] "GET /?shopdetail/24373094 HTTP/1.1" 200 2065 "-" "Mozilla/5.0 (Linux; Android 6.0.1; Nexus 5X Build/MMB29P) AppleWebKit/537.36 (KHTML, like Gecko) Chrome/136.0.7103.113 Mobile Safari/537.36 (compatible; Googlebot/2.1; +http://www.google.com/bot.html)"
66.249.79.33 - - [25/May/2025:05:19:40 +0000] "GET /?pcmypage?callback=/product%2Fdetail%2F20230117 HTTP/1.1" 200 2065 "-" "Mozilla/5.0 (Linux; Android 6.0.1; Nexus 5X Build/MMB29P) AppleWebKit/537.36 (KHTML, like Gecko) Chrome/136.0.7103.113 Mobile Safari/537.36 (compatible; Googlebot/2.1; +http://www.google.com/bot.html)"
66.249.79.33 - - [25/May/2025:05:19:40 +0000] "GET /?pcmypage?callback=/product%2Fdetail%2F80756939 HTTP/1.1" 200 2065 "-" "Mozilla/5.0 (Linux; Android 6.0.1; Nexus 5X Build/MMB29P) AppleWebKit/537.36 (KHTML, like Gecko) Chrome/136.0.7103.113 Mobile Safari/537.36 (compatible; Googlebot/2.1; +http://www.google.com/bot.html)"
66.249.79.35 - - [25/May/2025:05:22:41 +0000] "GET /?pcmypage?callback=product%2Fdetail%2F56991296 HTTP/1.1" 200 2065 "-" "Mozilla/5.0 (Linux; Android 6.0.1; Nexus 5X Build/MMB29P) AppleWebKit/537.36 (KHTML, like Gecko) Chrome/136.0.7103.113 Mobile Safari/537.36 (compatible; Googlebot/2.1; +http://www.google.com/bot.html)"
66.249.79.35 - - [25/May/2025:05:23:26 +0000] "GET /?shopdetail/2286716 HTTP/1.1" 200 2065 "-" "Mozilla/5.0 (Linux; Android 6.0.1; Nexus 5X Build/MMB29P) AppleWebKit/537.36 (KHTML, like Gecko) Chrome/136.0.7103.113 Mobile Safari/537.36 (compatible; Googlebot/2.1; +http://www.google.com/bot.html)"
66.249.79.35 - - [25/May/2025:05:27:59 +0000] "GET /?shopdetail/4335205 HTTP/1.1" 200 2065 "-" "Mozilla/5.0 (Linux; Android 6.0.1; Nexus 5X Build/MMB29P) AppleWebKit/537.36 (KHTML, like Gecko) Chrome/136.0.7103.113 Mobile Safari/537.36 (compatible; Googlebot/2.1; +http://www.google.com/bot.html)"
66.249.79.33 - - [25/May/2025:05:28:07 +0000] "GET /?shopdetail/21739894 HTTP/1.1" 200 2065 "-" "Mozilla/5.0 (Linux; Android 6.0.1; Nexus 5X Build/MMB29P) AppleWebKit/537.36 (KHTML, like Gecko) Chrome/136.0.7103.113 Mobile Safari/537.36 (compatible; Googlebot/2.1; +http://www.google.com/bot.html)"
93.123.109.229 - - [25/May/2025:05:28:09 +0000] "GET / HTTP/1.1" 200 7860 "-" "l9tcpid/v1.1.0"
66.249.79.34 - - [25/May/2025:05:28:15 +0000] "GET /?shopdetail/17305327 HTTP/1.1" 200 2065 "-" "Mozilla/5.0 (Linux; Android 6.0.1; Nexus 5X Build/MMB29P) AppleWebKit/537.36 (KHTML, like Gecko) Chrome/136.0.7103.113 Mobile Safari/537.36 (compatible; Googlebot/2.1; +http://www.google.com/bot.html)"
93.123.109.229 - - [25/May/2025:05:28:18 +0000] "GET /.env HTTP/1.1" 200 2399 "-" "l9explore/1.2.2"
93.123.109.229 - - [25/May/2025:05:28:20 +0000] "GET /.env.default HTTP/1.1" 200 2399 "-" "l9explore/1.2.2"
93.123.109.229 - - [25/May/2025:05:28:21 +0000] "GET /.env.preprod HTTP/1.1" 200 2399 "-" "l9explore/1.2.2"
93.123.109.229 - - [25/May/2025:05:28:22 +0000] "GET /configuration/.env HTTP/1.1" 200 2399 "-" "l9explore/1.2.2"
93.123.109.229 - - [25/May/2025:05:28:27 +0000] "GET /files/.git/config HTTP/1.1" 403 1242 "-" "l9explore/1.2.2"
93.123.109.229 - - [25/May/2025:05:28:30 +0000] "GET /.env.ci HTTP/1.1" 200 2399 "-" "l9explore/1.2.2"
93.123.109.229 - - [25/May/2025:05:28:32 +0000] "GET /.env.local HTTP/1.1" 200 2399 "-" "l9explore/1.2.2"
93.123.109.229 - - [25/May/2025:05:28:37 +0000] "GET /.env.development.local HTTP/1.1" 200 2399 "-" "l9explore/1.2.2"
93.123.109.229 - - [25/May/2025:05:28:41 +0000] "GET /.env.template HTTP/1.1" 200 2399 "-" "l9explore/1.2.2"
66.249.79.33 - - [25/May/2025:05:28:42 +0000] "GET /?pcmypage?callback=product/review/97435454 HTTP/1.1" 200 2065 "-" "Mozilla/5.0 (Linux; Android 6.0.1; Nexus 5X Build/MMB29P) AppleWebKit/537.36 (KHTML, like Gecko) Chrome/136.0.7103.113 Mobile Safari/537.36 (compatible; Googlebot/2.1; +http://www.google.com/bot.html)"
66.249.79.33 - - [25/May/2025:05:28:42 +0000] "GET /?pcmypage?callback=product/review/97645029 HTTP/1.1" 200 2065 "-" "Mozilla/5.0 (Linux; Android 6.0.1; Nexus 5X Build/MMB29P) AppleWebKit/537.36 (KHTML, like Gecko) Chrome/136.0.7103.113 Mobile Safari/537.36 (compatible; Googlebot/2.1; +http://www.google.com/bot.html)"
93.123.109.229 - - [25/May/2025:05:28:45 +0000] "GET /.env.staging.local HTTP/1.1" 200 2399 "-" "l9explore/1.2.2"
93.123.109.229 - - [25/May/2025:05:28:48 +0000] "GET /core/.git/config HTTP/1.1" 403 1242 "-" "l9explore/1.2.2"
93.123.109.229 - - [25/May/2025:05:28:59 +0000] "GET /config/.env HTTP/1.1" 200 2399 "-" "l9explore/1.2.2"
93.123.109.229 - - [25/May/2025:05:29:05 +0000] "GET /.git/config HTTP/1.1" 403 1242 "-" "l9explore/1.2.2"
66.249.79.33 - - [25/May/2025:05:29:07 +0000] "GET /?shopdetail/6862772 HTTP/1.1" 200 2065 "-" "Mozilla/5.0 (Linux; Android 6.0.1; Nexus 5X Build/MMB29P) AppleWebKit/537.36 (KHTML, like Gecko) Chrome/136.0.7103.113 Mobile Safari/537.36 (compatible; Googlebot/2.1; +http://www.google.com/bot.html)"
93.123.109.229 - - [25/May/2025:05:29:08 +0000] "GET /.env.uat HTTP/1.1" 200 2399 "-" "l9explore/1.2.2"
93.123.109.229 - - [25/May/2025:05:29:11 +0000] "GET /app/.git/config HTTP/1.1" 403 1242 "-" "l9explore/1.2.2"
93.123.109.229 - - [25/May/2025:05:29:13 +0000] "GET /.env.prod HTTP/1.1" 200 2399 "-" "l9explore/1.2.2"
93.123.109.229 - - [25/May/2025:05:29:22 +0000] "GET /.env.production.local HTTP/1.1" 200 2399 "-" "l9explore/1.2.2"
93.123.109.229 - - [25/May/2025:05:29:27 +0000] "GET /static../.git/config HTTP/1.1" 403 1242 "-" "l9explore/1.2.2"
93.123.109.229 - - [25/May/2025:05:29:27 +0000] "GET /.env.backup HTTP/1.1" 200 2399 "-" "l9explore/1.2.2"
66.249.79.34 - - [25/May/2025:05:28:10 +0000] "GET /?shopdetail/13576349 HTTP/1.1" 200 2065 "-" "Mozilla/5.0 (Linux; Android 6.0.1; Nexus 5X Build/MMB29P) AppleWebKit/537.36 (KHTML, like Gecko) Chrome/136.0.7103.113 Mobile Safari/537.36 (compatible; Googlebot/2.1; +http://www.google.com/bot.html)"
93.123.109.229 - - [25/May/2025:05:28:11 +0000] "GET /config.json HTTP/1.1" 200 2399 "-" "l9explore/1.2.2"
93.123.109.229 - - [25/May/2025:05:28:13 +0000] "GET /.env.save HTTP/1.1" 200 2399 "-" "l9explore/1.2.2"
93.123.109.229 - - [25/May/2025:05:28:15 +0000] "GET /api/.env HTTP/1.1" 200 2399 "-" "l9explore/1.2.2"
93.123.109.229 - - [25/May/2025:05:28:17 +0000] "GET /dev/.git/config HTTP/1.1" 403 1242 "-" "l9explore/1.2.2"
66.249.79.33 - - [25/May/2025:05:28:17 +0000] "GET /?shopdetail/20764883 HTTP/1.1" 200 2065 "-" "Mozilla/5.0 (Linux; Android 6.0.1; Nexus 5X Build/MMB29P) AppleWebKit/537.36 (KHTML, like Gecko) Chrome/136.0.7103.113 Mobile Safari/537.36 (compatible; Googlebot/2.1; +http://www.google.com/bot.html)"
93.123.109.229 - - [25/May/2025:05:28:23 +0000] "GET /prod/.env HTTP/1.1" 200 2399 "-" "l9explore/1.2.2"
93.123.109.229 - - [25/May/2025:05:28:26 +0000] "GET /data/.git/config HTTP/1.1" 403 1242 "-" "l9explore/1.2.2"
93.123.109.229 - - [25/May/2025:05:28:29 +0000] "GET /docker-compose.prod.yml HTTP/1.1" 200 2399 "-" "l9explore/1.2.2"
66.249.79.33 - - [25/May/2025:05:28:33 +0000] "GET /?shopdetail/14538049 HTTP/1.1" 200 2065 "-" "Mozilla/5.0 (Linux; Android 6.0.1; Nexus 5X Build/MMB29P) AppleWebKit/537.36 (KHTML, like Gecko) Chrome/136.0.7103.113 Mobile Safari/537.36 (compatible; Googlebot/2.1; +http://www.google.com/bot.html)"
93.123.109.229 - - [25/May/2025:05:28:33 +0000] "GET /.env.bak HTTP/1.1" 200 2399 "-" "l9explore/1.2.2"
104.234.115.188 - - [25/May/2025:05:28:34 +0000] "GET /favicon.ico HTTP/1.1" 404 1251 "-" "'Mozilla/5.0 (compatible; GenomeCrawlerd/1.0; +https://www.nokia.com/genomecrawler)'"
93.123.109.229 - - [25/May/2025:05:28:35 +0000] "GET /.env.config HTTP/1.1" 200 2399 "-" "l9explore/1.2.2"
93.123.109.229 - - [25/May/2025:05:28:47 +0000] "GET /backup/.git/config HTTP/1.1" 403 1242 "-" "l9explore/1.2.2"
93.123.109.229 - - [25/May/2025:05:28:49 +0000] "GET /server/.git/config HTTP/1.1" 403 1242 "-" "l9explore/1.2.2"
93.123.109.229 - - [25/May/2025:05:28:50 +0000] "GET /.env.live HTTP/1.1" 200 2399 "-" "l9explore/1.2.2"
93.123.109.229 - - [25/May/2025:05:28:53 +0000] "GET /.env_sample HTTP/1.1" 200 2399 "-" "l9explore/1.2.2"
93.123.109.229 - - [25/May/2025:05:28:55 +0000] "GET /.env.sandbox HTTP/1.1" 200 2399 "-" "l9explore/1.2.2"
93.123.109.229 - - [25/May/2025:05:28:57 +0000] "GET /.env.stage HTTP/1.1" 200 2399 "-" "l9explore/1.2.2"
104.234.115.188 - - [25/May/2025:05:28:59 +0000] "GET /favicon.ico HTTP/1.1" 404 1251 "-" "'Mozilla/5.0 (compatible; GenomeCrawlerd/1.0; +https://www.nokia.com/genomecrawler)'"
93.123.109.229 - - [25/May/2025:05:29:01 +0000] "GET /config/.git/config HTTP/1.1" 403 1242 "-" "l9explore/1.2.2"
93.123.109.229 - - [25/May/2025:05:29:03 +0000] "GET /.env.test HTTP/1.1" 200 2399 "-" "l9explore/1.2.2"
93.123.109.229 - - [25/May/2025:05:29:07 +0000] "GET /src/.git/config HTTP/1.1" 403 1242 "-" "l9explore/1.2.2"
93.123.109.229 - - [25/May/2025:05:29:08 +0000] "GET /www/.git/config HTTP/1.1" 403 1242 "-" "l9explore/1.2.2"
93.123.109.229 - - [25/May/2025:05:29:15 +0000] "GET /build/.env HTTP/1.1" 200 2399 "-" "l9explore/1.2.2"
93.123.109.229 - - [25/May/2025:05:29:18 +0000] "GET /.aws/credentials HTTP/1.1" 200 2399 "-" "l9explore/1.2.2"
93.123.109.229 - - [25/May/2025:05:29:20 +0000] "GET /.env.dev.local HTTP/1.1" 200 2399 "-" "l9explore/1.2.2"
93.123.109.229 - - [25/May/2025:05:29:24 +0000] "GET /.env.testing HTTP/1.1" 200 2399 "-" "l9explore/1.2.2"
93.123.109.229 - - [25/May/2025:05:29:26 +0000] "GET /assets../.git/config HTTP/1.1" 403 1242 "-" "l9explore/1.2.2"
93.123.109.229 - - [25/May/2025:05:29:27 +0000] "GET /cms/.git/config HTTP/1.1" 403 1242 "-" "l9explore/1.2.2"
93.123.109.229 - - [25/May/2025:05:29:33 +0000] "GET /.env.secret HTTP/1.1" 200 2399 "-" "l9explore/1.2.2"
93.123.109.229 - - [25/May/2025:05:29:36 +0000] "GET /project/.git/config HTTP/1.1" 403 1242 "-" "l9explore/1.2.2"
93.123.109.229 - - [25/May/2025:05:29:41 +0000] "GET /api/.git/config HTTP/1.1" 403 1242 "-" "l9explore/1.2.2"
93.123.109.229 - - [25/May/2025:05:29:42 +0000] "GET /media/.git/config HTTP/1.1" 403 1242 "-" "l9explore/1.2.2"
93.123.109.229 - - [25/May/2025:05:29:43 +0000] "GET /.env.dev HTTP/1.1" 200 2399 "-" "l9explore/1.2.2"
66.249.79.33 - - [25/May/2025:05:29:43 +0000] "GET /?pcmypage?callback=product/review/35843058 HTTP/1.1" 200 2065 "-" "Mozilla/5.0 (Linux; Android 6.0.1; Nexus 5X Build/MMB29P) AppleWebKit/537.36 (KHTML, like Gecko) Chrome/136.0.7103.113 Mobile Safari/537.36 (compatible; Googlebot/2.1; +http://www.google.com/bot.html)"
66.249.79.33 - - [25/May/2025:05:29:43 +0000] "GET /?pcmypage?callback=product%2Fdetail%2F77471896 HTTP/1.1" 200 2065 "-" "Mozilla/5.0 (Linux; Android 6.0.1; Nexus 5X Build/MMB29P) AppleWebKit/537.36 (KHTML, like Gecko) Chrome/136.0.7103.113 Mobile Safari/537.36 (compatible; Googlebot/2.1; +http://www.google.com/bot.html)"
66.249.79.33 - - [25/May/2025:05:29:44 +0000] "GET /?pcmypage?callback=product%2Fdetail%2F53677585 HTTP/1.1" 200 2065 "-" "Mozilla/5.0 (Linux; Android 6.0.1; Nexus 5X Build/MMB29P) AppleWebKit/537.36 (KHTML, like Gecko) Chrome/136.0.7103.113 Mobile Safari/537.36 (compatible; Googlebot/2.1; +http://www.google.com/bot.html)"
93.123.109.229 - - [25/May/2025:05:29:45 +0000] "GET /.env.production HTTP/1.1" 200 2399 "-" "l9explore/1.2.2"
66.249.79.36 - - [25/May/2025:05:29:45 +0000] "GET /?pcmypage?callback=product/detail/30860746 HTTP/1.1" 200 2065 "-" "Mozilla/5.0 (Linux; Android 6.0.1; Nexus 5X Build/MMB29P) AppleWebKit/537.36 (KHTML, like Gecko) Chrome/136.0.7103.113 Mobile Safari/537.36 (compatible; Googlebot/2.1; +http://www.google.com/bot.html)"
66.249.79.33 - - [25/May/2025:05:29:48 +0000] "GET /?shopdetail/22206250 HTTP/1.1" 200 2065 "-" "Mozilla/5.0 (Linux; Android 6.0.1; Nexus 5X Build/MMB29P) AppleWebKit/537.36 (KHTML, like Gecko) Chrome/136.0.7103.113 Mobile Safari/537.36 (compatible; Googlebot/2.1; +http://www.google.com/bot.html)"
66.249.79.35 - - [25/May/2025:05:32:29 +0000] "GET /?shopdetail/18612805 HTTP/1.1" 200 2065 "-" "Mozilla/5.0 (Linux; Android 6.0.1; Nexus 5X Build/MMB29P) AppleWebKit/537.36 (KHTML, like Gecko) Chrome/136.0.7103.113 Mobile Safari/537.36 (compatible; Googlebot/2.1; +http://www.google.com/bot.html)"
66.249.79.33 - - [25/May/2025:05:32:46 +0000] "GET /?product/edit/23906123 HTTP/1.1" 200 2065 "-" "Mozilla/5.0 (Linux; Android 6.0.1; Nexus 5X Build/MMB29P) AppleWebKit/537.36 (KHTML, like Gecko) Chrome/136.0.7103.113 Mobile Safari/537.36 (compatible; Googlebot/2.1; +http://www.google.com/bot.html)"
66.249.79.34 - - [25/May/2025:05:33:47 +0000] "GET /?pcmypage?callback=/product%2Fdetail%2F13508050 HTTP/1.1" 200 2065 "-" "Mozilla/5.0 (Linux; Android 6.0.1; Nexus 5X Build/MMB29P) AppleWebKit/537.36 (KHTML, like Gecko) Chrome/136.0.7103.113 Mobile Safari/537.36 (compatible; Googlebot/2.1; +http://www.google.com/bot.html)"
45.85.88.115 - - [25/May/2025:05:36:39 +0000] "POST /wp-cron.php?doing_wp_cron=1748151399.1337211132049560546875 HTTP/1.1" 200 0 "-" "WordPress/6.8.1; https://pulsehost.co.uk"
196.251.117.231 - - [25/May/2025:05:37:14 +0000] "POST /wp-login.php?wc-ajax=1 HTTP/1.1" 200 3038 "https://pulsehost.co.uk/wp-admin/" "Mozilla/5.0 (Windows NT 10.0; Win64; x64) AppleWebKit/537.36 (KHTML, like Gecko) Chrome/90.0.4430.85 Safari/537.36"
196.251.117.231 - - [25/May/2025:05:37:14 +0000] "GET /wp-admin/?wc-ajax=1 HTTP/1.1" 302 0 "www.google.com" "Mozilla/5.0 (Windows NT 10.0; Win64; x64) AppleWebKit/537.36 (KHTML, like Gecko) Chrome/90.0.4430.85 Safari/537.36"
196.251.117.231 - - [25/May/2025:05:37:14 +0000] "GET /wp-login.php?redirect_to=https%3A%2F%2Fpulsehost.co.uk%2Fwp-admin%2F%3Fwc-ajax%3D1&reauth=1 HTTP/1.1" 200 2842 "www.google.com" "Mozilla/5.0 (Windows NT 10.0; Win64; x64) AppleWebKit/537.36 (KHTML, like Gecko) Chrome/90.0.4430.85 Safari/537.36"
66.249.79.35 - - [25/May/2025:05:38:48 +0000] "GET /?shopdetail/21930783 HTTP/1.1" 200 2065 "-" "Mozilla/5.0 (Linux; Android 6.0.1; Nexus 5X Build/MMB29P) AppleWebKit/537.36 (KHTML, like Gecko) Chrome/136.0.7103.113 Mobile Safari/537.36 (compatible; Googlebot/2.1; +http://www.google.com/bot.html)"
66.249.79.33 - - [25/May/2025:05:40:11 +0000] "GET /?shopdetail/17435116 HTTP/1.1" 200 2065 "-" "Mozilla/5.0 (Linux; Android 6.0.1; Nexus 5X Build/MMB29P) AppleWebKit/537.36 (KHTML, like Gecko) Chrome/136.0.7103.113 Mobile Safari/537.36 (compatible; Googlebot/2.1; +http://www.google.com/bot.html)"
66.249.79.33 - - [25/May/2025:05:29:28 +0000] "GET /?product/edit/69368007 HTTP/1.1" 200 2065 "-" "Mozilla/5.0 (Linux; Android 6.0.1; Nexus 5X Build/MMB29P) AppleWebKit/537.36 (KHTML, like Gecko) Chrome/136.0.7103.113 Mobile Safari/537.36 (compatible; Googlebot/2.1; +http://www.google.com/bot.html)"
93.123.109.229 - - [25/May/2025:05:29:32 +0000] "GET /.env.dist HTTP/1.1" 200 2399 "-" "l9explore/1.2.2"
93.123.109.229 - - [25/May/2025:05:29:34 +0000] "GET /settings/.env HTTP/1.1" 200 2399 "-" "l9explore/1.2.2"
93.123.109.229 - - [25/May/2025:05:29:37 +0000] "GET /public/.git/config HTTP/1.1" 403 1242 "-" "l9explore/1.2.2"
93.123.109.229 - - [25/May/2025:05:29:38 +0000] "GET /admin/.git/config HTTP/1.1" 403 1242 "-" "l9explore/1.2.2"
93.123.109.229 - - [25/May/2025:05:29:39 +0000] "GET /media../.git/config HTTP/1.1" 403 1242 "-" "l9explore/1.2.2"
66.249.79.34 - - [25/May/2025:05:33:25 +0000] "GET /?shopdetail/9162172 HTTP/1.1" 200 2065 "-" "Mozilla/5.0 (Linux; Android 6.0.1; Nexus 5X Build/MMB29P) AppleWebKit/537.36 (KHTML, like Gecko) Chrome/136.0.7103.113 Mobile Safari/537.36 (compatible; Googlebot/2.1; +http://www.google.com/bot.html)"
66.249.79.33 - - [25/May/2025:05:34:02 +0000] "GET /?shopdetail/16537805 HTTP/1.1" 200 2065 "-" "Mozilla/5.0 (Linux; Android 6.0.1; Nexus 5X Build/MMB29P) AppleWebKit/537.36 (KHTML, like Gecko) Chrome/136.0.7103.113 Mobile Safari/537.36 (compatible; Googlebot/2.1; +http://www.google.com/bot.html)"
66.249.79.33 - - [25/May/2025:05:34:47 +0000] "GET /?shopdetail/23348250 HTTP/1.1" 200 2065 "-" "Mozilla/5.0 (Linux; Android 6.0.1; Nexus 5X Build/MMB29P) AppleWebKit/537.36 (KHTML, like Gecko) Chrome/136.0.7103.113 Mobile Safari/537.36 (compatible; Googlebot/2.1; +http://www.google.com/bot.html)"
66.249.79.37 - - [25/May/2025:05:35:47 +0000] "GET /?pcmypage?callback=product/detail/86800287 HTTP/1.1" 200 2065 "-" "Mozilla/5.0 (Linux; Android 6.0.1; Nexus 5X Build/MMB29P) AppleWebKit/537.36 (KHTML, like Gecko) Chrome/136.0.7103.113 Mobile Safari/537.36 (compatible; Googlebot/2.1; +http://www.google.com/bot.html)"
5.135.139.120 - - [25/May/2025:05:36:38 +0000] "POST /wp-login.php HTTP/1.1" 200 3038 "-" "Mozilla/5.0 (Windows NT 10.0; Win64; x64; rv:48.0) Gecko/20100101 Firefox/48.0"
114.119.128.20 - - [25/May/2025:05:43:09 +0000] "GET /billing/index.php?rp=/announcements/view/older&language=farsi HTTP/1.1" 200 2399 "https://pulsehost.co.uk/billing/index.php?rp=/announcements/view/older&language=farsi" "Mozilla/5.0 (Linux; Android 7.0;) AppleWebKit/537.36 (KHTML, like Gecko) Mobile Safari/537.36 (compatible; PetalBot;+https://webmaster.petalsearch.com/site/petalbot)"
66.249.79.34 - - [25/May/2025:05:43:48 +0000] "GET /?shopdetail/11368816 HTTP/1.1" 200 2065 "-" "Mozilla/5.0 (Linux; Android 6.0.1; Nexus 5X Build/MMB29P) AppleWebKit/537.36 (KHTML, like Gecko) Chrome/136.0.7103.113 Mobile Safari/537.36 (compatible; Googlebot/2.1; +http://www.google.com/bot.html)"
114.119.153.232 - - [25/May/2025:05:44:57 +0000] "GET /billing/index.php?rp=/announcements/view/2022-03&language=macedonian HTTP/1.1" 200 2399 "https://pulsehost.co.uk/billing/index.php?rp=/announcements/view/2022-03&language=macedonian" "Mozilla/5.0 (Linux; Android 7.0;) AppleWebKit/537.36 (KHTML, like Gecko) Mobile Safari/537.36 (compatible; PetalBot;+https://webmaster.petalsearch.com/site/petalbot)"
66.249.79.33 - - [25/May/2025:05:48:51 +0000] "GET /?pcmypage?callback=product/review/25876086 HTTP/1.1" 200 2065 "-" "Mozilla/5.0 (Linux; Android 6.0.1; Nexus 5X Build/MMB29P) AppleWebKit/537.36 (KHTML, like Gecko) Chrome/136.0.7103.113 Mobile Safari/537.36 (compatible; Googlebot/2.1; +http://www.google.com/bot.html)"
66.249.79.33 - - [25/May/2025:05:48:52 +0000] "GET /?shopdetail/27790916 HTTP/1.1" 200 2065 "-" "Mozilla/5.0 (Linux; Android 6.0.1; Nexus 5X Build/MMB29P) AppleWebKit/537.36 (KHTML, like Gecko) Chrome/136.0.7103.113 Mobile Safari/537.36 (compatible; Googlebot/2.1; +http://www.google.com/bot.html)"
66.249.79.34 - - [25/May/2025:05:49:53 +0000] "GET /?product/edit/88128150 HTTP/1.1" 200 2065 "-" "Mozilla/5.0 (Linux; Android 6.0.1; Nexus 5X Build/MMB29P) AppleWebKit/537.36 (KHTML, like Gecko) Chrome/136.0.7103.113 Mobile Safari/537.36 (compatible; Googlebot/2.1; +http://www.google.com/bot.html)"
66.249.79.34 - - [25/May/2025:05:49:53 +0000] "GET /?pcmypage?callback=product%2Fdetail%2F61214356 HTTP/1.1" 200 2065 "-" "Mozilla/5.0 (Linux; Android 6.0.1; Nexus 5X Build/MMB29P) AppleWebKit/537.36 (KHTML, like Gecko) Chrome/136.0.7103.113 Mobile Safari/537.36 (compatible; Googlebot/2.1; +http://www.google.com/bot.html)"
66.249.79.35 - - [25/May/2025:05:51:30 +0000] "GET /?shopdetail/1531772 HTTP/1.1" 200 2065 "-" "Mozilla/5.0 (Linux; Android 6.0.1; Nexus 5X Build/MMB29P) AppleWebKit/537.36 (KHTML, like Gecko) Chrome/136.0.7103.113 Mobile Safari/537.36 (compatible; Googlebot/2.1; +http://www.google.com/bot.html)"
66.249.79.35 - - [25/May/2025:05:52:10 +0000] "GET /?shopdetail/14691261 HTTP/1.1" 200 2065 "-" "Mozilla/5.0 (Linux; Android 6.0.1; Nexus 5X Build/MMB29P) AppleWebKit/537.36 (KHTML, like Gecko) Chrome/136.0.7103.113 Mobile Safari/537.36 (compatible; Googlebot/2.1; +http://www.google.com/bot.html)"
66.249.79.34 - - [25/May/2025:05:43:19 +0000] "GET /?shopdetail/10900883 HTTP/1.1" 200 2065 "-" "Mozilla/5.0 (Linux; Android 6.0.1; Nexus 5X Build/MMB29P) AppleWebKit/537.36 (KHTML, like Gecko) Chrome/136.0.7103.113 Mobile Safari/537.36 (compatible; Googlebot/2.1; +http://www.google.com/bot.html)"
66.249.79.33 - - [25/May/2025:05:47:09 +0000] "GET /?shopdetail/12512627 HTTP/1.1" 200 2065 "-" "Mozilla/5.0 (Linux; Android 6.0.1; Nexus 5X Build/MMB29P) AppleWebKit/537.36 (KHTML, like Gecko) Chrome/136.0.7103.113 Mobile Safari/537.36 (compatible; Googlebot/2.1; +http://www.google.com/bot.html)"
66.249.79.35 - - [25/May/2025:05:48:16 +0000] "GET /?shopdetail/31109527 HTTP/1.1" 200 2065 "-" "Mozilla/5.0 (Linux; Android 6.0.1; Nexus 5X Build/MMB29P) AppleWebKit/537.36 (KHTML, like Gecko) Chrome/136.0.7103.113 Mobile Safari/537.36 (compatible; Googlebot/2.1; +http://www.google.com/bot.html)"
66.249.79.35 - - [25/May/2025:05:49:54 +0000] "GET /?shopdetail/19270749 HTTP/1.1" 200 2065 "-" "Mozilla/5.0 (Linux; Android 6.0.1; Nexus 5X Build/MMB29P) AppleWebKit/537.36 (KHTML, like Gecko) Chrome/136.0.7103.113 Mobile Safari/537.36 (compatible; Googlebot/2.1; +http://www.google.com/bot.html)"
66.249.79.34 - - [25/May/2025:05:51:55 +0000] "GET /?safe_search/config?return_url=%2Fproduct%2Fdetail%2F91529861 HTTP/1.1" 200 2065 "-" "Mozilla/5.0 (Linux; Android 6.0.1; Nexus 5X Build/MMB29P) AppleWebKit/537.36 (KHTML, like Gecko) Chrome/136.0.7103.113 Mobile Safari/537.36 (compatible; Googlebot/2.1; +http://www.google.com/bot.html)"
66.249.79.35 - - [25/May/2025:05:54:06 +0000] "GET /?shopdetail/12930605 HTTP/1.1" 200 2065 "-" "Mozilla/5.0 (Linux; Android 6.0.1; Nexus 5X Build/MMB29P) AppleWebKit/537.36 (KHTML, like Gecko) Chrome/136.0.7103.113 Mobile Safari/537.36 (compatible; Googlebot/2.1; +http://www.google.com/bot.html)"
66.249.79.33 - - [25/May/2025:05:57:14 +0000] "GET /?shopdetail/20957927 HTTP/1.1" 200 2065 "-" "Mozilla/5.0 (Linux; Android 6.0.1; Nexus 5X Build/MMB29P) AppleWebKit/537.36 (KHTML, like Gecko) Chrome/136.0.7103.113 Mobile Safari/537.36 (compatible; Googlebot/2.1; +http://www.google.com/bot.html)"
66.249.79.33 - - [25/May/2025:05:58:00 +0000] "GET /?shopdetail/19037005 HTTP/1.1" 200 2065 "-" "Mozilla/5.0 (Linux; Android 6.0.1; Nexus 5X Build/MMB29P) AppleWebKit/537.36 (KHTML, like Gecko) Chrome/136.0.7103.113 Mobile Safari/537.36 (compatible; Googlebot/2.1; +http://www.google.com/bot.html)"
66.249.79.35 - - [25/May/2025:05:53:17 +0000] "GET /?shopdetail/24064961 HTTP/1.1" 200 2065 "-" "Mozilla/5.0 (Linux; Android 6.0.1; Nexus 5X Build/MMB29P) AppleWebKit/537.36 (KHTML, like Gecko) Chrome/136.0.7103.113 Mobile Safari/537.36 (compatible; Googlebot/2.1; +http://www.google.com/bot.html)"
66.249.79.34 - - [25/May/2025:05:53:25 +0000] "GET /?shopdetail/7903927 HTTP/1.1" 200 2065 "-" "Mozilla/5.0 (Linux; Android 6.0.1; Nexus 5X Build/MMB29P) AppleWebKit/537.36 (KHTML, like Gecko) Chrome/136.0.7103.113 Mobile Safari/537.36 (compatible; Googlebot/2.1; +http://www.google.com/bot.html)"
66.249.79.33 - - [25/May/2025:05:53:33 +0000] "GET /?shopdetail/20138805 HTTP/1.1" 200 2065 "-" "Mozilla/5.0 (Linux; Android 6.0.1; Nexus 5X Build/MMB29P) AppleWebKit/537.36 (KHTML, like Gecko) Chrome/136.0.7103.113 Mobile Safari/537.36 (compatible; Googlebot/2.1; +http://www.google.com/bot.html)"
66.249.79.34 - - [25/May/2025:05:54:22 +0000] "GET /?shopdetail/26758250 HTTP/1.1" 200 2065 "-" "Mozilla/5.0 (Linux; Android 6.0.1; Nexus 5X Build/MMB29P) AppleWebKit/537.36 (KHTML, like Gecko) Chrome/136.0.7103.113 Mobile Safari/537.36 (compatible; Googlebot/2.1; +http://www.google.com/bot.html)"
66.249.79.34 - - [25/May/2025:05:57:18 +0000] "GET /?shopdetail/6657494 HTTP/1.1" 200 2065 "-" "Mozilla/5.0 (Linux; Android 6.0.1; Nexus 5X Build/MMB29P) AppleWebKit/537.36 (KHTML, like Gecko) Chrome/136.0.7103.113 Mobile Safari/537.36 (compatible; Googlebot/2.1; +http://www.google.com/bot.html)"
66.249.79.36 - - [25/May/2025:05:58:11 +0000] "GET /?product/edit/21235883 HTTP/1.1" 200 2065 "-" "Mozilla/5.0 (Linux; Android 6.0.1; Nexus 5X Build/MMB29P) AppleWebKit/537.36 (KHTML, like Gecko) Chrome/136.0.7103.113 Mobile Safari/537.36 (compatible; Googlebot/2.1; +http://www.google.com/bot.html)"
66.249.79.34 - - [25/May/2025:06:01:22 +0000] "GET /?shopdetail/25266172 HTTP/1.1" 200 2065 "-" "Mozilla/5.0 (Linux; Android 6.0.1; Nexus 5X Build/MMB29P) AppleWebKit/537.36 (KHTML, like Gecko) Chrome/136.0.7103.113 Mobile Safari/537.36 (compatible; Googlebot/2.1; +http://www.google.com/bot.html)"
66.249.79.34 - - [25/May/2025:06:02:01 +0000] "GET /?shopdetail/16530738 HTTP/1.1" 200 2065 "-" "Mozilla/5.0 (Linux; Android 6.0.1; Nexus 5X Build/MMB29P) AppleWebKit/537.36 (KHTML, like Gecko) Chrome/136.0.7103.113 Mobile Safari/537.36 (compatible; Googlebot/2.1; +http://www.google.com/bot.html)"
66.249.79.34 - - [25/May/2025:06:02:16 +0000] "GET /?shopdetail/22953249 HTTP/1.1" 200 2065 "-" "Mozilla/5.0 (Linux; Android 6.0.1; Nexus 5X Build/MMB29P) AppleWebKit/537.36 (KHTML, like Gecko) Chrome/136.0.7103.113 Mobile Safari/537.36 (compatible; Googlebot/2.1; +http://www.google.com/bot.html)"
66.249.79.35 - - [25/May/2025:06:04:07 +0000] "GET /?shopdetail/29380472 HTTP/1.1" 200 2065 "-" "Mozilla/5.0 (Linux; Android 6.0.1; Nexus 5X Build/MMB29P) AppleWebKit/537.36 (KHTML, like Gecko) Chrome/136.0.7103.113 Mobile Safari/537.36 (compatible; Googlebot/2.1; +http://www.google.com/bot.html)"
66.249.79.33 - - [25/May/2025:06:01:10 +0000] "GET /?shopdetail/24707394 HTTP/1.1" 200 2065 "-" "Mozilla/5.0 (Linux; Android 6.0.1; Nexus 5X Build/MMB29P) AppleWebKit/537.36 (KHTML, like Gecko) Chrome/136.0.7103.113 Mobile Safari/537.36 (compatible; Googlebot/2.1; +http://www.google.com/bot.html)"
66.249.79.35 - - [25/May/2025:06:01:56 +0000] "GET /?safe_search/config?return_url=/product/detail/50353122 HTTP/1.1" 200 2065 "-" "Mozilla/5.0 (Linux; Android 6.0.1; Nexus 5X Build/MMB29P) AppleWebKit/537.36 (KHTML, like Gecko) Chrome/136.0.7103.113 Mobile Safari/537.36 (compatible; Googlebot/2.1; +http://www.google.com/bot.html)"
66.249.79.33 - - [25/May/2025:06:03:25 +0000] "GET /?shopdetail/2197572 HTTP/1.1" 200 2065 "-" "Mozilla/5.0 (Linux; Android 6.0.1; Nexus 5X Build/MMB29P) AppleWebKit/537.36 (KHTML, like Gecko) Chrome/136.0.7103.113 Mobile Safari/537.36 (compatible; Googlebot/2.1; +http://www.google.com/bot.html)"
66.249.79.33 - - [25/May/2025:06:03:32 +0000] "GET /?shopdetail/6370138 HTTP/1.1" 200 2065 "-" "Mozilla/5.0 (Linux; Android 6.0.1; Nexus 5X Build/MMB29P) AppleWebKit/537.36 (KHTML, like Gecko) Chrome/136.0.7103.113 Mobile Safari/537.36 (compatible; Googlebot/2.1; +http://www.google.com/bot.html)"
66.249.79.33 - - [25/May/2025:06:03:56 +0000] "GET /?pcmypage?callback=product%2Fdetail%2F12046527 HTTP/1.1" 200 2065 "-" "Mozilla/5.0 (Linux; Android 6.0.1; Nexus 5X Build/MMB29P) AppleWebKit/537.36 (KHTML, like Gecko) Chrome/136.0.7103.113 Mobile Safari/537.36 (compatible; Googlebot/2.1; +http://www.google.com/bot.html)"
66.249.79.34 - - [25/May/2025:06:08:23 +0000] "GET /?shopdetail/8762872 HTTP/1.1" 200 2065 "-" "Mozilla/5.0 (Linux; Android 6.0.1; Nexus 5X Build/MMB29P) AppleWebKit/537.36 (KHTML, like Gecko) Chrome/136.0.7103.113 Mobile Safari/537.36 (compatible; Googlebot/2.1; +http://www.google.com/bot.html)"
66.249.79.35 - - [25/May/2025:06:08:25 +0000] "GET /?shopdetail/29626827 HTTP/1.1" 200 2065 "-" "Mozilla/5.0 (Linux; Android 6.0.1; Nexus 5X Build/MMB29P) AppleWebKit/537.36 (KHTML, like Gecko) Chrome/136.0.7103.113 Mobile Safari/537.36 (compatible; Googlebot/2.1; +http://www.google.com/bot.html)"
66.249.79.34 - - [25/May/2025:06:09:05 +0000] "GET /?shopdetail/10343038 HTTP/1.1" 200 2065 "-" "Mozilla/5.0 (Linux; Android 6.0.1; Nexus 5X Build/MMB29P) AppleWebKit/537.36 (KHTML, like Gecko) Chrome/136.0.7103.113 Mobile Safari/537.36 (compatible; Googlebot/2.1; +http://www.google.com/bot.html)"
66.249.79.35 - - [25/May/2025:06:11:16 +0000] "GET /?pcmypage?callback=product%2Fdetail%2F39672455 HTTP/1.1" 200 2065 "-" "Mozilla/5.0 (Linux; Android 6.0.1; Nexus 5X Build/MMB29P) AppleWebKit/537.36 (KHTML, like Gecko) Chrome/136.0.7103.113 Mobile Safari/537.36 (compatible; Googlebot/2.1; +http://www.google.com/bot.html)"
66.249.79.35 - - [25/May/2025:06:11:16 +0000] "GET /?safe_search/config?return_url=%2Fproduct%2Fdetail%2F68336895 HTTP/1.1" 200 2065 "-" "Mozilla/5.0 (Linux; Android 6.0.1; Nexus 5X Build/MMB29P) AppleWebKit/537.36 (KHTML, like Gecko) Chrome/136.0.7103.113 Mobile Safari/537.36 (compatible; Googlebot/2.1; +http://www.google.com/bot.html)"
66.249.79.33 - - [25/May/2025:06:11:33 +0000] "GET /?shopdetail/26105850 HTTP/1.1" 200 2065 "-" "Mozilla/5.0 (Linux; Android 6.0.1; Nexus 5X Build/MMB29P) AppleWebKit/537.36 (KHTML, like Gecko) Chrome/136.0.7103.113 Mobile Safari/537.36 (compatible; Googlebot/2.1; +http://www.google.com/bot.html)"
66.249.79.37 - - [25/May/2025:06:12:19 +0000] "GET /?pcmypage?callback=/product%2Fdetail%2F76404342 HTTP/1.1" 200 2065 "-" "Mozilla/5.0 (Linux; Android 6.0.1; Nexus 5X Build/MMB29P) AppleWebKit/537.36 (KHTML, like Gecko) Chrome/136.0.7103.113 Mobile Safari/537.36 (compatible; Googlebot/2.1; +http://www.google.com/bot.html)"
66.249.79.33 - - [25/May/2025:06:14:25 +0000] "GET /?shopdetail/6849594 HTTP/1.1" 200 2065 "-" "Mozilla/5.0 (Linux; Android 6.0.1; Nexus 5X Build/MMB29P) AppleWebKit/537.36 (KHTML, like Gecko) Chrome/136.0.7103.113 Mobile Safari/537.36 (compatible; Googlebot/2.1; +http://www.google.com/bot.html)"
66.249.79.33 - - [25/May/2025:06:14:57 +0000] "GET /?product/edit/52982014 HTTP/1.1" 200 2065 "-" "Mozilla/5.0 (Linux; Android 6.0.1; Nexus 5X Build/MMB29P) AppleWebKit/537.36 (KHTML, like Gecko) Chrome/136.0.7103.113 Mobile Safari/537.36 (compatible; Googlebot/2.1; +http://www.google.com/bot.html)"
66.249.79.35 - - [25/May/2025:06:20:36 +0000] "GET /?safe_search/config?return_url=%2Fproduct%2Fdetail%2F46865182 HTTP/1.1" 200 2065 "-" "Mozilla/5.0 (Linux; Android 6.0.1; Nexus 5X Build/MMB29P) AppleWebKit/537.36 (KHTML, like Gecko) Chrome/136.0.7103.113 Mobile Safari/537.36 (compatible; Googlebot/2.1; +http://www.google.com/bot.html)"
66.249.77.69 - - [25/May/2025:06:21:10 +0000] "GET /?shopdetail/4805938 HTTP/1.1" 200 2065 "-" "Mozilla/5.0 (Linux; Android 6.0.1; Nexus 5X Build/MMB29P) AppleWebKit/537.36 (KHTML, like Gecko) Chrome/136.0.7103.113 Mobile Safari/537.36 (compatible; Googlebot/2.1; +http://www.google.com/bot.html)"
66.249.79.33 - - [25/May/2025:06:21:34 +0000] "GET /?shopdetail/7604083 HTTP/1.1" 200 2065 "-" "Mozilla/5.0 (Linux; Android 6.0.1; Nexus 5X Build/MMB29P) AppleWebKit/537.36 (KHTML, like Gecko) Chrome/136.0.7103.113 Mobile Safari/537.36 (compatible; Googlebot/2.1; +http://www.google.com/bot.html)"
66.249.79.33 - - [25/May/2025:06:22:37 +0000] "GET /?product/edit/34519342 HTTP/1.1" 200 2065 "-" "Mozilla/5.0 (Linux; Android 6.0.1; Nexus 5X Build/MMB29P) AppleWebKit/537.36 (KHTML, like Gecko) Chrome/136.0.7103.113 Mobile Safari/537.36 (compatible; Googlebot/2.1; +http://www.google.com/bot.html)"
66.249.79.33 - - [25/May/2025:06:22:37 +0000] "GET /?pcmypage?callback=/product%2Fdetail%2F20174905 HTTP/1.1" 200 2065 "-" "Mozilla/5.0 (Linux; Android 6.0.1; Nexus 5X Build/MMB29P) AppleWebKit/537.36 (KHTML, like Gecko) Chrome/136.0.7103.113 Mobile Safari/537.36 (compatible; Googlebot/2.1; +http://www.google.com/bot.html)"
66.249.79.34 - - [25/May/2025:06:18:29 +0000] "GET /?shopdetail/16215605 HTTP/1.1" 200 2065 "-" "Mozilla/5.0 (Linux; Android 6.0.1; Nexus 5X Build/MMB29P) AppleWebKit/537.36 (KHTML, like Gecko) Chrome/136.0.7103.113 Mobile Safari/537.36 (compatible; Googlebot/2.1; +http://www.google.com/bot.html)"
66.249.79.34 - - [25/May/2025:06:21:25 +0000] "GET /?shopdetail/28014972 HTTP/1.1" 200 2065 "-" "Mozilla/5.0 (Linux; Android 6.0.1; Nexus 5X Build/MMB29P) AppleWebKit/537.36 (KHTML, like Gecko) Chrome/136.0.7103.113 Mobile Safari/537.36 (compatible; Googlebot/2.1; +http://www.google.com/bot.html)"
66.249.79.33 - - [25/May/2025:06:21:47 +0000] "GET /?shopdetail/3359483 HTTP/1.1" 200 2065 "-" "Mozilla/5.0 (Linux; Android 6.0.1; Nexus 5X Build/MMB29P) AppleWebKit/537.36 (KHTML, like Gecko) Chrome/136.0.7103.113 Mobile Safari/537.36 (compatible; Googlebot/2.1; +http://www.google.com/bot.html)"
114.119.158.94 - - [25/May/2025:06:26:57 +0000] "GET /billing/index.php?rp=/knowledgebase/1/Setting-up-your-domain&language=turkish HTTP/1.1" 200 2399 "https://pulsehost.co.uk/billing/index.php?rp=/knowledgebase/1/Setting-up-your-domain&language=turkish" "Mozilla/5.0 (Linux; Android 7.0;) AppleWebKit/537.36 (KHTML, like Gecko) Mobile Safari/537.36 (compatible; PetalBot;+https://webmaster.petalsearch.com/site/petalbot)"
66.249.79.35 - - [25/May/2025:06:27:21 +0000] "GET /?shopdetail/31017916 HTTP/1.1" 200 2065 "-" "Mozilla/5.0 (Linux; Android 6.0.1; Nexus 5X Build/MMB29P) AppleWebKit/537.36 (KHTML, like Gecko) Chrome/136.0.7103.113 Mobile Safari/537.36 (compatible; Googlebot/2.1; +http://www.google.com/bot.html)"
66.249.79.36 - - [25/May/2025:06:27:59 +0000] "GET /?pcmypage?callback=/product/detail/63841325 HTTP/1.1" 200 2065 "-" "Mozilla/5.0 (Linux; Android 6.0.1; Nexus 5X Build/MMB29P) AppleWebKit/537.36 (KHTML, like Gecko) Chrome/136.0.7103.113 Mobile Safari/537.36 (compatible; Googlebot/2.1; +http://www.google.com/bot.html)"
66.249.79.33 - - [25/May/2025:06:28:30 +0000] "GET /?shopdetail/13317672 HTTP/1.1" 200 2065 "-" "Mozilla/5.0 (Linux; Android 6.0.1; Nexus 5X Build/MMB29P) AppleWebKit/537.36 (KHTML, like Gecko) Chrome/136.0.7103.113 Mobile Safari/537.36 (compatible; Googlebot/2.1; +http://www.google.com/bot.html)"
66.249.79.33 - - [25/May/2025:06:29:10 +0000] "GET /?shopdetail/30503216 HTTP/1.1" 200 2065 "-" "Mozilla/5.0 (Linux; Android 6.0.1; Nexus 5X Build/MMB29P) AppleWebKit/537.36 (KHTML, like Gecko) Chrome/136.0.7103.113 Mobile Safari/537.36 (compatible; Googlebot/2.1; +http://www.google.com/bot.html)"
45.85.88.115 - - [25/May/2025:06:29:52 +0000] "POST /wp-cron.php?doing_wp_cron=1748154592.7496569156646728515625 HTTP/1.1" 200 0 "-" "WordPress/6.8.1; https://pulsehost.co.uk"
69.163.255.176 - - [25/May/2025:06:29:52 +0000] "POST /wp-login.php HTTP/1.1" 200 3039 "-" "Mozilla/5.0 (Windows NT 10.0; Win64; x64; rv:88.0) Gecko/20100101 Firefox/88.0"
66.249.79.34 - - [25/May/2025:06:31:23 +0000] "GET /?shopdetail/8696150 HTTP/1.1" 200 2065 "-" "Mozilla/5.0 (Linux; Android 6.0.1; Nexus 5X Build/MMB29P) AppleWebKit/537.36 (KHTML, like Gecko) Chrome/136.0.7103.113 Mobile Safari/537.36 (compatible; Googlebot/2.1; +http://www.google.com/bot.html)"
66.249.79.33 - - [25/May/2025:06:28:06 +0000] "GET /?shopdetail/19673749 HTTP/1.1" 200 2065 "-" "Mozilla/5.0 (Linux; Android 6.0.1; Nexus 5X Build/MMB29P) AppleWebKit/537.36 (KHTML, like Gecko) Chrome/136.0.7103.113 Mobile Safari/537.36 (compatible; Googlebot/2.1; +http://www.google.com/bot.html)"
66.249.79.33 - - [25/May/2025:06:28:38 +0000] "GET /?product/edit/53442901 HTTP/1.1" 200 2065 "-" "Mozilla/5.0 (Linux; Android 6.0.1; Nexus 5X Build/MMB29P) AppleWebKit/537.36 (KHTML, like Gecko) Chrome/136.0.7103.113 Mobile Safari/537.36 (compatible; Googlebot/2.1; +http://www.google.com/bot.html)"
114.119.131.105 - - [25/May/2025:06:28:46 +0000] "GET /billing/index.php?rp=/announcements/view/2021-03&language=portuguese-br HTTP/1.1" 200 2399 "https://pulsehost.co.uk/billing/index.php?rp=%2Fannouncements%2Fview%2F2021-03&language=croatian" "Mozilla/5.0 (Linux; Android 7.0;) AppleWebKit/537.36 (KHTML, like Gecko) Mobile Safari/537.36 (compatible; PetalBot;+https://webmaster.petalsearch.com/site/petalbot)"
66.249.79.33 - - [25/May/2025:06:28:59 +0000] "GET /?shopdetail/4736972 HTTP/1.1" 200 2065 "-" "Mozilla/5.0 (Linux; Android 6.0.1; Nexus 5X Build/MMB29P) AppleWebKit/537.36 (KHTML, like Gecko) Chrome/136.0.7103.113 Mobile Safari/537.36 (compatible; Googlebot/2.1; +http://www.google.com/bot.html)"
49.51.233.46 - - [25/May/2025:06:29:49 +0000] "GET / HTTP/1.1" 200 2399 "http://45.85.88.115:443" "Mozilla/5.0 (iPhone; CPU iPhone OS 13_2_3 like Mac OS X) AppleWebKit/605.1.15 (KHTML, like Gecko) Version/13.0.3 Mobile/15E148 Safari/604.1"
66.249.79.37 - - [25/May/2025:06:31:59 +0000] "GET /?pcmypage?callback=product/review/78406962 HTTP/1.1" 200 2065 "-" "Mozilla/5.0 (Linux; Android 6.0.1; Nexus 5X Build/MMB29P) AppleWebKit/537.36 (KHTML, like Gecko) Chrome/136.0.7103.113 Mobile Safari/537.36 (compatible; Googlebot/2.1; +http://www.google.com/bot.html)"
66.249.79.33 - - [25/May/2025:06:33:28 +0000] "GET /?shopdetail/29080150 HTTP/1.1" 200 2065 "-" "Mozilla/5.0 (Linux; Android 6.0.1; Nexus 5X Build/MMB29P) AppleWebKit/537.36 (KHTML, like Gecko) Chrome/136.0.7103.113 Mobile Safari/537.36 (compatible; Googlebot/2.1; +http://www.google.com/bot.html)"
66.249.79.33 - - [25/May/2025:06:34:23 +0000] "GET /?shopdetail/9923750 HTTP/1.1" 200 2065 "-" "Mozilla/5.0 (Linux; Android 6.0.1; Nexus 5X Build/MMB29P) AppleWebKit/537.36 (KHTML, like Gecko) Chrome/136.0.7103.113 Mobile Safari/537.36 (compatible; Googlebot/2.1; +http://www.google.com/bot.html)"
45.85.88.115 - - [25/May/2025:06:35:50 +0000] "POST /misfits2/wp-cron.php?doing_wp_cron=1748154950.5383689403533935546875 HTTP/1.1" 200 0 "-" "WordPress/6.8.1; https://pulsehost.co.uk/misfits2"
45.85.88.115 - - [25/May/2025:06:35:52 +0000] "POST /misfits2/wp-cron.php HTTP/1.1" 200 0 "-" "WordPress/6.8.1; https://pulsehost.co.uk/misfits2"
45.85.88.115 - - [25/May/2025:06:35:53 +0000] "GET /misfits2/ HTTP/1.1" 200 39708 "-" "WordPress/6.8.1; https://pulsehost.co.uk/misfits2"
45.85.88.115 - - [25/May/2025:06:35:54 +0000] "GET /misfits2/ HTTP/1.1" 200 39773 "-" "WordPress/6.8.1; https://pulsehost.co.uk/misfits2"
45.85.88.115 - - [25/May/2025:06:35:58 +0000] "POST /misfits2/wp-cron.php?doing_wp_cron=1748154958.6643979549407958984375 HTTP/1.1" 200 0 "-" "WordPress/6.8.1; https://pulsehost.co.uk/misfits2"
155.94.172.112 - - [25/May/2025:06:37:47 +0000] "GET /?redirected=1 HTTP/2" 200 2399 "http://pulsehost.co.uk/" "Mozilla/5.0 (Windows NT 10.0; Win64; x64) AppleWebKit/537.36 (KHTML, like Gecko) Chrome/119.0.0.0 Safari/537.36"
155.94.172.112 - - [25/May/2025:06:37:49 +0000] "GET /?redirected=1 HTTP/2" 200 2399 "http://pulsehost.co.uk/phpinfo.php" "Mozilla/5.0 (X11; Linux x86_64) AppleWebKit/537.36 (KHTML, like Gecko) Chrome/120.0.0.0 Safari/537.36"
155.94.172.112 - - [25/May/2025:06:37:49 +0000] "GET /?redirected=1 HTTP/2" 200 2399 "http://pulsehost.co.uk/infophp.php" "Mozilla/5.0 (Windows NT 10.0; Win64; x64) AppleWebKit/537.36 (KHTML, like Gecko) Chrome/120.0.0.0 Safari/537.36"
155.94.172.112 - - [25/May/2025:06:37:49 +0000] "GET /?redirected=1 HTTP/2" 200 2399 "http://pulsehost.co.uk/_profiler/phpinfo" "Mozilla/5.0 (X11; Linux x86_64) AppleWebKit/537.36 (KHTML, like Gecko) Chrome/120.0.0.0 Safari/537.36"
155.94.172.112 - - [25/May/2025:06:37:49 +0000] "GET /?redirected=1 HTTP/2" 200 2399 "http://pulsehost.co.uk/i.php" "Mozilla/5.0 (Windows NT 10.0; Win64; x64) AppleWebKit/537.36 (KHTML, like Gecko) Chrome/119.0.0.0 Safari/537.36"
155.94.172.112 - - [25/May/2025:06:37:49 +0000] "GET /?redirected=1 HTTP/2" 200 2399 "http://pulsehost.co.uk/phpinfo" "Mozilla/5.0 (Windows NT 10.0; Win64; x64) AppleWebKit/537.36 (KHTML, like Gecko) Chrome/119.0.0.0 Safari/537.36"
155.94.172.112 - - [25/May/2025:06:37:49 +0000] "GET /?redirected=1 HTTP/2" 200 2399 "http://pulsehost.co.uk/server_info.php" "Mozilla/5.0 (Windows NT 10.0; Win64; x64) AppleWebKit/537.36 (KHTML, like Gecko) Chrome/119.0.0.0 Safari/537.36"
155.94.172.112 - - [25/May/2025:06:37:50 +0000] "GET /?redirected=1 HTTP/2" 200 2399 "http://pulsehost.co.uk/info.php" "Mozilla/5.0 (Macintosh; Intel Mac OS X 10_15_7) AppleWebKit/537.36 (KHTML, like Gecko) Chrome/120.0.0.0 Safari/537.36"
155.94.172.112 - - [25/May/2025:06:37:50 +0000] "GET /?redirected=1 HTTP/2" 200 2399 "http://pulsehost.co.uk/php_info.php" "Mozilla/5.0 (X11; Linux x86_64) AppleWebKit/537.36 (KHTML, like Gecko) Chrome/120.0.0.0 Safari/537.36"
155.94.172.112 - - [25/May/2025:06:37:50 +0000] "GET /?redirected=1 HTTP/2" 200 2399 "http://pulsehost.co.uk/dashboard/phpinfo.php" "Mozilla/5.0 (Windows NT 10.0; Win64; x64) AppleWebKit/537.36 (KHTML, like Gecko) Chrome/120.0.0.0 Safari/537.36"
155.94.172.112 - - [25/May/2025:06:37:50 +0000] "GET /?redirected=1 HTTP/2" 200 2399 "http://pulsehost.co.uk/test.php" "Mozilla/5.0 (X11; Linux x86_64) AppleWebKit/537.36 (KHTML, like Gecko) Chrome/120.0.0.0 Safari/537.36"
155.94.172.112 - - [25/May/2025:06:37:52 +0000] "GET /?redirected=1 HTTP/2" 200 2399 "http://pulsehost.co.uk/app/etc/config.local.php" "Mozilla/5.0 (Windows NT 10.0; Win64; x64) AppleWebKit/537.36 (KHTML, like Gecko) Chrome/119.0.0.0 Safari/537.36"
155.94.172.112 - - [25/May/2025:06:37:51 +0000] "GET /?redirected=1 HTTP/2" 200 2399 "http://pulsehost.co.uk/symfony/_profiler/phpinfo" "Mozilla/5.0 (Windows NT 10.0; Win64; x64) AppleWebKit/537.36 (KHTML, like Gecko) Chrome/120.0.0.0 Safari/537.36"
155.94.172.112 - - [25/May/2025:06:37:53 +0000] "GET /?redirected=1 HTTP/2" 200 2399 "http://pulsehost.co.uk/app/etc/env.local.php" "Mozilla/5.0 (Macintosh; Intel Mac OS X 10_15_7) AppleWebKit/537.36 (KHTML, like Gecko) Chrome/120.0.0.0 Safari/537.36"
155.94.172.112 - - [25/May/2025:06:37:53 +0000] "GET /?redirected=1 HTTP/2" 200 2399 "http://pulsehost.co.uk/config/application.config.php" "Mozilla/5.0 (X11; Linux x86_64) AppleWebKit/537.36 (KHTML, like Gecko) Chrome/120.0.0.0 Safari/537.36"
155.94.172.112 - - [25/May/2025:06:37:53 +0000] "GET /?redirected=1 HTTP/2" 200 2399 "http://pulsehost.co.uk/config/view.php" "Mozilla/5.0 (Windows NT 10.0; Win64; x64) AppleWebKit/537.36 (KHTML, like Gecko) Chrome/120.0.0.0 Safari/537.36"
155.94.172.112 - - [25/May/2025:06:37:53 +0000] "GET /?redirected=1 HTTP/2" 200 2399 "http://pulsehost.co.uk/config/session.php" "Mozilla/5.0 (Macintosh; Intel Mac OS X 10_15_7) AppleWebKit/537.36 (KHTML, like Gecko) Chrome/120.0.0.0 Safari/537.36"
155.94.172.112 - - [25/May/2025:06:37:53 +0000] "GET /?redirected=1 HTTP/2" 200 2399 "http://pulsehost.co.uk/config/autoload/local.php" "Mozilla/5.0 (X11; Linux x86_64) AppleWebKit/537.36 (KHTML, like Gecko) Chrome/120.0.0.0 Safari/537.36"
155.94.172.112 - - [25/May/2025:06:37:54 +0000] "GET /?redirected=1 HTTP/2" 200 2399 "http://pulsehost.co.uk/config/filesystems.php" "Mozilla/5.0 (Macintosh; Intel Mac OS X 10_15_7) AppleWebKit/537.36 (KHTML, like Gecko) Chrome/120.0.0.0 Safari/537.36"
155.94.172.112 - - [25/May/2025:06:37:54 +0000] "GET /?redirected=1 HTTP/2" 200 2399 "http://pulsehost.co.uk/config/auth.php" "Mozilla/5.0 (X11; Linux x86_64) AppleWebKit/537.36 (KHTML, like Gecko) Chrome/120.0.0.0 Safari/537.36"
155.94.172.112 - - [25/May/2025:06:37:53 +0000] "GET /?redirected=1 HTTP/2" 200 2399 "http://pulsehost.co.uk/config/autoload/global.php" "Mozilla/5.0 (Windows NT 10.0; Win64; x64) AppleWebKit/537.36 (KHTML, like Gecko) Chrome/119.0.0.0 Safari/537.36"
155.94.172.112 - - [25/May/2025:06:37:54 +0000] "GET /?redirected=1 HTTP/2" 200 2399 "http://pulsehost.co.uk/config/services.php" "Mozilla/5.0 (Windows NT 10.0; Win64; x64) AppleWebKit/537.36 (KHTML, like Gecko) Chrome/120.0.0.0 Safari/537.36"
155.94.172.112 - - [25/May/2025:06:37:56 +0000] "GET /?redirected=1 HTTP/2" 200 2399 "http://pulsehost.co.uk/config/mail.php" "Mozilla/5.0 (X11; Linux x86_64) AppleWebKit/537.36 (KHTML, like Gecko) Chrome/120.0.0.0 Safari/537.36"
155.94.172.112 - - [25/May/2025:06:37:59 +0000] "GET /?redirected=1 HTTP/2" 200 2399 "http://pulsehost.co.uk/" "Mozilla/5.0 (Windows NT 10.0; Win64; x64) AppleWebKit/537.36 (KHTML, like Gecko) Chrome/119.0.0.0 Safari/537.36"
155.94.172.112 - - [25/May/2025:06:38:01 +0000] "GET /?redirected=1 HTTP/2" 200 2399 "http://pulsehost.co.uk/config/.env" "Mozilla/5.0 (Windows NT 10.0; Win64; x64) AppleWebKit/537.36 (KHTML, like Gecko) Chrome/119.0.0.0 Safari/537.36"
155.94.172.112 - - [25/May/2025:06:38:02 +0000] "GET /?redirected=1 HTTP/2" 200 2399 "http://pulsehost.co.uk/django/.env" "Mozilla/5.0 (Windows NT 10.0; Win64; x64) AppleWebKit/537.36 (KHTML, like Gecko) Chrome/119.0.0.0 Safari/537.36"
155.94.172.112 - - [25/May/2025:06:38:02 +0000] "GET /?redirected=1 HTTP/2" 200 2399 "http://pulsehost.co.uk/next/.env" "Mozilla/5.0 (Windows NT 10.0; Win64; x64) AppleWebKit/537.36 (KHTML, like Gecko) Chrome/120.0.0.0 Safari/537.36"
155.94.172.112 - - [25/May/2025:06:38:03 +0000] "GET /?redirected=1 HTTP/2" 200 2399 "http://pulsehost.co.uk/.env.local" "Mozilla/5.0 (Windows NT 10.0; Win64; x64) AppleWebKit/537.36 (KHTML, like Gecko) Chrome/120.0.0.0 Safari/537.36"
155.94.172.112 - - [25/May/2025:06:38:02 +0000] "GET /?redirected=1 HTTP/2" 200 2399 "http://pulsehost.co.uk/api/shared/config/config.env" "Mozilla/5.0 (Macintosh; Intel Mac OS X 10_15_7) AppleWebKit/537.36 (KHTML, like Gecko) Chrome/120.0.0.0 Safari/537.36"
155.94.172.112 - - [25/May/2025:06:38:02 +0000] "GET /?redirected=1 HTTP/2" 200 2399 "http://pulsehost.co.uk/api/.env" "Mozilla/5.0 (Windows NT 10.0; Win64; x64) AppleWebKit/537.36 (KHTML, like Gecko) Chrome/119.0.0.0 Safari/537.36"
155.94.172.112 - - [25/May/2025:06:38:02 +0000] "GET /?redirected=1 HTTP/2" 200 2399 "http://pulsehost.co.uk/.env.production" "Mozilla/5.0 (X11; Linux x86_64) AppleWebKit/537.36 (KHTML, like Gecko) Chrome/120.0.0.0 Safari/537.36"
155.94.172.112 - - [25/May/2025:06:38:02 +0000] "GET /?redirected=1 HTTP/2" 200 2399 "http://pulsehost.co.uk/.env" "Mozilla/5.0 (Windows NT 10.0; Win64; x64) AppleWebKit/537.36 (KHTML, like Gecko) Chrome/119.0.0.0 Safari/537.36"
155.94.172.112 - - [25/May/2025:06:38:02 +0000] "GET /?redirected=1 HTTP/2" 200 2399 "http://pulsehost.co.uk/flask/.env" "Mozilla/5.0 (Macintosh; Intel Mac OS X 10_15_7) AppleWebKit/537.36 (KHTML, like Gecko) Chrome/120.0.0.0 Safari/537.36"
155.94.172.112 - - [25/May/2025:06:38:02 +0000] "GET /?redirected=1 HTTP/2" 200 2399 "http://pulsehost.co.uk/symfony/.env" "Mozilla/5.0 (Windows NT 10.0; Win64; x64) AppleWebKit/537.36 (KHTML, like Gecko) Chrome/119.0.0.0 Safari/537.36"
155.94.172.112 - - [25/May/2025:06:38:04 +0000] "GET /?redirected=1 HTTP/2" 200 2399 "http://pulsehost.co.uk/nuxt/.env" "Mozilla/5.0 (Windows NT 10.0; Win64; x64) AppleWebKit/537.36 (KHTML, like Gecko) Chrome/120.0.0.0 Safari/537.36"
155.94.172.112 - - [25/May/2025:06:38:06 +0000] "GET /?redirected=1 HTTP/2" 200 2399 "http://pulsehost.co.uk/react/.env" "Mozilla/5.0 (Macintosh; Intel Mac OS X 10_15_7) AppleWebKit/537.36 (KHTML, like Gecko) Chrome/120.0.0.0 Safari/537.36"
155.94.172.112 - - [25/May/2025:06:38:06 +0000] "GET /?redirected=1 HTTP/2" 200 2399 "http://pulsehost.co.uk/cp/.env" "Mozilla/5.0 (Windows NT 10.0; Win64; x64) AppleWebKit/537.36 (KHTML, like Gecko) Chrome/119.0.0.0 Safari/537.36"
155.94.172.112 - - [25/May/2025:06:38:06 +0000] "GET /?redirected=1 HTTP/2" 200 2399 "http://pulsehost.co.uk/.env.save" "Mozilla/5.0 (X11; Linux x86_64) AppleWebKit/537.36 (KHTML, like Gecko) Chrome/120.0.0.0 Safari/537.36"
155.94.172.112 - - [25/May/2025:06:38:07 +0000] "GET /?redirected=1 HTTP/2" 200 2399 "http://pulsehost.co.uk/core/.env" "Mozilla/5.0 (Windows NT 10.0; Win64; x64) AppleWebKit/537.36 (KHTML, like Gecko) Chrome/120.0.0.0 Safari/537.36"
155.94.172.112 - - [25/May/2025:06:38:08 +0000] "GET /?redirected=1 HTTP/2" 200 2399 "http://pulsehost.co.uk/server/.env" "Mozilla/5.0 (Windows NT 10.0; Win64; x64) AppleWebKit/537.36 (KHTML, like Gecko) Chrome/120.0.0.0 Safari/537.36"
155.94.172.112 - - [25/May/2025:06:38:07 +0000] "GET /?redirected=1 HTTP/2" 200 2399 "http://pulsehost.co.uk/conf/.env" "Mozilla/5.0 (X11; Linux x86_64) AppleWebKit/537.36 (KHTML, like Gecko) Chrome/120.0.0.0 Safari/537.36"
155.94.172.112 - - [25/May/2025:06:38:08 +0000] "GET /?redirected=1 HTTP/2" 200 2399 "http://pulsehost.co.uk/crm/.env" "Mozilla/5.0 (Windows NT 10.0; Win64; x64) AppleWebKit/537.36 (KHTML, like Gecko) Chrome/119.0.0.0 Safari/537.36"
155.94.172.112 - - [25/May/2025:06:38:10 +0000] "GET /?redirected=1 HTTP/2" 200 2399 "http://pulsehost.co.uk/" "Mozilla/5.0 (Windows NT 10.0; Win64; x64) AppleWebKit/537.36 (KHTML, like Gecko) Chrome/120.0.0.0 Safari/537.36"
155.94.172.112 - - [25/May/2025:06:38:12 +0000] "GET /?redirected=1 HTTP/2" 200 2399 "http://pulsehost.co.uk/login" "Mozilla/5.0 (Macintosh; Intel Mac OS X 10_15_7) AppleWebKit/537.36 (KHTML, like Gecko) Chrome/120.0.0.0 Safari/537.36"
155.94.172.112 - - [25/May/2025:06:38:13 +0000] "GET /?redirected=1 HTTP/2" 200 2399 "http://pulsehost.co.uk/config/" "Mozilla/5.0 (Windows NT 10.0; Win64; x64) AppleWebKit/537.36 (KHTML, like Gecko) Chrome/120.0.0.0 Safari/537.36"
155.94.172.112 - - [25/May/2025:06:38:13 +0000] "GET /?redirected=1 HTTP/2" 200 2399 "http://pulsehost.co.uk/.local/" "Mozilla/5.0 (X11; Linux x86_64) AppleWebKit/537.36 (KHTML, like Gecko) Chrome/120.0.0.0 Safari/537.36"
